{"id":628,"date":"2015-11-09T12:59:25","date_gmt":"2015-11-09T14:59:25","guid":{"rendered":"https:\/\/wp.ufpel.edu.br\/ppgcem\/?page_id=628"},"modified":"2021-08-13T09:31:24","modified_gmt":"2021-08-13T12:31:24","slug":"documentos-para-pedido-do-diploma","status":"publish","type":"page","link":"https:\/\/wp.ufpel.edu.br\/ppgcem\/informacoes-aos-alunos\/documentos-para-pedido-do-diploma\/","title":{"rendered":"Documentos para Diploma"},"content":{"rendered":"<p>Ap\u00f3s a defesa da disserta\u00e7\u00e3o ou tese, o aluno precisar\u00e1 seguir o seguinte passo-a-passo:<\/p>\n<p>1. Gerar uma ficha no Sistema de Bibliotecas da UFPel (http:\/\/sisbi.ufpel.edu.br\/?p=reqFicha ) e inclu\u00ed-la na vers\u00e3o final da disserta\u00e7\u00e3o ou tese. Sua localiza\u00e7\u00e3o \u00e9 no verso da folha de rosto para vers\u00e3o impressa ou ap\u00f3s a folha de rosto na vers\u00e3o digital.<\/p>\n<p>2. Preencher e assinar o <a href=\"https:\/\/wp.ufpel.edu.br\/bibcp\/files\/2021\/03\/Termo-de-autorizacao-para-inserir-teses-e-dissertacoes-nas-bases-de-dados-da-UFPel-e-IBICT-Novo.pdf\" target=\"_blank\" rel=\"noopener noreferrer\">Termo de Autoriza\u00e7\u00e3o para inserir Tese e Disserta\u00e7\u00e3o na Base de Dados da UFPel e do IBICT<\/a><\/p>\n<p>3. Enviar um e-mail \u00e0 secretaria do PPGCEM (ppgcem.ufpel@gmail.com) anexando a lista de documentos a seguir, para dar entrada ao pedido de diploma. S\u00e3o eles:<\/p>\n<p>&#8211; Arquivo em .doc ou pdf. da <strong>Vers\u00e3o Final<\/strong> da disserta\u00e7\u00e3o ou tese;<\/p>\n<p>&#8211; Arquivo em pdf. com o scan do &#8220;Termo de Autoriza\u00e7\u00e3o para inserir Tese e Disserta\u00e7\u00e3o na Base de Dados da UFPEL e do IBICT&#8221;. Importante: a vers\u00e3o original desse documento deve ser entregue na secretaria ou enviada por Correios.<\/p>\n<p>&#8211; Arquivo em pdf. com o comprovante de publica\u00e7\u00e3o cient\u00edfica (<a href=\"https:\/\/wp.ufpel.edu.br\/ppgcem\/informacoes-aos-alunos\/producao-cientifica-para-obtencao-de-diploma\/\">consulte aqui a produ\u00e7\u00e3o cient\u00edfica exigida de acordo com o seu semestre de ingresso<\/a>); para regimento antigo. N\u00e3o aplicado a partir de 2019.<\/p>\n<p>&#8211; Arquivo em .pdf com a c\u00f3pia\/scan da <strong>Ata de Defesa<\/strong> de disserta\u00e7\u00e3o\/tese<\/p>\n<p>&#8211; Scan do Diploma de Gradua\u00e7\u00e3o, para mestrandos, e scan dos Diplomas de Gradua\u00e7\u00e3o e de Mestrado, para doutorandos. O scan deve vir em \u00fanico arquivo pdf,\u00a0 constando frente e verso do diploma;<\/p>\n<p>&#8211; Arquivo em pdf. com o scan do RG atualizado (n\u00e3o pode ser carteira de motorista);<\/p>\n<p>&#8211; Arquivo em pdf. com o scan da Certid\u00e3o de Nascimento ou Casamento.<\/p>\n<p>4. Caso o aluno n\u00e3o respeite a data de entrega estabelecida por sua banca avaliadora e exceda o prazo, dever\u00e1 obrigatoriamente entregar o documento &#8220;solicita\u00e7\u00e3o de emiss\u00e3o de diploma&#8221;.\u00a0 (Link: <a href=\"https:\/\/wp.ufpel.edu.br\/ppgcem\/files\/2018\/01\/solicitacao-emissao-de-diploma.pdf\">solicitacao emissao de diploma<\/a> ) preenchido corretamente e assinado, na secretaria do PPGCEM. Caso n\u00e3o possa comparecer, dever\u00e1 enviar por Correio.<\/p>\n<p>&nbsp;<\/p>\n<p>&nbsp;<\/p>\n<p>&nbsp;<\/p>\n","protected":false},"excerpt":{"rendered":"<p>Ap\u00f3s a defesa da disserta\u00e7\u00e3o ou tese, o aluno precisar\u00e1 seguir o seguinte passo-a-passo: 1. Gerar uma ficha no Sistema de Bibliotecas da UFPel (http:\/\/sisbi.ufpel.edu.br\/?p=reqFicha ) e inclu\u00ed-la na vers\u00e3o final da disserta\u00e7\u00e3o ou tese. Sua localiza\u00e7\u00e3o \u00e9 no verso da folha de rosto para vers\u00e3o impressa ou ap\u00f3s a folha de rosto na vers\u00e3o [&hellip;]<\/p>\n","protected":false},"author":370,"featured_media":0,"parent":626,"menu_order":6,"comment_status":"closed","ping_status":"closed","template":"","meta":{"jetpack_post_was_ever_published":false,"footnotes":""},"class_list":["post-628","page","type-page","status-publish","hentry"],"yoast_head":"<!-- This site is optimized with the Yoast SEO plugin v26.7 - https:\/\/yoast.com\/wordpress\/plugins\/seo\/ -->\n<title>Documentos para Diploma &#8211; Programa de P\u00f3s-Gradua\u00e7\u00e3o em Ci\u00eancia e Engenharia de Materiais<\/title>\n<meta name=\"robots\" content=\"index, follow, max-snippet:-1, max-image-preview:large, max-video-preview:-1\" \/>\n<link rel=\"canonical\" href=\"https:\/\/wp.ufpel.edu.br\/ppgcem\/pt\/informacoes-aos-alunos\/documentos-para-pedido-do-diploma\/\" \/>\n<meta property=\"og:locale\" content=\"pt_BR\" \/>\n<meta property=\"og:type\" content=\"article\" \/>\n<meta property=\"og:title\" content=\"Documentos para Diploma &#8211; Programa de P\u00f3s-Gradua\u00e7\u00e3o em Ci\u00eancia e Engenharia de Materiais\" \/>\n<meta property=\"og:description\" content=\"Ap\u00f3s a defesa da disserta\u00e7\u00e3o ou tese, o aluno precisar\u00e1 seguir o seguinte passo-a-passo: 1. Gerar uma ficha no Sistema de Bibliotecas da UFPel (http:\/\/sisbi.ufpel.edu.br\/?p=reqFicha ) e inclu\u00ed-la na vers\u00e3o final da disserta\u00e7\u00e3o ou tese. Sua localiza\u00e7\u00e3o \u00e9 no verso da folha de rosto para vers\u00e3o impressa ou ap\u00f3s a folha de rosto na vers\u00e3o [&hellip;]\" \/>\n<meta property=\"og:url\" content=\"https:\/\/wp.ufpel.edu.br\/ppgcem\/pt\/informacoes-aos-alunos\/documentos-para-pedido-do-diploma\/\" \/>\n<meta property=\"og:site_name\" content=\"Programa de P\u00f3s-Gradua\u00e7\u00e3o em Ci\u00eancia e Engenharia de Materiais\" \/>\n<meta property=\"article:modified_time\" content=\"2021-08-13T12:31:24+00:00\" \/>\n<meta name=\"twitter:card\" content=\"summary_large_image\" \/>\n<meta name=\"twitter:label1\" content=\"Est. tempo de leitura\" \/>\n\t<meta name=\"twitter:data1\" content=\"2 minutos\" \/>\n<script type=\"application\/ld+json\" class=\"yoast-schema-graph\">{\"@context\":\"https:\/\/schema.org\",\"@graph\":[{\"@type\":\"WebPage\",\"@id\":\"https:\/\/wp.ufpel.edu.br\/ppgcem\/pt\/informacoes-aos-alunos\/documentos-para-pedido-do-diploma\/\",\"url\":\"https:\/\/wp.ufpel.edu.br\/ppgcem\/pt\/informacoes-aos-alunos\/documentos-para-pedido-do-diploma\/\",\"name\":\"Documentos para Diploma &#8211; Programa de P\u00f3s-Gradua\u00e7\u00e3o em Ci\u00eancia e Engenharia de Materiais\",\"isPartOf\":{\"@id\":\"https:\/\/wp.ufpel.edu.br\/ppgcem\/pt\/#website\"},\"datePublished\":\"2015-11-09T14:59:25+00:00\",\"dateModified\":\"2021-08-13T12:31:24+00:00\",\"breadcrumb\":{\"@id\":\"https:\/\/wp.ufpel.edu.br\/ppgcem\/pt\/informacoes-aos-alunos\/documentos-para-pedido-do-diploma\/#breadcrumb\"},\"inLanguage\":\"pt-BR\",\"potentialAction\":[{\"@type\":\"ReadAction\",\"target\":[\"https:\/\/wp.ufpel.edu.br\/ppgcem\/pt\/informacoes-aos-alunos\/documentos-para-pedido-do-diploma\/\"]}]},{\"@type\":\"BreadcrumbList\",\"@id\":\"https:\/\/wp.ufpel.edu.br\/ppgcem\/pt\/informacoes-aos-alunos\/documentos-para-pedido-do-diploma\/#breadcrumb\",\"itemListElement\":[{\"@type\":\"ListItem\",\"position\":1,\"name\":\"In\u00edcio\",\"item\":\"https:\/\/wp.ufpel.edu.br\/ppgcem\/pt\/\"},{\"@type\":\"ListItem\",\"position\":2,\"name\":\"Informa\u00e7\u00f5es e Documentos\",\"item\":\"https:\/\/wp.ufpel.edu.br\/ppgcem\/pt\/informacoes-aos-alunos\/\"},{\"@type\":\"ListItem\",\"position\":3,\"name\":\"Documentos para Diploma\"}]},{\"@type\":\"WebSite\",\"@id\":\"https:\/\/wp.ufpel.edu.br\/ppgcem\/pt\/#website\",\"url\":\"https:\/\/wp.ufpel.edu.br\/ppgcem\/pt\/\",\"name\":\"Programa de P\u00f3s-Gradua\u00e7\u00e3o em Ci\u00eancia e Engenharia de Materiais\",\"description\":\"\",\"potentialAction\":[{\"@type\":\"SearchAction\",\"target\":{\"@type\":\"EntryPoint\",\"urlTemplate\":\"https:\/\/wp.ufpel.edu.br\/ppgcem\/pt\/?s={search_term_string}\"},\"query-input\":{\"@type\":\"PropertyValueSpecification\",\"valueRequired\":true,\"valueName\":\"search_term_string\"}}],\"inLanguage\":\"pt-BR\"}]}<\/script>\n<!-- \/ Yoast SEO plugin. -->","yoast_head_json":{"title":"Documentos para Diploma &#8211; Programa de P\u00f3s-Gradua\u00e7\u00e3o em Ci\u00eancia e Engenharia de Materiais","robots":{"index":"index","follow":"follow","max-snippet":"max-snippet:-1","max-image-preview":"max-image-preview:large","max-video-preview":"max-video-preview:-1"},"canonical":"https:\/\/wp.ufpel.edu.br\/ppgcem\/pt\/informacoes-aos-alunos\/documentos-para-pedido-do-diploma\/","og_locale":"pt_BR","og_type":"article","og_title":"Documentos para Diploma &#8211; Programa de P\u00f3s-Gradua\u00e7\u00e3o em Ci\u00eancia e Engenharia de Materiais","og_description":"Ap\u00f3s a defesa da disserta\u00e7\u00e3o ou tese, o aluno precisar\u00e1 seguir o seguinte passo-a-passo: 1. Gerar uma ficha no Sistema de Bibliotecas da UFPel (http:\/\/sisbi.ufpel.edu.br\/?p=reqFicha ) e inclu\u00ed-la na vers\u00e3o final da disserta\u00e7\u00e3o ou tese. Sua localiza\u00e7\u00e3o \u00e9 no verso da folha de rosto para vers\u00e3o impressa ou ap\u00f3s a folha de rosto na vers\u00e3o [&hellip;]","og_url":"https:\/\/wp.ufpel.edu.br\/ppgcem\/pt\/informacoes-aos-alunos\/documentos-para-pedido-do-diploma\/","og_site_name":"Programa de P\u00f3s-Gradua\u00e7\u00e3o em Ci\u00eancia e Engenharia de Materiais","article_modified_time":"2021-08-13T12:31:24+00:00","twitter_card":"summary_large_image","twitter_misc":{"Est. tempo de leitura":"2 minutos"},"schema":{"@context":"https:\/\/schema.org","@graph":[{"@type":"WebPage","@id":"https:\/\/wp.ufpel.edu.br\/ppgcem\/pt\/informacoes-aos-alunos\/documentos-para-pedido-do-diploma\/","url":"https:\/\/wp.ufpel.edu.br\/ppgcem\/pt\/informacoes-aos-alunos\/documentos-para-pedido-do-diploma\/","name":"Documentos para Diploma &#8211; Programa de P\u00f3s-Gradua\u00e7\u00e3o em Ci\u00eancia e Engenharia de Materiais","isPartOf":{"@id":"https:\/\/wp.ufpel.edu.br\/ppgcem\/pt\/#website"},"datePublished":"2015-11-09T14:59:25+00:00","dateModified":"2021-08-13T12:31:24+00:00","breadcrumb":{"@id":"https:\/\/wp.ufpel.edu.br\/ppgcem\/pt\/informacoes-aos-alunos\/documentos-para-pedido-do-diploma\/#breadcrumb"},"inLanguage":"pt-BR","potentialAction":[{"@type":"ReadAction","target":["https:\/\/wp.ufpel.edu.br\/ppgcem\/pt\/informacoes-aos-alunos\/documentos-para-pedido-do-diploma\/"]}]},{"@type":"BreadcrumbList","@id":"https:\/\/wp.ufpel.edu.br\/ppgcem\/pt\/informacoes-aos-alunos\/documentos-para-pedido-do-diploma\/#breadcrumb","itemListElement":[{"@type":"ListItem","position":1,"name":"In\u00edcio","item":"https:\/\/wp.ufpel.edu.br\/ppgcem\/pt\/"},{"@type":"ListItem","position":2,"name":"Informa\u00e7\u00f5es e Documentos","item":"https:\/\/wp.ufpel.edu.br\/ppgcem\/pt\/informacoes-aos-alunos\/"},{"@type":"ListItem","position":3,"name":"Documentos para Diploma"}]},{"@type":"WebSite","@id":"https:\/\/wp.ufpel.edu.br\/ppgcem\/pt\/#website","url":"https:\/\/wp.ufpel.edu.br\/ppgcem\/pt\/","name":"Programa de P\u00f3s-Gradua\u00e7\u00e3o em Ci\u00eancia e Engenharia de Materiais","description":"","potentialAction":[{"@type":"SearchAction","target":{"@type":"EntryPoint","urlTemplate":"https:\/\/wp.ufpel.edu.br\/ppgcem\/pt\/?s={search_term_string}"},"query-input":{"@type":"PropertyValueSpecification","valueRequired":true,"valueName":"search_term_string"}}],"inLanguage":"pt-BR"}]}},"jetpack_sharing_enabled":true,"jetpack_shortlink":"https:\/\/wp.me\/P8zk0j-a8","_links":{"self":[{"href":"https:\/\/wp.ufpel.edu.br\/ppgcem\/wp-json\/wp\/v2\/pages\/628","targetHints":{"allow":["GET"]}}],"collection":[{"href":"https:\/\/wp.ufpel.edu.br\/ppgcem\/wp-json\/wp\/v2\/pages"}],"about":[{"href":"https:\/\/wp.ufpel.edu.br\/ppgcem\/wp-json\/wp\/v2\/types\/page"}],"author":[{"embeddable":true,"href":"https:\/\/wp.ufpel.edu.br\/ppgcem\/wp-json\/wp\/v2\/users\/370"}],"replies":[{"embeddable":true,"href":"https:\/\/wp.ufpel.edu.br\/ppgcem\/wp-json\/wp\/v2\/comments?post=628"}],"version-history":[{"count":13,"href":"https:\/\/wp.ufpel.edu.br\/ppgcem\/wp-json\/wp\/v2\/pages\/628\/revisions"}],"predecessor-version":[{"id":634,"href":"https:\/\/wp.ufpel.edu.br\/ppgcem\/wp-json\/wp\/v2\/pages\/628\/revisions\/634"}],"up":[{"embeddable":true,"href":"https:\/\/wp.ufpel.edu.br\/ppgcem\/wp-json\/wp\/v2\/pages\/626"}],"wp:attachment":[{"href":"https:\/\/wp.ufpel.edu.br\/ppgcem\/wp-json\/wp\/v2\/media?parent=628"}],"curies":[{"name":"wp","href":"https:\/\/api.w.org\/{rel}","templated":true}]}}