{"id":5163,"date":"2025-03-19T09:08:04","date_gmt":"2025-03-19T12:08:04","guid":{"rendered":"https:\/\/wp.ufpel.edu.br\/ppgcem\/?page_id=5163"},"modified":"2025-03-19T09:08:04","modified_gmt":"2025-03-19T12:08:04","slug":"research-groups-laboratories","status":"publish","type":"page","link":"https:\/\/wp.ufpel.edu.br\/ppgcem\/research-groups-laboratories\/","title":{"rendered":"Research Groups\/Laboratories"},"content":{"rendered":"<p><img class=\"alignnone size-full wp-image-4784\" src=\"https:\/\/wp.ufpel.edu.br\/ppgcem\/files\/2024\/05\/unnamed.png\" alt=\"\" width=\"135\" height=\"106\" \/><\/p>\n<p>Novonano &#8211; Grupo de Tecnologias Aplicadas de Materiais Avan\u00e7ados<br \/>\n<a href=\"https:\/\/dgp.cnpq.br\/dgp\/espelhogrupo\/40709\" target=\"_blank\" rel=\"noopener nofollow noreferrer\">https:\/\/dgp.cnpq.br\/dgp\/espelhogrupo\/40709<\/a><\/p>\n<p>An\u00e1lise Ambiental<br \/>\n<a href=\"https:\/\/dgp.cnpq.br\/dgp\/espelhogrupo\/486197\" target=\"_blank\" rel=\"noopener nofollow noreferrer\">https:\/\/dgp.cnpq.br\/dgp\/espelhogrupo\/486197<\/a><\/p>\n<p>Ci\u00eancia da Madeira<br \/>\n<a href=\"https:\/\/dgp.cnpq.br\/dgp\/espelhogrupo\/13512\" target=\"_blank\" rel=\"noopener nofollow noreferrer\">https:\/\/dgp.cnpq.br\/dgp\/espelhogrupo\/13512<\/a><\/p>\n<p>Materiais Lignocelul\u00f3sicos<br \/>\n<a href=\"https:\/\/dgp.cnpq.br\/dgp\/espelhogrupo\/639386\" target=\"_blank\" rel=\"noopener nofollow noreferrer\">https:\/\/dgp.cnpq.br\/dgp\/espelhogrupo\/639386<\/a><\/p>\n<p>Grupo de Pesquisa em Materiais (GPEM)<br \/>\n<a href=\"https:\/\/dgp.cnpq.br\/dgp\/espelhogrupo\/278244\" target=\"_blank\" rel=\"noopener nofollow noreferrer\">https:\/\/dgp.cnpq.br\/dgp\/espelhogrupo\/278244<\/a><\/p>\n<p>Grupo de Pesquisa em Corros\u00e3o e Eletroqu\u00edmica (LaCoE)<br \/>\n<a href=\"https:\/\/dgp.cnpq.br\/dgp\/faces\/consulta\/consulta_parametrizada.jsf\" target=\"_blank\" rel=\"noopener nofollow noreferrer\">https:\/\/dgp.cnpq.br\/dgp\/faces\/consulta\/consulta_parametrizada.jsf<\/a><\/p>\n<p>Laborat\u00f3rio de Tecnologia e Desenvolvimento de Comp\u00f3sitos e Materiais Polim\u00e9ricos \u2013 LaCoPol<br \/>\n<a href=\"https:\/\/dgp.cnpq.br\/dgp\/espelhogrupo\/475797\" target=\"_blank\" rel=\"noopener nofollow noreferrer\">https:\/\/dgp.cnpq.br\/dgp\/espelhogrupo\/475797<\/a><\/p>\n<p>LAFFIMAT &#8211; Laborat\u00f3ro de Filmes Finos e Novos Materiais<br \/>\n<a href=\"https:\/\/dgp.cnpq.br\/dgp\/espelhogrupo\/507537\" target=\"_blank\" rel=\"noopener nofollow noreferrer\">https:\/\/dgp.cnpq.br\/dgp\/espelhogrupo\/507537<\/a><\/p>\n<p>BIOFORENSE-i<br \/>\n<a href=\"https:\/\/dgp.cnpq.br\/dgp\/espelhogrupo\/613206\" target=\"_blank\" rel=\"noopener nofollow noreferrer\">https:\/\/dgp.cnpq.br\/dgp\/espelhogrupo\/613206<\/a><\/p>\n<p>Engenharia Biom\u00e9dica, Caracteriza\u00e7\u00e3o e Desenvolvimento de Biomateriais<br \/>\n<a href=\"http:\/\/dgp.cnpq.br\/dgp\/espelhogrupo\/26249\" target=\"_blank\" rel=\"noopener nofollow noreferrer\">http:\/\/dgp.cnpq.br\/dgp\/espelhogrupo\/26249<\/a><\/p>\n<p>Crescimento de Cristais Avan\u00e7ados e Fot\u00f4nica \u2013 CCAF<br \/>\n<a href=\"https:\/\/dgp.cnpq.br\/dgp\/espelhogrupo\/630506\" target=\"_blank\" rel=\"noopener nofollow noreferrer\">https:\/\/dgp.cnpq.br\/dgp\/espelhogrupo\/630506<\/a><\/p>\n<p>Grupo de Engenharia de Superf\u00edcies<br \/>\n<a href=\"https:\/\/dgp.cnpq.br\/dgp\/espelhogrupo\/484778\" target=\"_blank\" rel=\"noopener nofollow noreferrer\">https:\/\/dgp.cnpq.br\/dgp\/espelhogrupo\/484778<\/a><\/p>\n","protected":false},"excerpt":{"rendered":"<p>Novonano &#8211; Grupo de Tecnologias Aplicadas de Materiais Avan\u00e7ados https:\/\/dgp.cnpq.br\/dgp\/espelhogrupo\/40709 An\u00e1lise Ambiental https:\/\/dgp.cnpq.br\/dgp\/espelhogrupo\/486197 Ci\u00eancia da Madeira https:\/\/dgp.cnpq.br\/dgp\/espelhogrupo\/13512 Materiais Lignocelul\u00f3sicos https:\/\/dgp.cnpq.br\/dgp\/espelhogrupo\/639386 Grupo de Pesquisa em Materiais (GPEM) https:\/\/dgp.cnpq.br\/dgp\/espelhogrupo\/278244 Grupo de Pesquisa em Corros\u00e3o e Eletroqu\u00edmica (LaCoE) https:\/\/dgp.cnpq.br\/dgp\/faces\/consulta\/consulta_parametrizada.jsf Laborat\u00f3rio de Tecnologia e Desenvolvimento de Comp\u00f3sitos e Materiais Polim\u00e9ricos \u2013 LaCoPol https:\/\/dgp.cnpq.br\/dgp\/espelhogrupo\/475797 LAFFIMAT &#8211; Laborat\u00f3ro de Filmes Finos [&hellip;]<\/p>\n","protected":false},"author":370,"featured_media":0,"parent":0,"menu_order":6,"comment_status":"closed","ping_status":"closed","template":"","meta":{"jetpack_post_was_ever_published":false,"footnotes":""},"class_list":["post-5163","page","type-page","status-publish","hentry"],"yoast_head":"<!-- This site is optimized with the Yoast SEO plugin v26.7 - https:\/\/yoast.com\/wordpress\/plugins\/seo\/ -->\n<title>Research Groups\/Laboratories &#8211; Programa de P\u00f3s-Gradua\u00e7\u00e3o em Ci\u00eancia e Engenharia de Materiais<\/title>\n<meta name=\"robots\" content=\"index, follow, max-snippet:-1, max-image-preview:large, max-video-preview:-1\" \/>\n<link rel=\"canonical\" href=\"https:\/\/wp.ufpel.edu.br\/ppgcem\/en\/research-groups-laboratories\/\" \/>\n<meta property=\"og:locale\" content=\"pt_BR\" \/>\n<meta property=\"og:type\" content=\"article\" \/>\n<meta property=\"og:title\" content=\"Research Groups\/Laboratories &#8211; Programa de P\u00f3s-Gradua\u00e7\u00e3o em Ci\u00eancia e Engenharia de Materiais\" \/>\n<meta property=\"og:description\" content=\"Novonano &#8211; Grupo de Tecnologias Aplicadas de Materiais Avan\u00e7ados https:\/\/dgp.cnpq.br\/dgp\/espelhogrupo\/40709 An\u00e1lise Ambiental https:\/\/dgp.cnpq.br\/dgp\/espelhogrupo\/486197 Ci\u00eancia da Madeira https:\/\/dgp.cnpq.br\/dgp\/espelhogrupo\/13512 Materiais Lignocelul\u00f3sicos https:\/\/dgp.cnpq.br\/dgp\/espelhogrupo\/639386 Grupo de Pesquisa em Materiais (GPEM) https:\/\/dgp.cnpq.br\/dgp\/espelhogrupo\/278244 Grupo de Pesquisa em Corros\u00e3o e Eletroqu\u00edmica (LaCoE) https:\/\/dgp.cnpq.br\/dgp\/faces\/consulta\/consulta_parametrizada.jsf Laborat\u00f3rio de Tecnologia e Desenvolvimento de Comp\u00f3sitos e Materiais Polim\u00e9ricos \u2013 LaCoPol https:\/\/dgp.cnpq.br\/dgp\/espelhogrupo\/475797 LAFFIMAT &#8211; Laborat\u00f3ro de Filmes Finos [&hellip;]\" \/>\n<meta property=\"og:url\" content=\"https:\/\/wp.ufpel.edu.br\/ppgcem\/en\/research-groups-laboratories\/\" \/>\n<meta property=\"og:site_name\" content=\"Programa de P\u00f3s-Gradua\u00e7\u00e3o em Ci\u00eancia e Engenharia de Materiais\" \/>\n<meta property=\"og:image\" content=\"https:\/\/wp.ufpel.edu.br\/ppgcem\/files\/2024\/05\/unnamed.png\" \/>\n\t<meta property=\"og:image:width\" content=\"135\" \/>\n\t<meta property=\"og:image:height\" content=\"106\" \/>\n\t<meta property=\"og:image:type\" content=\"image\/png\" \/>\n<meta name=\"twitter:card\" content=\"summary_large_image\" \/>\n<meta name=\"twitter:label1\" content=\"Est. tempo de leitura\" \/>\n\t<meta name=\"twitter:data1\" content=\"1 minuto\" \/>\n<script type=\"application\/ld+json\" class=\"yoast-schema-graph\">{\"@context\":\"https:\/\/schema.org\",\"@graph\":[{\"@type\":\"WebPage\",\"@id\":\"https:\/\/wp.ufpel.edu.br\/ppgcem\/en\/research-groups-laboratories\/\",\"url\":\"https:\/\/wp.ufpel.edu.br\/ppgcem\/en\/research-groups-laboratories\/\",\"name\":\"Research Groups\/Laboratories &#8211; Programa de P\u00f3s-Gradua\u00e7\u00e3o em Ci\u00eancia e Engenharia de Materiais\",\"isPartOf\":{\"@id\":\"https:\/\/wp.ufpel.edu.br\/ppgcem\/pt\/#website\"},\"primaryImageOfPage\":{\"@id\":\"https:\/\/wp.ufpel.edu.br\/ppgcem\/en\/research-groups-laboratories\/#primaryimage\"},\"image\":{\"@id\":\"https:\/\/wp.ufpel.edu.br\/ppgcem\/en\/research-groups-laboratories\/#primaryimage\"},\"thumbnailUrl\":\"https:\/\/wp.ufpel.edu.br\/ppgcem\/files\/2024\/05\/unnamed.png\",\"datePublished\":\"2025-03-19T12:08:04+00:00\",\"breadcrumb\":{\"@id\":\"https:\/\/wp.ufpel.edu.br\/ppgcem\/en\/research-groups-laboratories\/#breadcrumb\"},\"inLanguage\":\"pt-BR\",\"potentialAction\":[{\"@type\":\"ReadAction\",\"target\":[\"https:\/\/wp.ufpel.edu.br\/ppgcem\/en\/research-groups-laboratories\/\"]}]},{\"@type\":\"ImageObject\",\"inLanguage\":\"pt-BR\",\"@id\":\"https:\/\/wp.ufpel.edu.br\/ppgcem\/en\/research-groups-laboratories\/#primaryimage\",\"url\":\"https:\/\/wp.ufpel.edu.br\/ppgcem\/files\/2024\/05\/unnamed.png\",\"contentUrl\":\"https:\/\/wp.ufpel.edu.br\/ppgcem\/files\/2024\/05\/unnamed.png\",\"width\":135,\"height\":106},{\"@type\":\"BreadcrumbList\",\"@id\":\"https:\/\/wp.ufpel.edu.br\/ppgcem\/en\/research-groups-laboratories\/#breadcrumb\",\"itemListElement\":[{\"@type\":\"ListItem\",\"position\":1,\"name\":\"In\u00edcio\",\"item\":\"https:\/\/wp.ufpel.edu.br\/ppgcem\/pt\/\"},{\"@type\":\"ListItem\",\"position\":2,\"name\":\"Research Groups\/Laboratories\"}]},{\"@type\":\"WebSite\",\"@id\":\"https:\/\/wp.ufpel.edu.br\/ppgcem\/pt\/#website\",\"url\":\"https:\/\/wp.ufpel.edu.br\/ppgcem\/pt\/\",\"name\":\"Programa de P\u00f3s-Gradua\u00e7\u00e3o em Ci\u00eancia e Engenharia de Materiais\",\"description\":\"\",\"potentialAction\":[{\"@type\":\"SearchAction\",\"target\":{\"@type\":\"EntryPoint\",\"urlTemplate\":\"https:\/\/wp.ufpel.edu.br\/ppgcem\/pt\/?s={search_term_string}\"},\"query-input\":{\"@type\":\"PropertyValueSpecification\",\"valueRequired\":true,\"valueName\":\"search_term_string\"}}],\"inLanguage\":\"pt-BR\"}]}<\/script>\n<!-- \/ Yoast SEO plugin. -->","yoast_head_json":{"title":"Research Groups\/Laboratories &#8211; Programa de P\u00f3s-Gradua\u00e7\u00e3o em Ci\u00eancia e Engenharia de Materiais","robots":{"index":"index","follow":"follow","max-snippet":"max-snippet:-1","max-image-preview":"max-image-preview:large","max-video-preview":"max-video-preview:-1"},"canonical":"https:\/\/wp.ufpel.edu.br\/ppgcem\/en\/research-groups-laboratories\/","og_locale":"pt_BR","og_type":"article","og_title":"Research Groups\/Laboratories &#8211; Programa de P\u00f3s-Gradua\u00e7\u00e3o em Ci\u00eancia e Engenharia de Materiais","og_description":"Novonano &#8211; Grupo de Tecnologias Aplicadas de Materiais Avan\u00e7ados https:\/\/dgp.cnpq.br\/dgp\/espelhogrupo\/40709 An\u00e1lise Ambiental https:\/\/dgp.cnpq.br\/dgp\/espelhogrupo\/486197 Ci\u00eancia da Madeira https:\/\/dgp.cnpq.br\/dgp\/espelhogrupo\/13512 Materiais Lignocelul\u00f3sicos https:\/\/dgp.cnpq.br\/dgp\/espelhogrupo\/639386 Grupo de Pesquisa em Materiais (GPEM) https:\/\/dgp.cnpq.br\/dgp\/espelhogrupo\/278244 Grupo de Pesquisa em Corros\u00e3o e Eletroqu\u00edmica (LaCoE) https:\/\/dgp.cnpq.br\/dgp\/faces\/consulta\/consulta_parametrizada.jsf Laborat\u00f3rio de Tecnologia e Desenvolvimento de Comp\u00f3sitos e Materiais Polim\u00e9ricos \u2013 LaCoPol https:\/\/dgp.cnpq.br\/dgp\/espelhogrupo\/475797 LAFFIMAT &#8211; Laborat\u00f3ro de Filmes Finos [&hellip;]","og_url":"https:\/\/wp.ufpel.edu.br\/ppgcem\/en\/research-groups-laboratories\/","og_site_name":"Programa de P\u00f3s-Gradua\u00e7\u00e3o em Ci\u00eancia e Engenharia de Materiais","og_image":[{"width":135,"height":106,"url":"https:\/\/wp.ufpel.edu.br\/ppgcem\/files\/2024\/05\/unnamed.png","type":"image\/png"}],"twitter_card":"summary_large_image","twitter_misc":{"Est. tempo de leitura":"1 minuto"},"schema":{"@context":"https:\/\/schema.org","@graph":[{"@type":"WebPage","@id":"https:\/\/wp.ufpel.edu.br\/ppgcem\/en\/research-groups-laboratories\/","url":"https:\/\/wp.ufpel.edu.br\/ppgcem\/en\/research-groups-laboratories\/","name":"Research Groups\/Laboratories &#8211; Programa de P\u00f3s-Gradua\u00e7\u00e3o em Ci\u00eancia e Engenharia de Materiais","isPartOf":{"@id":"https:\/\/wp.ufpel.edu.br\/ppgcem\/pt\/#website"},"primaryImageOfPage":{"@id":"https:\/\/wp.ufpel.edu.br\/ppgcem\/en\/research-groups-laboratories\/#primaryimage"},"image":{"@id":"https:\/\/wp.ufpel.edu.br\/ppgcem\/en\/research-groups-laboratories\/#primaryimage"},"thumbnailUrl":"https:\/\/wp.ufpel.edu.br\/ppgcem\/files\/2024\/05\/unnamed.png","datePublished":"2025-03-19T12:08:04+00:00","breadcrumb":{"@id":"https:\/\/wp.ufpel.edu.br\/ppgcem\/en\/research-groups-laboratories\/#breadcrumb"},"inLanguage":"pt-BR","potentialAction":[{"@type":"ReadAction","target":["https:\/\/wp.ufpel.edu.br\/ppgcem\/en\/research-groups-laboratories\/"]}]},{"@type":"ImageObject","inLanguage":"pt-BR","@id":"https:\/\/wp.ufpel.edu.br\/ppgcem\/en\/research-groups-laboratories\/#primaryimage","url":"https:\/\/wp.ufpel.edu.br\/ppgcem\/files\/2024\/05\/unnamed.png","contentUrl":"https:\/\/wp.ufpel.edu.br\/ppgcem\/files\/2024\/05\/unnamed.png","width":135,"height":106},{"@type":"BreadcrumbList","@id":"https:\/\/wp.ufpel.edu.br\/ppgcem\/en\/research-groups-laboratories\/#breadcrumb","itemListElement":[{"@type":"ListItem","position":1,"name":"In\u00edcio","item":"https:\/\/wp.ufpel.edu.br\/ppgcem\/pt\/"},{"@type":"ListItem","position":2,"name":"Research Groups\/Laboratories"}]},{"@type":"WebSite","@id":"https:\/\/wp.ufpel.edu.br\/ppgcem\/pt\/#website","url":"https:\/\/wp.ufpel.edu.br\/ppgcem\/pt\/","name":"Programa de P\u00f3s-Gradua\u00e7\u00e3o em Ci\u00eancia e Engenharia de Materiais","description":"","potentialAction":[{"@type":"SearchAction","target":{"@type":"EntryPoint","urlTemplate":"https:\/\/wp.ufpel.edu.br\/ppgcem\/pt\/?s={search_term_string}"},"query-input":{"@type":"PropertyValueSpecification","valueRequired":true,"valueName":"search_term_string"}}],"inLanguage":"pt-BR"}]}},"jetpack_sharing_enabled":true,"jetpack_shortlink":"https:\/\/wp.me\/P8zk0j-1lh","_links":{"self":[{"href":"https:\/\/wp.ufpel.edu.br\/ppgcem\/wp-json\/wp\/v2\/pages\/5163","targetHints":{"allow":["GET"]}}],"collection":[{"href":"https:\/\/wp.ufpel.edu.br\/ppgcem\/wp-json\/wp\/v2\/pages"}],"about":[{"href":"https:\/\/wp.ufpel.edu.br\/ppgcem\/wp-json\/wp\/v2\/types\/page"}],"author":[{"embeddable":true,"href":"https:\/\/wp.ufpel.edu.br\/ppgcem\/wp-json\/wp\/v2\/users\/370"}],"replies":[{"embeddable":true,"href":"https:\/\/wp.ufpel.edu.br\/ppgcem\/wp-json\/wp\/v2\/comments?post=5163"}],"version-history":[{"count":1,"href":"https:\/\/wp.ufpel.edu.br\/ppgcem\/wp-json\/wp\/v2\/pages\/5163\/revisions"}],"predecessor-version":[{"id":5165,"href":"https:\/\/wp.ufpel.edu.br\/ppgcem\/wp-json\/wp\/v2\/pages\/5163\/revisions\/5165"}],"wp:attachment":[{"href":"https:\/\/wp.ufpel.edu.br\/ppgcem\/wp-json\/wp\/v2\/media?parent=5163"}],"curies":[{"name":"wp","href":"https:\/\/api.w.org\/{rel}","templated":true}]}}