{"id":5129,"date":"2025-03-18T09:39:12","date_gmt":"2025-03-18T12:39:12","guid":{"rendered":"https:\/\/wp.ufpel.edu.br\/ppgcem\/?page_id=5129"},"modified":"2025-03-18T09:39:12","modified_gmt":"2025-03-18T12:39:12","slug":"selection-process","status":"publish","type":"page","link":"https:\/\/wp.ufpel.edu.br\/ppgcem\/selection-process\/","title":{"rendered":"Selection Process"},"content":{"rendered":"<p data-start=\"0\" data-end=\"50\"><strong data-start=\"0\" data-end=\"48\">PPGCEM Selection Process \u2013 Basic Information<\/strong><\/p>\n<p data-start=\"52\" data-end=\"144\">The PPGCEM selection process consists of two phases, conducted by an Evaluation Committee:<\/p>\n<ol data-start=\"146\" data-end=\"543\">\n<li data-start=\"146\" data-end=\"275\"><strong data-start=\"149\" data-end=\"165\">First Phase:<\/strong> Written Research Proposal evaluation (qualifying, 50% weight). Candidates must indicate potential advisors.<\/li>\n<li data-start=\"276\" data-end=\"543\"><strong data-start=\"279\" data-end=\"296\">Second Phase:<\/strong> Defense of the Research Proposal before the Committee (eliminatory and qualifying, 50% weight). The defense lasts up to 15 minutes (10 min for presentation + 5 min for evaluation). Attendance is mandatory, and delays result in disqualification.<\/li>\n<\/ol>\n<p data-start=\"545\" data-end=\"574\"><strong data-start=\"545\" data-end=\"572\">Additional Information:<\/strong><\/p>\n<ul data-start=\"575\" data-end=\"945\" data-is-last-node=\"\" data-is-only-node=\"\">\n<li data-start=\"575\" data-end=\"703\">Calls for applications are free of charge and published on the PPGCEM webpage, with a minimum application period of 20 days.<\/li>\n<li data-start=\"704\" data-end=\"783\">Internal scholarships are awarded based on students&#8217; academic productivity.<\/li>\n<li data-start=\"784\" data-end=\"877\">Candidates requiring a virtual selection process must schedule it with the PPGCEM office.<\/li>\n<li data-start=\"878\" data-end=\"945\" data-is-last-node=\"\">Approvals and results are always published on the PPGCEM webpage.<\/li>\n<\/ul>\n","protected":false},"excerpt":{"rendered":"<p>PPGCEM Selection Process \u2013 Basic Information The PPGCEM selection process consists of two phases, conducted by an Evaluation Committee: First Phase: Written Research Proposal evaluation (qualifying, 50% weight). Candidates must indicate potential advisors. Second Phase: Defense of the Research Proposal before the Committee (eliminatory and qualifying, 50% weight). The defense lasts up to 15 minutes [&hellip;]<\/p>\n","protected":false},"author":370,"featured_media":0,"parent":0,"menu_order":3,"comment_status":"closed","ping_status":"closed","template":"","meta":{"jetpack_post_was_ever_published":false,"footnotes":""},"class_list":["post-5129","page","type-page","status-publish","hentry"],"yoast_head":"<!-- This site is optimized with the Yoast SEO plugin v26.7 - https:\/\/yoast.com\/wordpress\/plugins\/seo\/ -->\n<title>Selection Process &#8211; Programa de P\u00f3s-Gradua\u00e7\u00e3o em Ci\u00eancia e Engenharia de Materiais<\/title>\n<meta name=\"robots\" content=\"index, follow, max-snippet:-1, max-image-preview:large, max-video-preview:-1\" \/>\n<link rel=\"canonical\" href=\"https:\/\/wp.ufpel.edu.br\/ppgcem\/en\/selection-process\/\" \/>\n<meta property=\"og:locale\" content=\"pt_BR\" \/>\n<meta property=\"og:type\" content=\"article\" \/>\n<meta property=\"og:title\" content=\"Selection Process &#8211; Programa de P\u00f3s-Gradua\u00e7\u00e3o em Ci\u00eancia e Engenharia de Materiais\" \/>\n<meta property=\"og:description\" content=\"PPGCEM Selection Process \u2013 Basic Information The PPGCEM selection process consists of two phases, conducted by an Evaluation Committee: First Phase: Written Research Proposal evaluation (qualifying, 50% weight). Candidates must indicate potential advisors. Second Phase: Defense of the Research Proposal before the Committee (eliminatory and qualifying, 50% weight). The defense lasts up to 15 minutes [&hellip;]\" \/>\n<meta property=\"og:url\" content=\"https:\/\/wp.ufpel.edu.br\/ppgcem\/en\/selection-process\/\" \/>\n<meta property=\"og:site_name\" content=\"Programa de P\u00f3s-Gradua\u00e7\u00e3o em Ci\u00eancia e Engenharia de Materiais\" \/>\n<meta name=\"twitter:card\" content=\"summary_large_image\" \/>\n<meta name=\"twitter:label1\" content=\"Est. tempo de leitura\" \/>\n\t<meta name=\"twitter:data1\" content=\"1 minuto\" \/>\n<script type=\"application\/ld+json\" class=\"yoast-schema-graph\">{\"@context\":\"https:\/\/schema.org\",\"@graph\":[{\"@type\":\"WebPage\",\"@id\":\"https:\/\/wp.ufpel.edu.br\/ppgcem\/en\/selection-process\/\",\"url\":\"https:\/\/wp.ufpel.edu.br\/ppgcem\/en\/selection-process\/\",\"name\":\"Selection Process &#8211; Programa de P\u00f3s-Gradua\u00e7\u00e3o em Ci\u00eancia e Engenharia de Materiais\",\"isPartOf\":{\"@id\":\"https:\/\/wp.ufpel.edu.br\/ppgcem\/pt\/#website\"},\"datePublished\":\"2025-03-18T12:39:12+00:00\",\"breadcrumb\":{\"@id\":\"https:\/\/wp.ufpel.edu.br\/ppgcem\/en\/selection-process\/#breadcrumb\"},\"inLanguage\":\"pt-BR\",\"potentialAction\":[{\"@type\":\"ReadAction\",\"target\":[\"https:\/\/wp.ufpel.edu.br\/ppgcem\/en\/selection-process\/\"]}]},{\"@type\":\"BreadcrumbList\",\"@id\":\"https:\/\/wp.ufpel.edu.br\/ppgcem\/en\/selection-process\/#breadcrumb\",\"itemListElement\":[{\"@type\":\"ListItem\",\"position\":1,\"name\":\"In\u00edcio\",\"item\":\"https:\/\/wp.ufpel.edu.br\/ppgcem\/pt\/\"},{\"@type\":\"ListItem\",\"position\":2,\"name\":\"Selection Process\"}]},{\"@type\":\"WebSite\",\"@id\":\"https:\/\/wp.ufpel.edu.br\/ppgcem\/pt\/#website\",\"url\":\"https:\/\/wp.ufpel.edu.br\/ppgcem\/pt\/\",\"name\":\"Programa de P\u00f3s-Gradua\u00e7\u00e3o em Ci\u00eancia e Engenharia de Materiais\",\"description\":\"\",\"potentialAction\":[{\"@type\":\"SearchAction\",\"target\":{\"@type\":\"EntryPoint\",\"urlTemplate\":\"https:\/\/wp.ufpel.edu.br\/ppgcem\/pt\/?s={search_term_string}\"},\"query-input\":{\"@type\":\"PropertyValueSpecification\",\"valueRequired\":true,\"valueName\":\"search_term_string\"}}],\"inLanguage\":\"pt-BR\"}]}<\/script>\n<!-- \/ Yoast SEO plugin. -->","yoast_head_json":{"title":"Selection Process &#8211; Programa de P\u00f3s-Gradua\u00e7\u00e3o em Ci\u00eancia e Engenharia de Materiais","robots":{"index":"index","follow":"follow","max-snippet":"max-snippet:-1","max-image-preview":"max-image-preview:large","max-video-preview":"max-video-preview:-1"},"canonical":"https:\/\/wp.ufpel.edu.br\/ppgcem\/en\/selection-process\/","og_locale":"pt_BR","og_type":"article","og_title":"Selection Process &#8211; Programa de P\u00f3s-Gradua\u00e7\u00e3o em Ci\u00eancia e Engenharia de Materiais","og_description":"PPGCEM Selection Process \u2013 Basic Information The PPGCEM selection process consists of two phases, conducted by an Evaluation Committee: First Phase: Written Research Proposal evaluation (qualifying, 50% weight). Candidates must indicate potential advisors. Second Phase: Defense of the Research Proposal before the Committee (eliminatory and qualifying, 50% weight). The defense lasts up to 15 minutes [&hellip;]","og_url":"https:\/\/wp.ufpel.edu.br\/ppgcem\/en\/selection-process\/","og_site_name":"Programa de P\u00f3s-Gradua\u00e7\u00e3o em Ci\u00eancia e Engenharia de Materiais","twitter_card":"summary_large_image","twitter_misc":{"Est. tempo de leitura":"1 minuto"},"schema":{"@context":"https:\/\/schema.org","@graph":[{"@type":"WebPage","@id":"https:\/\/wp.ufpel.edu.br\/ppgcem\/en\/selection-process\/","url":"https:\/\/wp.ufpel.edu.br\/ppgcem\/en\/selection-process\/","name":"Selection Process &#8211; Programa de P\u00f3s-Gradua\u00e7\u00e3o em Ci\u00eancia e Engenharia de Materiais","isPartOf":{"@id":"https:\/\/wp.ufpel.edu.br\/ppgcem\/pt\/#website"},"datePublished":"2025-03-18T12:39:12+00:00","breadcrumb":{"@id":"https:\/\/wp.ufpel.edu.br\/ppgcem\/en\/selection-process\/#breadcrumb"},"inLanguage":"pt-BR","potentialAction":[{"@type":"ReadAction","target":["https:\/\/wp.ufpel.edu.br\/ppgcem\/en\/selection-process\/"]}]},{"@type":"BreadcrumbList","@id":"https:\/\/wp.ufpel.edu.br\/ppgcem\/en\/selection-process\/#breadcrumb","itemListElement":[{"@type":"ListItem","position":1,"name":"In\u00edcio","item":"https:\/\/wp.ufpel.edu.br\/ppgcem\/pt\/"},{"@type":"ListItem","position":2,"name":"Selection Process"}]},{"@type":"WebSite","@id":"https:\/\/wp.ufpel.edu.br\/ppgcem\/pt\/#website","url":"https:\/\/wp.ufpel.edu.br\/ppgcem\/pt\/","name":"Programa de P\u00f3s-Gradua\u00e7\u00e3o em Ci\u00eancia e Engenharia de Materiais","description":"","potentialAction":[{"@type":"SearchAction","target":{"@type":"EntryPoint","urlTemplate":"https:\/\/wp.ufpel.edu.br\/ppgcem\/pt\/?s={search_term_string}"},"query-input":{"@type":"PropertyValueSpecification","valueRequired":true,"valueName":"search_term_string"}}],"inLanguage":"pt-BR"}]}},"jetpack_sharing_enabled":true,"jetpack_shortlink":"https:\/\/wp.me\/P8zk0j-1kJ","_links":{"self":[{"href":"https:\/\/wp.ufpel.edu.br\/ppgcem\/wp-json\/wp\/v2\/pages\/5129","targetHints":{"allow":["GET"]}}],"collection":[{"href":"https:\/\/wp.ufpel.edu.br\/ppgcem\/wp-json\/wp\/v2\/pages"}],"about":[{"href":"https:\/\/wp.ufpel.edu.br\/ppgcem\/wp-json\/wp\/v2\/types\/page"}],"author":[{"embeddable":true,"href":"https:\/\/wp.ufpel.edu.br\/ppgcem\/wp-json\/wp\/v2\/users\/370"}],"replies":[{"embeddable":true,"href":"https:\/\/wp.ufpel.edu.br\/ppgcem\/wp-json\/wp\/v2\/comments?post=5129"}],"version-history":[{"count":1,"href":"https:\/\/wp.ufpel.edu.br\/ppgcem\/wp-json\/wp\/v2\/pages\/5129\/revisions"}],"predecessor-version":[{"id":5131,"href":"https:\/\/wp.ufpel.edu.br\/ppgcem\/wp-json\/wp\/v2\/pages\/5129\/revisions\/5131"}],"wp:attachment":[{"href":"https:\/\/wp.ufpel.edu.br\/ppgcem\/wp-json\/wp\/v2\/media?parent=5129"}],"curies":[{"name":"wp","href":"https:\/\/api.w.org\/{rel}","templated":true}]}}