{"id":5084,"date":"2025-03-17T19:58:57","date_gmt":"2025-03-17T22:58:57","guid":{"rendered":"https:\/\/wp.ufpel.edu.br\/ppgcem\/?page_id=5084"},"modified":"2025-03-17T20:01:56","modified_gmt":"2025-03-17T23:01:56","slug":"abertura-de-edital-de-vagas-remanescentes-de-doutorado-semestre-2023-2","status":"publish","type":"page","link":"https:\/\/wp.ufpel.edu.br\/ppgcem\/editais\/abertura-de-edital-de-vagas-remanescentes-de-doutorado-semestre-2023-2\/","title":{"rendered":"2023\/2 (vagas remanescentes)"},"content":{"rendered":"<h3 class=\"corTexto\">VAGAS REMANESCENTES, EDITAL N\u00ba 188\/2023<\/h3>\n<p>Inscri\u00e7\u00f5es at\u00e9 dia 17\/08\/2023<\/p>\n<h2><strong>Documentos para sele\u00e7\u00e3o de Doutorado 2023\/2<\/strong><\/h2>\n<ul>\n<li>Acesse o Edital clicando aqui <a href=\"https:\/\/wp.ufpel.edu.br\/ppgcem\/files\/2023\/08\/SEI_UFPel-2295079-Edital-de-selecao-PRPPG.pdf\">Vagas remanescentes<\/a>.<\/li>\n<\/ul>\n<p><strong>Demais documentos:<\/strong><\/p>\n<div class=\"entry-content\">\n<p>1. Formul\u00e1rio de Inscri\u00e7\u00e3o [aten\u00e7\u00e3o: dentro do formul\u00e1rio encontra-se uma TABELA DE PONTUA\u00c7\u00c3O DO LATTES. Organize-se para preench\u00ea-la] \u2013 <a href=\"https:\/\/docs.google.com\/forms\/d\/14Ijl_dYKap5lJpUEFi0YG81UT1_p8gNwD4_j95uhJXU\/viewform?edit_requested=true\">Clique para acessar o formul\u00e1rio<\/a><\/p>\n<p>2. Formul\u00e1rio para declara\u00e7\u00e3o de etnia (quando aplic\u00e1vel): <a href=\"https:\/\/wp.ufpel.edu.br\/ppgcem\/files\/2017\/05\/Declara\u00e7\u00e3o-de-Etnia-edit\u00e1vel-1.docx\">Declara\u00e7\u00e3o-de-Etnia-edit\u00e1vel-1<\/a><\/p>\n<p>3. Modelo de Projeto de Pesquisa, <a href=\"https:\/\/wp.ufpel.edu.br\/ppgcem\/files\/2014\/10\/Modelo-de-Projeto-de-Pesquisa.doc\">clique aqui.<\/a><\/p>\n<p><span id=\"page1R_mcid8\" class=\"markedContent\"><span dir=\"ltr\" role=\"presentation\">4. AUTODECLARA\u00c7\u00c3O DE IDENTIDADE DE G\u00caNERO<\/span><\/span>\u00a0 \u2013 <a href=\"https:\/\/wp.ufpel.edu.br\/ppgcem\/files\/2022\/06\/Autodeclaracao-de-Identidade-de-Genero.pdf\">Clique aqui<\/a>:<\/p>\n<\/div>\n<p>&nbsp;<\/p>\n<p>&nbsp;<\/p>\n<p><strong>Observa\u00e7\u00e3o aos candidatos de mestrado e doutorado: o montante dos documentos do processo de inscri\u00e7\u00e3o n\u00e3o poder\u00e1 ultrapassar o limite de 3MB,sob pena de n\u00e3o homologa\u00e7\u00e3o da inscri\u00e7\u00e3o<\/strong><\/p>\n","protected":false},"excerpt":{"rendered":"<p>VAGAS REMANESCENTES, EDITAL N\u00ba 188\/2023 Inscri\u00e7\u00f5es at\u00e9 dia 17\/08\/2023 Documentos para sele\u00e7\u00e3o de Doutorado 2023\/2 Acesse o Edital clicando aqui Vagas remanescentes. Demais documentos: 1. Formul\u00e1rio de Inscri\u00e7\u00e3o [aten\u00e7\u00e3o: dentro do formul\u00e1rio encontra-se uma TABELA DE PONTUA\u00c7\u00c3O DO LATTES. Organize-se para preench\u00ea-la] \u2013 Clique para acessar o formul\u00e1rio 2. Formul\u00e1rio para declara\u00e7\u00e3o de etnia (quando [&hellip;]<\/p>\n","protected":false},"author":370,"featured_media":0,"parent":41,"menu_order":-33,"comment_status":"closed","ping_status":"closed","template":"","meta":{"jetpack_post_was_ever_published":false,"footnotes":""},"class_list":["post-5084","page","type-page","status-publish","hentry"],"yoast_head":"<!-- This site is optimized with the Yoast SEO plugin v26.7 - https:\/\/yoast.com\/wordpress\/plugins\/seo\/ -->\n<title>2023\/2 (vagas remanescentes) &#8211; Programa de P\u00f3s-Gradua\u00e7\u00e3o em Ci\u00eancia e Engenharia de Materiais<\/title>\n<meta name=\"robots\" content=\"index, follow, max-snippet:-1, max-image-preview:large, max-video-preview:-1\" \/>\n<link rel=\"canonical\" href=\"https:\/\/wp.ufpel.edu.br\/ppgcem\/editais\/abertura-de-edital-de-vagas-remanescentes-de-doutorado-semestre-2023-2\/\" \/>\n<meta property=\"og:locale\" content=\"pt_BR\" \/>\n<meta property=\"og:type\" content=\"article\" \/>\n<meta property=\"og:title\" content=\"2023\/2 (vagas remanescentes) &#8211; Programa de P\u00f3s-Gradua\u00e7\u00e3o em Ci\u00eancia e Engenharia de Materiais\" \/>\n<meta property=\"og:description\" content=\"VAGAS REMANESCENTES, EDITAL N\u00ba 188\/2023 Inscri\u00e7\u00f5es at\u00e9 dia 17\/08\/2023 Documentos para sele\u00e7\u00e3o de Doutorado 2023\/2 Acesse o Edital clicando aqui Vagas remanescentes. Demais documentos: 1. Formul\u00e1rio de Inscri\u00e7\u00e3o [aten\u00e7\u00e3o: dentro do formul\u00e1rio encontra-se uma TABELA DE PONTUA\u00c7\u00c3O DO LATTES. Organize-se para preench\u00ea-la] \u2013 Clique para acessar o formul\u00e1rio 2. Formul\u00e1rio para declara\u00e7\u00e3o de etnia (quando [&hellip;]\" \/>\n<meta property=\"og:url\" content=\"https:\/\/wp.ufpel.edu.br\/ppgcem\/editais\/abertura-de-edital-de-vagas-remanescentes-de-doutorado-semestre-2023-2\/\" \/>\n<meta property=\"og:site_name\" content=\"Programa de P\u00f3s-Gradua\u00e7\u00e3o em Ci\u00eancia e Engenharia de Materiais\" \/>\n<meta property=\"article:modified_time\" content=\"2025-03-17T23:01:56+00:00\" \/>\n<meta name=\"twitter:card\" content=\"summary_large_image\" \/>\n<meta name=\"twitter:label1\" content=\"Est. tempo de leitura\" \/>\n\t<meta name=\"twitter:data1\" content=\"1 minuto\" \/>\n<script type=\"application\/ld+json\" class=\"yoast-schema-graph\">{\"@context\":\"https:\/\/schema.org\",\"@graph\":[{\"@type\":\"WebPage\",\"@id\":\"https:\/\/wp.ufpel.edu.br\/ppgcem\/editais\/abertura-de-edital-de-vagas-remanescentes-de-doutorado-semestre-2023-2\/\",\"url\":\"https:\/\/wp.ufpel.edu.br\/ppgcem\/editais\/abertura-de-edital-de-vagas-remanescentes-de-doutorado-semestre-2023-2\/\",\"name\":\"2023\/2 (vagas remanescentes) &#8211; Programa de P\u00f3s-Gradua\u00e7\u00e3o em Ci\u00eancia e Engenharia de Materiais\",\"isPartOf\":{\"@id\":\"https:\/\/wp.ufpel.edu.br\/ppgcem\/pt\/#website\"},\"datePublished\":\"2025-03-17T22:58:57+00:00\",\"dateModified\":\"2025-03-17T23:01:56+00:00\",\"breadcrumb\":{\"@id\":\"https:\/\/wp.ufpel.edu.br\/ppgcem\/editais\/abertura-de-edital-de-vagas-remanescentes-de-doutorado-semestre-2023-2\/#breadcrumb\"},\"inLanguage\":\"pt-BR\",\"potentialAction\":[{\"@type\":\"ReadAction\",\"target\":[\"https:\/\/wp.ufpel.edu.br\/ppgcem\/editais\/abertura-de-edital-de-vagas-remanescentes-de-doutorado-semestre-2023-2\/\"]}]},{\"@type\":\"BreadcrumbList\",\"@id\":\"https:\/\/wp.ufpel.edu.br\/ppgcem\/editais\/abertura-de-edital-de-vagas-remanescentes-de-doutorado-semestre-2023-2\/#breadcrumb\",\"itemListElement\":[{\"@type\":\"ListItem\",\"position\":1,\"name\":\"In\u00edcio\",\"item\":\"https:\/\/wp.ufpel.edu.br\/ppgcem\/pt\/\"},{\"@type\":\"ListItem\",\"position\":2,\"name\":\"Processo Seletivo\",\"item\":\"https:\/\/wp.ufpel.edu.br\/ppgcem\/editais\/\"},{\"@type\":\"ListItem\",\"position\":3,\"name\":\"2023\/2 (vagas remanescentes)\"}]},{\"@type\":\"WebSite\",\"@id\":\"https:\/\/wp.ufpel.edu.br\/ppgcem\/pt\/#website\",\"url\":\"https:\/\/wp.ufpel.edu.br\/ppgcem\/pt\/\",\"name\":\"Programa de P\u00f3s-Gradua\u00e7\u00e3o em Ci\u00eancia e Engenharia de Materiais\",\"description\":\"\",\"potentialAction\":[{\"@type\":\"SearchAction\",\"target\":{\"@type\":\"EntryPoint\",\"urlTemplate\":\"https:\/\/wp.ufpel.edu.br\/ppgcem\/pt\/?s={search_term_string}\"},\"query-input\":{\"@type\":\"PropertyValueSpecification\",\"valueRequired\":true,\"valueName\":\"search_term_string\"}}],\"inLanguage\":\"pt-BR\"}]}<\/script>\n<!-- \/ Yoast SEO plugin. -->","yoast_head_json":{"title":"2023\/2 (vagas remanescentes) &#8211; Programa de P\u00f3s-Gradua\u00e7\u00e3o em Ci\u00eancia e Engenharia de Materiais","robots":{"index":"index","follow":"follow","max-snippet":"max-snippet:-1","max-image-preview":"max-image-preview:large","max-video-preview":"max-video-preview:-1"},"canonical":"https:\/\/wp.ufpel.edu.br\/ppgcem\/editais\/abertura-de-edital-de-vagas-remanescentes-de-doutorado-semestre-2023-2\/","og_locale":"pt_BR","og_type":"article","og_title":"2023\/2 (vagas remanescentes) &#8211; Programa de P\u00f3s-Gradua\u00e7\u00e3o em Ci\u00eancia e Engenharia de Materiais","og_description":"VAGAS REMANESCENTES, EDITAL N\u00ba 188\/2023 Inscri\u00e7\u00f5es at\u00e9 dia 17\/08\/2023 Documentos para sele\u00e7\u00e3o de Doutorado 2023\/2 Acesse o Edital clicando aqui Vagas remanescentes. Demais documentos: 1. Formul\u00e1rio de Inscri\u00e7\u00e3o [aten\u00e7\u00e3o: dentro do formul\u00e1rio encontra-se uma TABELA DE PONTUA\u00c7\u00c3O DO LATTES. Organize-se para preench\u00ea-la] \u2013 Clique para acessar o formul\u00e1rio 2. Formul\u00e1rio para declara\u00e7\u00e3o de etnia (quando [&hellip;]","og_url":"https:\/\/wp.ufpel.edu.br\/ppgcem\/editais\/abertura-de-edital-de-vagas-remanescentes-de-doutorado-semestre-2023-2\/","og_site_name":"Programa de P\u00f3s-Gradua\u00e7\u00e3o em Ci\u00eancia e Engenharia de Materiais","article_modified_time":"2025-03-17T23:01:56+00:00","twitter_card":"summary_large_image","twitter_misc":{"Est. tempo de leitura":"1 minuto"},"schema":{"@context":"https:\/\/schema.org","@graph":[{"@type":"WebPage","@id":"https:\/\/wp.ufpel.edu.br\/ppgcem\/editais\/abertura-de-edital-de-vagas-remanescentes-de-doutorado-semestre-2023-2\/","url":"https:\/\/wp.ufpel.edu.br\/ppgcem\/editais\/abertura-de-edital-de-vagas-remanescentes-de-doutorado-semestre-2023-2\/","name":"2023\/2 (vagas remanescentes) &#8211; Programa de P\u00f3s-Gradua\u00e7\u00e3o em Ci\u00eancia e Engenharia de Materiais","isPartOf":{"@id":"https:\/\/wp.ufpel.edu.br\/ppgcem\/pt\/#website"},"datePublished":"2025-03-17T22:58:57+00:00","dateModified":"2025-03-17T23:01:56+00:00","breadcrumb":{"@id":"https:\/\/wp.ufpel.edu.br\/ppgcem\/editais\/abertura-de-edital-de-vagas-remanescentes-de-doutorado-semestre-2023-2\/#breadcrumb"},"inLanguage":"pt-BR","potentialAction":[{"@type":"ReadAction","target":["https:\/\/wp.ufpel.edu.br\/ppgcem\/editais\/abertura-de-edital-de-vagas-remanescentes-de-doutorado-semestre-2023-2\/"]}]},{"@type":"BreadcrumbList","@id":"https:\/\/wp.ufpel.edu.br\/ppgcem\/editais\/abertura-de-edital-de-vagas-remanescentes-de-doutorado-semestre-2023-2\/#breadcrumb","itemListElement":[{"@type":"ListItem","position":1,"name":"In\u00edcio","item":"https:\/\/wp.ufpel.edu.br\/ppgcem\/pt\/"},{"@type":"ListItem","position":2,"name":"Processo Seletivo","item":"https:\/\/wp.ufpel.edu.br\/ppgcem\/editais\/"},{"@type":"ListItem","position":3,"name":"2023\/2 (vagas remanescentes)"}]},{"@type":"WebSite","@id":"https:\/\/wp.ufpel.edu.br\/ppgcem\/pt\/#website","url":"https:\/\/wp.ufpel.edu.br\/ppgcem\/pt\/","name":"Programa de P\u00f3s-Gradua\u00e7\u00e3o em Ci\u00eancia e Engenharia de Materiais","description":"","potentialAction":[{"@type":"SearchAction","target":{"@type":"EntryPoint","urlTemplate":"https:\/\/wp.ufpel.edu.br\/ppgcem\/pt\/?s={search_term_string}"},"query-input":{"@type":"PropertyValueSpecification","valueRequired":true,"valueName":"search_term_string"}}],"inLanguage":"pt-BR"}]}},"jetpack_sharing_enabled":true,"jetpack_shortlink":"https:\/\/wp.me\/P8zk0j-1k0","_links":{"self":[{"href":"https:\/\/wp.ufpel.edu.br\/ppgcem\/wp-json\/wp\/v2\/pages\/5084","targetHints":{"allow":["GET"]}}],"collection":[{"href":"https:\/\/wp.ufpel.edu.br\/ppgcem\/wp-json\/wp\/v2\/pages"}],"about":[{"href":"https:\/\/wp.ufpel.edu.br\/ppgcem\/wp-json\/wp\/v2\/types\/page"}],"author":[{"embeddable":true,"href":"https:\/\/wp.ufpel.edu.br\/ppgcem\/wp-json\/wp\/v2\/users\/370"}],"replies":[{"embeddable":true,"href":"https:\/\/wp.ufpel.edu.br\/ppgcem\/wp-json\/wp\/v2\/comments?post=5084"}],"version-history":[{"count":2,"href":"https:\/\/wp.ufpel.edu.br\/ppgcem\/wp-json\/wp\/v2\/pages\/5084\/revisions"}],"predecessor-version":[{"id":5093,"href":"https:\/\/wp.ufpel.edu.br\/ppgcem\/wp-json\/wp\/v2\/pages\/5084\/revisions\/5093"}],"up":[{"embeddable":true,"href":"https:\/\/wp.ufpel.edu.br\/ppgcem\/wp-json\/wp\/v2\/pages\/41"}],"wp:attachment":[{"href":"https:\/\/wp.ufpel.edu.br\/ppgcem\/wp-json\/wp\/v2\/media?parent=5084"}],"curies":[{"name":"wp","href":"https:\/\/api.w.org\/{rel}","templated":true}]}}