{"id":2222,"date":"2018-02-09T14:41:48","date_gmt":"2018-02-09T16:41:48","guid":{"rendered":"https:\/\/wp.ufpel.edu.br\/ppgcem\/?page_id=2222"},"modified":"2018-02-09T15:02:48","modified_gmt":"2018-02-09T17:02:48","slug":"envio-de-correspondencias-pelos-correios","status":"publish","type":"page","link":"https:\/\/wp.ufpel.edu.br\/ppgcem\/informacoes-aos-alunos\/envio-de-correspondencias-pelos-correios\/","title":{"rendered":"Envio de correspond\u00eancias pelos Correios"},"content":{"rendered":"<p>Havendo necessidade de envio de correspond\u00eancias (documentos ou amostras relacionadas \u00e0s atividades de pesquisa do PPGCEM), \u00e9 poss\u00edvel solicitar o envio atrav\u00e9s do setor de protocolo da UFPEL. Envios SEDEX devem ser justificados!<\/p>\n<p>Segue abaixo o passo-a-passo para cada modalidade de correspond\u00eancia:<\/p>\n<p><strong>CARTA\/DOCUMENTO &#8211; ENVIO NACIONAL<\/strong><\/p>\n<p>&#8211; Colocar o documento em envelope b\u00e1sico e fech\u00e1-lo com cola.<br \/>\n&#8211; Colar o endere\u00e7o de remetente e destinat\u00e1rio nos locais adequados do envelope, ou enviar o endere\u00e7o COMPLETO do destinat\u00e1rio para o e-mail da secretaria do PPGCEM.<br \/>\n&#8211; Preencher ou solicitar \u00e0 secretaria o preenchimento da <a href=\"https:\/\/wp.ufpel.edu.br\/pra\/files\/2017\/08\/Guia-de-Encaminhamento-Postal.docx\">Guia de Encaminhamento Postal<\/a><br \/>\n&#8211; Deixar o envelope e a Guia na secretaria.<\/p>\n<p><strong>CAIXA &#8211; ENVIO NACIONAL<\/strong><\/p>\n<p>&#8211; Colocar o conte\u00fado em caixa que obede\u00e7a \u00e0 tabela de dimens\u00f5es:<\/p>\n<table class=\"conteudo-tabela\" style=\"height: 121px\" width=\"382\">\n<tbody>\n<tr>\n<td><strong>Comprimento (C)\u00a0<\/strong><\/td>\n<td>\n<p>M\u00edn.<\/p>\n<p>16 cm<\/td>\n<td>\n<p>M\u00e1x<\/p>\n<p>105\u00a0cm<\/td>\n<\/tr>\n<tr>\n<td><strong>Largura (L)<\/strong><\/td>\n<td>11 cm<\/td>\n<td>105\u00a0cm<\/td>\n<\/tr>\n<tr>\n<td><strong>Altura (A)<\/strong><\/td>\n<td>2 cm<\/td>\n<td>105 cm<\/td>\n<\/tr>\n<tr>\n<td><strong>Soma das dimens\u00f5es: C + L + A<\/strong><\/td>\n<td>29 cm<\/td>\n<td>200 cm<\/td>\n<\/tr>\n<\/tbody>\n<\/table>\n<p>&#8211; Fechar a caixa com papel pardo e fita adesiva;<br \/>\n&#8211; Colar o endere\u00e7o de remetente e destinat\u00e1rio nos locais adequados da caixa, ou enviar o endere\u00e7o COMPLETO do destinat\u00e1rio para o e-mail da secretaria do PPGCEM.<br \/>\n&#8211; Preencher a\u00a0 <a href=\"https:\/\/www.correios.com.br\/para-voce\/correios-de-a-a-z\/pdf\/declaracao-de-valor\/DECLARAODECONTEDO.PDF\/at_download\/file\">Guia de Declara\u00e7\u00e3o de Conte\u00fado<\/a><br \/>\n&#8211; Preencher a <a href=\"https:\/\/wp.ufpel.edu.br\/pra\/files\/2017\/08\/Guia-de-Encaminhamento-Postal.docx\">Guia de Encaminhamento Postal<\/a><br \/>\n&#8211; Deixar o envelope e as guias na secretaria.<\/p>\n<p><strong>CARTA\/DOCUMENTO &#8211; ENVIO INTERNACIONAL<\/strong><\/p>\n<p>&#8211; Colocar o documento em envelope b\u00e1sico e fech\u00e1-lo com cola.<br \/>\n&#8211; IMPORTANTE! Ao digitar o endere\u00e7o do destinat\u00e1rio, inclua as informa\u00e7\u00f5es de contato: e-mail e telefone.<br \/>\n&#8211; Colar o endere\u00e7o de remetente e destinat\u00e1rio nos locais adequados do envelope, ou enviar o endere\u00e7o COMPLETO do destinat\u00e1rio para o e-mail da secretaria do PPGCEM.<br \/>\n&#8211; Preencher a <a href=\"https:\/\/wp.ufpel.edu.br\/pra\/files\/2017\/08\/Guia-de-Encaminhamento-Postal.docx\">Guia de Encaminhamento Postal<\/a> incluindo as informa\u00e7\u00f5es de e-mail e telefone.<br \/>\n&#8211; Deixar o envelope e a Guia na secretaria.<\/p>\n<p><strong>CAIXA &#8211; ENVIO INTERNACIONAL<\/strong><\/p>\n<p>&#8211; Colocar o conte\u00fado em caixa que obede\u00e7a \u00e0 tabela de dimens\u00f5es:<\/p>\n<table class=\"conteudo-tabela\" width=\"382\">\n<tbody>\n<tr>\n<td><strong>Comprimento (C)\u00a0<\/strong><\/td>\n<td>\n<p>M\u00edn.<\/p>\n<p>16 cm<\/td>\n<td>\n<p>M\u00e1x.<\/p>\n<p>105\u00a0cm<\/td>\n<\/tr>\n<tr>\n<td><strong>Largura (L)<\/strong><\/td>\n<td>11 cm<\/td>\n<td>105\u00a0cm<\/td>\n<\/tr>\n<tr>\n<td><strong>Altura (A)<\/strong><\/td>\n<td>2 cm<\/td>\n<td>105 cm<\/td>\n<\/tr>\n<tr>\n<td><strong>Soma das dimens\u00f5es: C + L + A<\/strong><\/td>\n<td>29 cm<\/td>\n<td>200 cm<\/td>\n<\/tr>\n<\/tbody>\n<\/table>\n<p>&#8211; Fechar a caixa com papel pardo e fita adesiva.<br \/>\n&#8211; IMPORTANTE! Ao digitar o endere\u00e7o do destinat\u00e1rio, inclua as informa\u00e7\u00f5es de contato: e-mail e telefone.<br \/>\n&#8211; Colar o endere\u00e7o de remetente e destinat\u00e1rio nos locais adequados da caixa, ou enviar o endere\u00e7o COMPLETO do destinat\u00e1rio para o e-mail da secretaria do PPGCEM.<br \/>\n&#8211; Preencher a\u00a0<a href=\"https:\/\/www.correios.com.br\/para-voce\/correios-de-a-a-z\/pdf\/leve-internacional\/Formulario_awb_052016.xls\/at_download\/file\">Declara\u00e7\u00e3o de Conte\u00fado &#8211; INTERNACIONAL <\/a><br \/>\n&#8211; Preencher a <a href=\"https:\/\/wp.ufpel.edu.br\/pra\/files\/2017\/08\/Guia-de-Encaminhamento-Postal.docx\">Guia de Encaminhamento Postal<\/a><br \/>\n&#8211; Deixar a caixa e as guias na secretaria.<\/p>\n<p>&nbsp;<\/p>\n<p><strong>VERIFICA\u00c7\u00c3O DA POSTAGEM E DO C\u00d3DIGO DE RASTREAMENTO<\/strong><\/p>\n<p>Para saber o c\u00f3digo de rastreamento dos objetos postados, acesse a p\u00e1gina do Protocolo da UFPEL: <a href=\"https:\/\/wp.ufpel.edu.br\/pra\/cmp\/nudoc\/postagem-dos-correios\/\">Postagem dos Correios<\/a><\/p>\n<p>Para rastrear o objeto postado, ap\u00f3s saber o c\u00f3digo de rastreamento, acesse: <a href=\"http:\/\/www2.correios.com.br\/sistemas\/rastreamento\/\">Rastreamento Correios<\/a><\/p>\n","protected":false},"excerpt":{"rendered":"<p>Havendo necessidade de envio de correspond\u00eancias (documentos ou amostras relacionadas \u00e0s atividades de pesquisa do PPGCEM), \u00e9 poss\u00edvel solicitar o envio atrav\u00e9s do setor de protocolo da UFPEL. Envios SEDEX devem ser justificados! Segue abaixo o passo-a-passo para cada modalidade de correspond\u00eancia: CARTA\/DOCUMENTO &#8211; ENVIO NACIONAL &#8211; Colocar o documento em envelope b\u00e1sico e fech\u00e1-lo [&hellip;]<\/p>\n","protected":false},"author":370,"featured_media":0,"parent":626,"menu_order":21,"comment_status":"closed","ping_status":"closed","template":"","meta":{"jetpack_post_was_ever_published":false,"footnotes":""},"class_list":["post-2222","page","type-page","status-publish","hentry"],"yoast_head":"<!-- This site is optimized with the Yoast SEO plugin v26.7 - https:\/\/yoast.com\/wordpress\/plugins\/seo\/ -->\n<title>Envio de correspond\u00eancias pelos Correios &#8211; Programa de P\u00f3s-Gradua\u00e7\u00e3o em Ci\u00eancia e Engenharia de Materiais<\/title>\n<meta name=\"robots\" content=\"index, follow, max-snippet:-1, max-image-preview:large, max-video-preview:-1\" \/>\n<link rel=\"canonical\" href=\"https:\/\/wp.ufpel.edu.br\/ppgcem\/pt\/informacoes-aos-alunos\/envio-de-correspondencias-pelos-correios\/\" \/>\n<meta property=\"og:locale\" content=\"pt_BR\" \/>\n<meta property=\"og:type\" content=\"article\" \/>\n<meta property=\"og:title\" content=\"Envio de correspond\u00eancias pelos Correios &#8211; Programa de P\u00f3s-Gradua\u00e7\u00e3o em Ci\u00eancia e Engenharia de Materiais\" \/>\n<meta property=\"og:description\" content=\"Havendo necessidade de envio de correspond\u00eancias (documentos ou amostras relacionadas \u00e0s atividades de pesquisa do PPGCEM), \u00e9 poss\u00edvel solicitar o envio atrav\u00e9s do setor de protocolo da UFPEL. Envios SEDEX devem ser justificados! Segue abaixo o passo-a-passo para cada modalidade de correspond\u00eancia: CARTA\/DOCUMENTO &#8211; ENVIO NACIONAL &#8211; Colocar o documento em envelope b\u00e1sico e fech\u00e1-lo [&hellip;]\" \/>\n<meta property=\"og:url\" content=\"https:\/\/wp.ufpel.edu.br\/ppgcem\/pt\/informacoes-aos-alunos\/envio-de-correspondencias-pelos-correios\/\" \/>\n<meta property=\"og:site_name\" content=\"Programa de P\u00f3s-Gradua\u00e7\u00e3o em Ci\u00eancia e Engenharia de Materiais\" \/>\n<meta property=\"article:modified_time\" content=\"2018-02-09T17:02:48+00:00\" \/>\n<meta name=\"twitter:card\" content=\"summary_large_image\" \/>\n<meta name=\"twitter:label1\" content=\"Est. tempo de leitura\" \/>\n\t<meta name=\"twitter:data1\" content=\"2 minutos\" \/>\n<script type=\"application\/ld+json\" class=\"yoast-schema-graph\">{\"@context\":\"https:\/\/schema.org\",\"@graph\":[{\"@type\":\"WebPage\",\"@id\":\"https:\/\/wp.ufpel.edu.br\/ppgcem\/pt\/informacoes-aos-alunos\/envio-de-correspondencias-pelos-correios\/\",\"url\":\"https:\/\/wp.ufpel.edu.br\/ppgcem\/pt\/informacoes-aos-alunos\/envio-de-correspondencias-pelos-correios\/\",\"name\":\"Envio de correspond\u00eancias pelos Correios &#8211; Programa de P\u00f3s-Gradua\u00e7\u00e3o em Ci\u00eancia e Engenharia de Materiais\",\"isPartOf\":{\"@id\":\"https:\/\/wp.ufpel.edu.br\/ppgcem\/pt\/#website\"},\"datePublished\":\"2018-02-09T16:41:48+00:00\",\"dateModified\":\"2018-02-09T17:02:48+00:00\",\"breadcrumb\":{\"@id\":\"https:\/\/wp.ufpel.edu.br\/ppgcem\/pt\/informacoes-aos-alunos\/envio-de-correspondencias-pelos-correios\/#breadcrumb\"},\"inLanguage\":\"pt-BR\",\"potentialAction\":[{\"@type\":\"ReadAction\",\"target\":[\"https:\/\/wp.ufpel.edu.br\/ppgcem\/pt\/informacoes-aos-alunos\/envio-de-correspondencias-pelos-correios\/\"]}]},{\"@type\":\"BreadcrumbList\",\"@id\":\"https:\/\/wp.ufpel.edu.br\/ppgcem\/pt\/informacoes-aos-alunos\/envio-de-correspondencias-pelos-correios\/#breadcrumb\",\"itemListElement\":[{\"@type\":\"ListItem\",\"position\":1,\"name\":\"In\u00edcio\",\"item\":\"https:\/\/wp.ufpel.edu.br\/ppgcem\/pt\/\"},{\"@type\":\"ListItem\",\"position\":2,\"name\":\"Informa\u00e7\u00f5es e Documentos\",\"item\":\"https:\/\/wp.ufpel.edu.br\/ppgcem\/pt\/informacoes-aos-alunos\/\"},{\"@type\":\"ListItem\",\"position\":3,\"name\":\"Envio de correspond\u00eancias pelos Correios\"}]},{\"@type\":\"WebSite\",\"@id\":\"https:\/\/wp.ufpel.edu.br\/ppgcem\/pt\/#website\",\"url\":\"https:\/\/wp.ufpel.edu.br\/ppgcem\/pt\/\",\"name\":\"Programa de P\u00f3s-Gradua\u00e7\u00e3o em Ci\u00eancia e Engenharia de Materiais\",\"description\":\"\",\"potentialAction\":[{\"@type\":\"SearchAction\",\"target\":{\"@type\":\"EntryPoint\",\"urlTemplate\":\"https:\/\/wp.ufpel.edu.br\/ppgcem\/pt\/?s={search_term_string}\"},\"query-input\":{\"@type\":\"PropertyValueSpecification\",\"valueRequired\":true,\"valueName\":\"search_term_string\"}}],\"inLanguage\":\"pt-BR\"}]}<\/script>\n<!-- \/ Yoast SEO plugin. -->","yoast_head_json":{"title":"Envio de correspond\u00eancias pelos Correios &#8211; Programa de P\u00f3s-Gradua\u00e7\u00e3o em Ci\u00eancia e Engenharia de Materiais","robots":{"index":"index","follow":"follow","max-snippet":"max-snippet:-1","max-image-preview":"max-image-preview:large","max-video-preview":"max-video-preview:-1"},"canonical":"https:\/\/wp.ufpel.edu.br\/ppgcem\/pt\/informacoes-aos-alunos\/envio-de-correspondencias-pelos-correios\/","og_locale":"pt_BR","og_type":"article","og_title":"Envio de correspond\u00eancias pelos Correios &#8211; Programa de P\u00f3s-Gradua\u00e7\u00e3o em Ci\u00eancia e Engenharia de Materiais","og_description":"Havendo necessidade de envio de correspond\u00eancias (documentos ou amostras relacionadas \u00e0s atividades de pesquisa do PPGCEM), \u00e9 poss\u00edvel solicitar o envio atrav\u00e9s do setor de protocolo da UFPEL. Envios SEDEX devem ser justificados! Segue abaixo o passo-a-passo para cada modalidade de correspond\u00eancia: CARTA\/DOCUMENTO &#8211; ENVIO NACIONAL &#8211; Colocar o documento em envelope b\u00e1sico e fech\u00e1-lo [&hellip;]","og_url":"https:\/\/wp.ufpel.edu.br\/ppgcem\/pt\/informacoes-aos-alunos\/envio-de-correspondencias-pelos-correios\/","og_site_name":"Programa de P\u00f3s-Gradua\u00e7\u00e3o em Ci\u00eancia e Engenharia de Materiais","article_modified_time":"2018-02-09T17:02:48+00:00","twitter_card":"summary_large_image","twitter_misc":{"Est. tempo de leitura":"2 minutos"},"schema":{"@context":"https:\/\/schema.org","@graph":[{"@type":"WebPage","@id":"https:\/\/wp.ufpel.edu.br\/ppgcem\/pt\/informacoes-aos-alunos\/envio-de-correspondencias-pelos-correios\/","url":"https:\/\/wp.ufpel.edu.br\/ppgcem\/pt\/informacoes-aos-alunos\/envio-de-correspondencias-pelos-correios\/","name":"Envio de correspond\u00eancias pelos Correios &#8211; Programa de P\u00f3s-Gradua\u00e7\u00e3o em Ci\u00eancia e Engenharia de Materiais","isPartOf":{"@id":"https:\/\/wp.ufpel.edu.br\/ppgcem\/pt\/#website"},"datePublished":"2018-02-09T16:41:48+00:00","dateModified":"2018-02-09T17:02:48+00:00","breadcrumb":{"@id":"https:\/\/wp.ufpel.edu.br\/ppgcem\/pt\/informacoes-aos-alunos\/envio-de-correspondencias-pelos-correios\/#breadcrumb"},"inLanguage":"pt-BR","potentialAction":[{"@type":"ReadAction","target":["https:\/\/wp.ufpel.edu.br\/ppgcem\/pt\/informacoes-aos-alunos\/envio-de-correspondencias-pelos-correios\/"]}]},{"@type":"BreadcrumbList","@id":"https:\/\/wp.ufpel.edu.br\/ppgcem\/pt\/informacoes-aos-alunos\/envio-de-correspondencias-pelos-correios\/#breadcrumb","itemListElement":[{"@type":"ListItem","position":1,"name":"In\u00edcio","item":"https:\/\/wp.ufpel.edu.br\/ppgcem\/pt\/"},{"@type":"ListItem","position":2,"name":"Informa\u00e7\u00f5es e Documentos","item":"https:\/\/wp.ufpel.edu.br\/ppgcem\/pt\/informacoes-aos-alunos\/"},{"@type":"ListItem","position":3,"name":"Envio de correspond\u00eancias pelos Correios"}]},{"@type":"WebSite","@id":"https:\/\/wp.ufpel.edu.br\/ppgcem\/pt\/#website","url":"https:\/\/wp.ufpel.edu.br\/ppgcem\/pt\/","name":"Programa de P\u00f3s-Gradua\u00e7\u00e3o em Ci\u00eancia e Engenharia de Materiais","description":"","potentialAction":[{"@type":"SearchAction","target":{"@type":"EntryPoint","urlTemplate":"https:\/\/wp.ufpel.edu.br\/ppgcem\/pt\/?s={search_term_string}"},"query-input":{"@type":"PropertyValueSpecification","valueRequired":true,"valueName":"search_term_string"}}],"inLanguage":"pt-BR"}]}},"jetpack_sharing_enabled":true,"jetpack_shortlink":"https:\/\/wp.me\/P8zk0j-zQ","_links":{"self":[{"href":"https:\/\/wp.ufpel.edu.br\/ppgcem\/wp-json\/wp\/v2\/pages\/2222","targetHints":{"allow":["GET"]}}],"collection":[{"href":"https:\/\/wp.ufpel.edu.br\/ppgcem\/wp-json\/wp\/v2\/pages"}],"about":[{"href":"https:\/\/wp.ufpel.edu.br\/ppgcem\/wp-json\/wp\/v2\/types\/page"}],"author":[{"embeddable":true,"href":"https:\/\/wp.ufpel.edu.br\/ppgcem\/wp-json\/wp\/v2\/users\/370"}],"replies":[{"embeddable":true,"href":"https:\/\/wp.ufpel.edu.br\/ppgcem\/wp-json\/wp\/v2\/comments?post=2222"}],"version-history":[{"count":6,"href":"https:\/\/wp.ufpel.edu.br\/ppgcem\/wp-json\/wp\/v2\/pages\/2222\/revisions"}],"predecessor-version":[{"id":2229,"href":"https:\/\/wp.ufpel.edu.br\/ppgcem\/wp-json\/wp\/v2\/pages\/2222\/revisions\/2229"}],"up":[{"embeddable":true,"href":"https:\/\/wp.ufpel.edu.br\/ppgcem\/wp-json\/wp\/v2\/pages\/626"}],"wp:attachment":[{"href":"https:\/\/wp.ufpel.edu.br\/ppgcem\/wp-json\/wp\/v2\/media?parent=2222"}],"curies":[{"name":"wp","href":"https:\/\/api.w.org\/{rel}","templated":true}]}}