{"id":1880,"date":"2017-07-03T12:48:32","date_gmt":"2017-07-03T15:48:32","guid":{"rendered":"https:\/\/wp.ufpel.edu.br\/ppgcem\/?page_id=1880"},"modified":"2018-08-02T16:09:05","modified_gmt":"2018-08-02T19:09:05","slug":"webconferencias","status":"publish","type":"page","link":"https:\/\/wp.ufpel.edu.br\/ppgcem\/informacoes-aos-alunos\/webconferencias\/","title":{"rendered":"Webconfer\u00eancias"},"content":{"rendered":"<h2><strong>| Espa\u00e7o<\/strong><strong> espec\u00edfico para Webconfer\u00eancia |<\/strong><\/h2>\n<p>Para a\u00a0utiliza\u00e7\u00e3o do espa\u00e7o de Webconfer\u00eancia da UFPEL, os pedidos\u00a0devem ser agendados com a Equipe Multidisciplinar, pelo endere\u00e7o <a href=\"mailto:cpedmultidisciplinar@gmail.com\">cpedmultidisciplinar@gmail.com<\/a>. O est\u00fadio est\u00e1 dispon\u00edvel para reservas nas segundas-feiras \u00e0 tarde, das 13h30 \u00e0s 18h; quartas e quintas-feiras, das 8h \u00e0s 12h; e na sexta-feira, das 19h \u00e0s 22h.<\/p>\n<p>O agendamento, bem como toda a log\u00edstica para a realiza\u00e7\u00e3o da webconfer\u00eancia, \u00e9 responsabilidade do aluno e seu orientador.<\/p>\n<p>&nbsp;<\/p>\n<h2><strong>| Plataforma para<\/strong><strong> Webconfer\u00eancia |<\/strong><\/h2>\n<p>A UFPel tamb\u00e9m conta com servi\u00e7o de webconfer\u00eancia. A plataforma pode ser utilizada para atividades como aulas, reuni\u00f5es, monitorias, treinamentos, apresenta\u00e7\u00f5es de trabalhos e bancas. Servidores t\u00e9cnicos e docentes podem criar\u00a0salas virtuais e disponibilizar acesso ao p\u00fablico. O servi\u00e7o est\u00e1 dispon\u00edvel no seguinte endere\u00e7o: <a href=\"http:\/\/webconf.ufpel.edu.br\" target=\"_blank\" rel=\"noopener\">webconf.ufpel.edu.br<\/a>.<\/p>\n<p>&nbsp;<\/p>\n","protected":false},"excerpt":{"rendered":"<p>| Espa\u00e7o espec\u00edfico para Webconfer\u00eancia | Para a\u00a0utiliza\u00e7\u00e3o do espa\u00e7o de Webconfer\u00eancia da UFPEL, os pedidos\u00a0devem ser agendados com a Equipe Multidisciplinar, pelo endere\u00e7o cpedmultidisciplinar@gmail.com. O est\u00fadio est\u00e1 dispon\u00edvel para reservas nas segundas-feiras \u00e0 tarde, das 13h30 \u00e0s 18h; quartas e quintas-feiras, das 8h \u00e0s 12h; e na sexta-feira, das 19h \u00e0s 22h. O agendamento, [&hellip;]<\/p>\n","protected":false},"author":370,"featured_media":0,"parent":626,"menu_order":20,"comment_status":"closed","ping_status":"closed","template":"","meta":{"jetpack_post_was_ever_published":false,"footnotes":""},"class_list":["post-1880","page","type-page","status-publish","hentry"],"yoast_head":"<!-- This site is optimized with the Yoast SEO plugin v26.7 - https:\/\/yoast.com\/wordpress\/plugins\/seo\/ -->\n<title>Webconfer\u00eancias &#8211; Programa de P\u00f3s-Gradua\u00e7\u00e3o em Ci\u00eancia e Engenharia de Materiais<\/title>\n<meta name=\"robots\" content=\"index, follow, max-snippet:-1, max-image-preview:large, max-video-preview:-1\" \/>\n<link rel=\"canonical\" href=\"https:\/\/wp.ufpel.edu.br\/ppgcem\/pt\/informacoes-aos-alunos\/webconferencias\/\" \/>\n<meta property=\"og:locale\" content=\"pt_BR\" \/>\n<meta property=\"og:type\" content=\"article\" \/>\n<meta property=\"og:title\" content=\"Webconfer\u00eancias &#8211; Programa de P\u00f3s-Gradua\u00e7\u00e3o em Ci\u00eancia e Engenharia de Materiais\" \/>\n<meta property=\"og:description\" content=\"| Espa\u00e7o espec\u00edfico para Webconfer\u00eancia | Para a\u00a0utiliza\u00e7\u00e3o do espa\u00e7o de Webconfer\u00eancia da UFPEL, os pedidos\u00a0devem ser agendados com a Equipe Multidisciplinar, pelo endere\u00e7o cpedmultidisciplinar@gmail.com. O est\u00fadio est\u00e1 dispon\u00edvel para reservas nas segundas-feiras \u00e0 tarde, das 13h30 \u00e0s 18h; quartas e quintas-feiras, das 8h \u00e0s 12h; e na sexta-feira, das 19h \u00e0s 22h. O agendamento, [&hellip;]\" \/>\n<meta property=\"og:url\" content=\"https:\/\/wp.ufpel.edu.br\/ppgcem\/pt\/informacoes-aos-alunos\/webconferencias\/\" \/>\n<meta property=\"og:site_name\" content=\"Programa de P\u00f3s-Gradua\u00e7\u00e3o em Ci\u00eancia e Engenharia de Materiais\" \/>\n<meta property=\"article:modified_time\" content=\"2018-08-02T19:09:05+00:00\" \/>\n<meta name=\"twitter:card\" content=\"summary_large_image\" \/>\n<meta name=\"twitter:label1\" content=\"Est. tempo de leitura\" \/>\n\t<meta name=\"twitter:data1\" content=\"1 minuto\" \/>\n<script type=\"application\/ld+json\" class=\"yoast-schema-graph\">{\"@context\":\"https:\/\/schema.org\",\"@graph\":[{\"@type\":\"WebPage\",\"@id\":\"https:\/\/wp.ufpel.edu.br\/ppgcem\/pt\/informacoes-aos-alunos\/webconferencias\/\",\"url\":\"https:\/\/wp.ufpel.edu.br\/ppgcem\/pt\/informacoes-aos-alunos\/webconferencias\/\",\"name\":\"Webconfer\u00eancias &#8211; Programa de P\u00f3s-Gradua\u00e7\u00e3o em Ci\u00eancia e Engenharia de Materiais\",\"isPartOf\":{\"@id\":\"https:\/\/wp.ufpel.edu.br\/ppgcem\/pt\/#website\"},\"datePublished\":\"2017-07-03T15:48:32+00:00\",\"dateModified\":\"2018-08-02T19:09:05+00:00\",\"breadcrumb\":{\"@id\":\"https:\/\/wp.ufpel.edu.br\/ppgcem\/pt\/informacoes-aos-alunos\/webconferencias\/#breadcrumb\"},\"inLanguage\":\"pt-BR\",\"potentialAction\":[{\"@type\":\"ReadAction\",\"target\":[\"https:\/\/wp.ufpel.edu.br\/ppgcem\/pt\/informacoes-aos-alunos\/webconferencias\/\"]}]},{\"@type\":\"BreadcrumbList\",\"@id\":\"https:\/\/wp.ufpel.edu.br\/ppgcem\/pt\/informacoes-aos-alunos\/webconferencias\/#breadcrumb\",\"itemListElement\":[{\"@type\":\"ListItem\",\"position\":1,\"name\":\"In\u00edcio\",\"item\":\"https:\/\/wp.ufpel.edu.br\/ppgcem\/pt\/\"},{\"@type\":\"ListItem\",\"position\":2,\"name\":\"Informa\u00e7\u00f5es e Documentos\",\"item\":\"https:\/\/wp.ufpel.edu.br\/ppgcem\/pt\/informacoes-aos-alunos\/\"},{\"@type\":\"ListItem\",\"position\":3,\"name\":\"Webconfer\u00eancias\"}]},{\"@type\":\"WebSite\",\"@id\":\"https:\/\/wp.ufpel.edu.br\/ppgcem\/pt\/#website\",\"url\":\"https:\/\/wp.ufpel.edu.br\/ppgcem\/pt\/\",\"name\":\"Programa de P\u00f3s-Gradua\u00e7\u00e3o em Ci\u00eancia e Engenharia de Materiais\",\"description\":\"\",\"potentialAction\":[{\"@type\":\"SearchAction\",\"target\":{\"@type\":\"EntryPoint\",\"urlTemplate\":\"https:\/\/wp.ufpel.edu.br\/ppgcem\/pt\/?s={search_term_string}\"},\"query-input\":{\"@type\":\"PropertyValueSpecification\",\"valueRequired\":true,\"valueName\":\"search_term_string\"}}],\"inLanguage\":\"pt-BR\"}]}<\/script>\n<!-- \/ Yoast SEO plugin. -->","yoast_head_json":{"title":"Webconfer\u00eancias &#8211; Programa de P\u00f3s-Gradua\u00e7\u00e3o em Ci\u00eancia e Engenharia de Materiais","robots":{"index":"index","follow":"follow","max-snippet":"max-snippet:-1","max-image-preview":"max-image-preview:large","max-video-preview":"max-video-preview:-1"},"canonical":"https:\/\/wp.ufpel.edu.br\/ppgcem\/pt\/informacoes-aos-alunos\/webconferencias\/","og_locale":"pt_BR","og_type":"article","og_title":"Webconfer\u00eancias &#8211; Programa de P\u00f3s-Gradua\u00e7\u00e3o em Ci\u00eancia e Engenharia de Materiais","og_description":"| Espa\u00e7o espec\u00edfico para Webconfer\u00eancia | Para a\u00a0utiliza\u00e7\u00e3o do espa\u00e7o de Webconfer\u00eancia da UFPEL, os pedidos\u00a0devem ser agendados com a Equipe Multidisciplinar, pelo endere\u00e7o cpedmultidisciplinar@gmail.com. O est\u00fadio est\u00e1 dispon\u00edvel para reservas nas segundas-feiras \u00e0 tarde, das 13h30 \u00e0s 18h; quartas e quintas-feiras, das 8h \u00e0s 12h; e na sexta-feira, das 19h \u00e0s 22h. O agendamento, [&hellip;]","og_url":"https:\/\/wp.ufpel.edu.br\/ppgcem\/pt\/informacoes-aos-alunos\/webconferencias\/","og_site_name":"Programa de P\u00f3s-Gradua\u00e7\u00e3o em Ci\u00eancia e Engenharia de Materiais","article_modified_time":"2018-08-02T19:09:05+00:00","twitter_card":"summary_large_image","twitter_misc":{"Est. tempo de leitura":"1 minuto"},"schema":{"@context":"https:\/\/schema.org","@graph":[{"@type":"WebPage","@id":"https:\/\/wp.ufpel.edu.br\/ppgcem\/pt\/informacoes-aos-alunos\/webconferencias\/","url":"https:\/\/wp.ufpel.edu.br\/ppgcem\/pt\/informacoes-aos-alunos\/webconferencias\/","name":"Webconfer\u00eancias &#8211; Programa de P\u00f3s-Gradua\u00e7\u00e3o em Ci\u00eancia e Engenharia de Materiais","isPartOf":{"@id":"https:\/\/wp.ufpel.edu.br\/ppgcem\/pt\/#website"},"datePublished":"2017-07-03T15:48:32+00:00","dateModified":"2018-08-02T19:09:05+00:00","breadcrumb":{"@id":"https:\/\/wp.ufpel.edu.br\/ppgcem\/pt\/informacoes-aos-alunos\/webconferencias\/#breadcrumb"},"inLanguage":"pt-BR","potentialAction":[{"@type":"ReadAction","target":["https:\/\/wp.ufpel.edu.br\/ppgcem\/pt\/informacoes-aos-alunos\/webconferencias\/"]}]},{"@type":"BreadcrumbList","@id":"https:\/\/wp.ufpel.edu.br\/ppgcem\/pt\/informacoes-aos-alunos\/webconferencias\/#breadcrumb","itemListElement":[{"@type":"ListItem","position":1,"name":"In\u00edcio","item":"https:\/\/wp.ufpel.edu.br\/ppgcem\/pt\/"},{"@type":"ListItem","position":2,"name":"Informa\u00e7\u00f5es e Documentos","item":"https:\/\/wp.ufpel.edu.br\/ppgcem\/pt\/informacoes-aos-alunos\/"},{"@type":"ListItem","position":3,"name":"Webconfer\u00eancias"}]},{"@type":"WebSite","@id":"https:\/\/wp.ufpel.edu.br\/ppgcem\/pt\/#website","url":"https:\/\/wp.ufpel.edu.br\/ppgcem\/pt\/","name":"Programa de P\u00f3s-Gradua\u00e7\u00e3o em Ci\u00eancia e Engenharia de Materiais","description":"","potentialAction":[{"@type":"SearchAction","target":{"@type":"EntryPoint","urlTemplate":"https:\/\/wp.ufpel.edu.br\/ppgcem\/pt\/?s={search_term_string}"},"query-input":{"@type":"PropertyValueSpecification","valueRequired":true,"valueName":"search_term_string"}}],"inLanguage":"pt-BR"}]}},"jetpack_sharing_enabled":true,"jetpack_shortlink":"https:\/\/wp.me\/P8zk0j-uk","_links":{"self":[{"href":"https:\/\/wp.ufpel.edu.br\/ppgcem\/wp-json\/wp\/v2\/pages\/1880","targetHints":{"allow":["GET"]}}],"collection":[{"href":"https:\/\/wp.ufpel.edu.br\/ppgcem\/wp-json\/wp\/v2\/pages"}],"about":[{"href":"https:\/\/wp.ufpel.edu.br\/ppgcem\/wp-json\/wp\/v2\/types\/page"}],"author":[{"embeddable":true,"href":"https:\/\/wp.ufpel.edu.br\/ppgcem\/wp-json\/wp\/v2\/users\/370"}],"replies":[{"embeddable":true,"href":"https:\/\/wp.ufpel.edu.br\/ppgcem\/wp-json\/wp\/v2\/comments?post=1880"}],"version-history":[{"count":4,"href":"https:\/\/wp.ufpel.edu.br\/ppgcem\/wp-json\/wp\/v2\/pages\/1880\/revisions"}],"predecessor-version":[{"id":2674,"href":"https:\/\/wp.ufpel.edu.br\/ppgcem\/wp-json\/wp\/v2\/pages\/1880\/revisions\/2674"}],"up":[{"embeddable":true,"href":"https:\/\/wp.ufpel.edu.br\/ppgcem\/wp-json\/wp\/v2\/pages\/626"}],"wp:attachment":[{"href":"https:\/\/wp.ufpel.edu.br\/ppgcem\/wp-json\/wp\/v2\/media?parent=1880"}],"curies":[{"name":"wp","href":"https:\/\/api.w.org\/{rel}","templated":true}]}}