{"id":1710,"date":"2017-04-18T15:11:22","date_gmt":"2017-04-18T18:11:22","guid":{"rendered":"https:\/\/wp.ufpel.edu.br\/ppgcem\/?page_id=1710"},"modified":"2019-09-24T15:50:47","modified_gmt":"2019-09-24T18:50:47","slug":"2016-2","status":"publish","type":"page","link":"https:\/\/wp.ufpel.edu.br\/ppgcem\/dissertacoes-e-teses\/dissertacoes\/2016-2\/","title":{"rendered":"2016"},"content":{"rendered":"<p>Caracteriza\u00e7\u00e3o de um res\u00edduo de cutelaria e estudo da sua reutiliza\u00e7\u00e3o em um comp\u00f3sito para reparos em pavimentos asf\u00e1lticos utilizando aquecimento por micro-ondas<\/p>\n<ul>\n<li>AUTOR: Mar\u00edlia Brykalski<\/li>\n<li>ORIENTADOR: Prof. Dr. Antonio Shigueaki Takimi<\/li>\n<li>DATA: 22\/02\/2016<\/li>\n<li>Disserta\u00e7\u00e3o sigilosa por motivo de dep\u00f3sito de patente.<\/li>\n<\/ul>\n<p>AVALIA\u00c7\u00c3O DA INFLU\u00caNCIA DE NANOPART\u00cdCULAS E MICROPART\u00cdCULAS DE Nb2O5 EM ADESIVO ODONTOL\u00d3GICO MODELO<\/p>\n<ul>\n<li>AUTOR: Nat\u00e1lia Hadler Marins<\/li>\n<li>ORIENTADOR: Prof. Dr. Fabr\u00edcio Aulo Ogliari<\/li>\n<li>DATA: 26\/02\/2016<\/li>\n<li>ACESSE A DISSERTA\u00c7\u00c3O: <a href=\"https:\/\/drive.google.com\/open?id=0B_M1U2LlEwspWnVhNGI0Zkx1OEk\">clique aqui<\/a><\/li>\n<\/ul>\n<p>S\u00cdNTESE E CARACTERIZA\u00c7\u00c3O DE ELETR\u00d3LITOS S\u00d3LIDOS POLIM\u00c9RICOS \u00c0 BASE DE \u00c1LCOOL POLIVIN\u00cdLICO &#8211; (PVA) E GOMA XANTANA<\/p>\n<ul>\n<li>AUTOR: Izabel Moraes Caldeira<\/li>\n<li>ORIENTADOR: Prof. Dr. Cesar Antonio Oropesa Avellaneda<\/li>\n<li>DATA: 02\/03\/2016<\/li>\n<li>ACESSE A DISSERTA\u00c7\u00c3O: <a href=\"https:\/\/drive.google.com\/open?id=0B_M1U2LlEwspbzFXTUxscFQwNE0\">clique aqui<\/a><\/li>\n<\/ul>\n<p>MODIFICA\u00c7\u00c3O SUPERFICIAL DE BENTONITA S\u00d3DICA PARA OBTEN\u00c7\u00c3O DE ARGILA ORGANOF\u00cdLICA<\/p>\n<ul>\n<li>AUTOR: Viviane Gobel Marques<\/li>\n<li>ORIENTADOR: Profa. Dra. Margarete Regina Freitas Gon\u00e7alves<\/li>\n<li>DATA: 18\/03\/2016<\/li>\n<li>ACESSE A DISSERTA\u00c7\u00c3O: <a href=\"https:\/\/drive.google.com\/open?id=0B_M1U2LlEwspZXhnb3U1X0c3RjA\">clique aqui<\/a><\/li>\n<\/ul>\n<p>INFLU\u00caNCIA\u00a0 DO\u00a0 V2O5 NAS PROPRIEDADES ELETROQU\u00cdMICAS\u00a0 E\u00a0 MORFOL\u00d3GICAS\u00a0 DO FILME DE CeO2<\/p>\n<ul>\n<li>AUTOR: Raphael Dorneles Caldeira Balboni<\/li>\n<li>ORIENTADOR: Prof. Dr. Cesar Antonio Oropesa Avellaneda<\/li>\n<li>DATA: 24\/03\/2016<\/li>\n<li>ACESSE A DISSERTA\u00c7\u00c3O: <a href=\"https:\/\/drive.google.com\/open?id=0B_M1U2LlEwspN3FJVGQ0WWNtaXM\">clique aqui<\/a><\/li>\n<\/ul>\n<p>MISTURA ENTRE CORANTES NATURAIS SENSIBILIZADORES DE NANOPART\u00cdCULAS DE TIO2 PARA APLICA\u00c7\u00c3O EM SISTEMA FOTOVOLTAICO<\/p>\n<ul>\n<li>AUTOR: Luiz Gilberto Konrath Junior<\/li>\n<li>ORIENTADOR: Prof. Dr. Sergio da Silva Cava<\/li>\n<li>DATA: 04\/05\/2016<\/li>\n<li>ACESSE A DISSERTA\u00c7\u00c3O: <a href=\"https:\/\/drive.google.com\/open?id=0B_M1U2LlEwspdDhqVWp4bUJIMzA\">clique aqui<\/a><\/li>\n<\/ul>\n<p>Recobrimentos sol-gel no sistema de \u00f3xidos CAS em superf\u00edcies de a\u00e7o carbono<\/p>\n<ul>\n<li>AUTOR: Luiz Henrique Neves Pacheco<\/li>\n<li>ORIENTADOR: Prof. Dr. Sergio da Silva Cava<\/li>\n<li>DATA: 15\/06\/2016<\/li>\n<li>ACESSE A DISSERTA\u00c7\u00c3O: <a href=\"https:\/\/drive.google.com\/open?id=0B_M1U2LlEwspSTR5ZlUyMzdpS0U\">clique aqui<\/a><\/li>\n<\/ul>\n<p>S\u00edntese de TiO2 utilizando Solvotermal Assistido por Micro-ondas para aplica\u00e7\u00e3o em C\u00e9lula Solar DSSC<\/p>\n<ul>\n<li>AUTOR: Luciano Timm Gularte<\/li>\n<li>ORIENTADOR: Prof. Dr. Sergio da Silva Cava<\/li>\n<li>DATA: 16\/06\/2016<\/li>\n<li>ACESSE A DISSERTA\u00c7\u00c3O: <a href=\"https:\/\/drive.google.com\/open?id=0B_M1U2LlEwspOFQ4UFNLR3RteTA\">clique aqui<\/a><\/li>\n<\/ul>\n<p>CONSTRU\u00c7\u00c3O DE EQUIPAMENTO E APLICA\u00c7\u00c3O DA T\u00c9CNICA DE ROTOFIA\u00c7\u00c3O PARA A S\u00cdNTESE DE FIBRAS DE EPS<\/p>\n<ul>\n<li>AUTOR: Gian Francesco dos Reis Paganotto<\/li>\n<li>ORIENTADOR: Prof. Dr. Antonio Shigueaki Takimi<\/li>\n<li>DATA: 01\/09\/2016<\/li>\n<li>ACESSE A DISSERTA\u00c7\u00c3O: <a href=\"https:\/\/drive.google.com\/open?id=0B_M1U2LlEwspRF91ZE5rdzhtQmc\">clique aqui<\/a><\/li>\n<\/ul>\n<p>Comp\u00f3sitos a base de celulose e nanotubos de carbono: obten\u00e7\u00e3o e potenciais aplica\u00e7\u00f5es como capacitor e sensor de metanol<\/p>\n<ul>\n<li>AUTOR: Bruno da Silveira Noremberg<\/li>\n<li>ORIENTADOR: Prof. Dr. Neftal\u00ed Lenin Villarreal Carre\u00f1o<\/li>\n<li>DATA: 21\/09\/2016<\/li>\n<li>ACESSE A DISSERTA\u00c7\u00c3O: <a href=\"https:\/\/drive.google.com\/open?id=0B_M1U2LlEwspWFJkSVRsUjY1Z28\">clique aqui<\/a><\/li>\n<\/ul>\n<p>Avalia\u00e7\u00e3o da Resist\u00eancia a Esfor\u00e7os C\u00edclicos dos Engineered Cementitious Composites (ECC) Produzidos com Adi\u00e7\u00e3o de Cinza de Casca de Arroz.<\/p>\n<ul>\n<li>AUTOR: Alceu Lopes de Freitas<\/li>\n<li>ORIENTADOR: Profa. Dra. Monica Regina Garcez<\/li>\n<li>DATA: 01\/10\/2016<\/li>\n<li>ACESSE A DISSERTA\u00c7\u00c3O: <a href=\"https:\/\/drive.google.com\/open?id=0B_M1U2LlEwspZ0JyTGNxN3FXOHc\">clique aqui<\/a><\/li>\n<\/ul>\n<p>Feixes de fibras lignocelul\u00f3sicas refinadas mecanicamente em comp\u00f3sitos ciment\u00edcios para avalia\u00e7\u00e3o da resist\u00eancia \u00e0 tra\u00e7\u00e3o<\/p>\n<ul>\n<li>AUTOR: Fl\u00e1vio Airton Knuth<\/li>\n<li>ORIENTADOR: Profa. Dra. Margarete Regina Freitas Gon\u00e7alves<\/li>\n<li>DATA: 10\/11\/2016<\/li>\n<li>ACESSE A DISSERTA\u00c7\u00c3O: <a href=\"https:\/\/drive.google.com\/open?id=0B_M1U2LlEwspVXhmeEdLV1lIM1U\">clique aqui<\/a><\/li>\n<\/ul>\n<p>INFLU\u00caNCIA DO ZrO 2 NAS PROPRIEDADES ELETROCR\u00d4MICAS DO FILME DE V2O5<\/p>\n<ul>\n<li>AUTOR: Monique da Rocha Loi<\/li>\n<li>ORIENTADOR: Prof. Dr. Cesar Antonio Oropesa Avellaneda<\/li>\n<li>DATA: 25\/11\/2016<\/li>\n<li>ACESSE A DISSERTA\u00c7\u00c3O: <a href=\"https:\/\/drive.google.com\/open?id=0B_M1U2LlEwspOFFyUXRhYnBuOWM\">clique aqui<\/a><\/li>\n<\/ul>\n<p>Obten\u00e7\u00e3o e caracteriza\u00e7\u00e3o de espumas v\u00edtreas a partir de res\u00edduos de vidros de l\u00e2mpadas fluorescentes e agentes espumantes a base de c\u00e1lcio<\/p>\n<ul>\n<li>AUTOR: Eduarda Medran Rangel<\/li>\n<li>ORIENTADOR: Prof. Dr. Fernando Machado Machado<\/li>\n<li>DATA: 20\/12\/2016<\/li>\n<li>ACESSE A DISSERTA\u00c7\u00c3O: <a href=\"https:\/\/drive.google.com\/open?id=0B_M1U2LlEwspeW9KWndSZXRxVDg\">clique aqui<\/a><\/li>\n<\/ul>\n<p>&nbsp;<\/p>\n","protected":false},"excerpt":{"rendered":"<p>Caracteriza\u00e7\u00e3o de um res\u00edduo de cutelaria e estudo da sua reutiliza\u00e7\u00e3o em um comp\u00f3sito para reparos em pavimentos asf\u00e1lticos utilizando aquecimento por micro-ondas AUTOR: Mar\u00edlia Brykalski ORIENTADOR: Prof. Dr. Antonio Shigueaki Takimi DATA: 22\/02\/2016 Disserta\u00e7\u00e3o sigilosa por motivo de dep\u00f3sito de patente. AVALIA\u00c7\u00c3O DA INFLU\u00caNCIA DE NANOPART\u00cdCULAS E MICROPART\u00cdCULAS DE Nb2O5 EM ADESIVO ODONTOL\u00d3GICO MODELO [&hellip;]<\/p>\n","protected":false},"author":370,"featured_media":0,"parent":490,"menu_order":-1,"comment_status":"closed","ping_status":"closed","template":"","meta":{"jetpack_post_was_ever_published":false,"footnotes":""},"class_list":["post-1710","page","type-page","status-publish","hentry"],"yoast_head":"<!-- This site is optimized with the Yoast SEO plugin v26.7 - https:\/\/yoast.com\/wordpress\/plugins\/seo\/ -->\n<title>2016 &#8211; Programa de P\u00f3s-Gradua\u00e7\u00e3o em Ci\u00eancia e Engenharia de Materiais<\/title>\n<meta name=\"robots\" content=\"index, follow, max-snippet:-1, max-image-preview:large, max-video-preview:-1\" \/>\n<link rel=\"canonical\" href=\"https:\/\/wp.ufpel.edu.br\/ppgcem\/pt\/dissertacoes-e-teses\/dissertacoes\/2016-2\/\" \/>\n<meta property=\"og:locale\" content=\"pt_BR\" \/>\n<meta property=\"og:type\" content=\"article\" \/>\n<meta property=\"og:title\" content=\"2016 &#8211; Programa de P\u00f3s-Gradua\u00e7\u00e3o em Ci\u00eancia e Engenharia de Materiais\" \/>\n<meta property=\"og:description\" content=\"Caracteriza\u00e7\u00e3o de um res\u00edduo de cutelaria e estudo da sua reutiliza\u00e7\u00e3o em um comp\u00f3sito para reparos em pavimentos asf\u00e1lticos utilizando aquecimento por micro-ondas AUTOR: Mar\u00edlia Brykalski ORIENTADOR: Prof. Dr. Antonio Shigueaki Takimi DATA: 22\/02\/2016 Disserta\u00e7\u00e3o sigilosa por motivo de dep\u00f3sito de patente. AVALIA\u00c7\u00c3O DA INFLU\u00caNCIA DE NANOPART\u00cdCULAS E MICROPART\u00cdCULAS DE Nb2O5 EM ADESIVO ODONTOL\u00d3GICO MODELO [&hellip;]\" \/>\n<meta property=\"og:url\" content=\"https:\/\/wp.ufpel.edu.br\/ppgcem\/pt\/dissertacoes-e-teses\/dissertacoes\/2016-2\/\" \/>\n<meta property=\"og:site_name\" content=\"Programa de P\u00f3s-Gradua\u00e7\u00e3o em Ci\u00eancia e Engenharia de Materiais\" \/>\n<meta property=\"article:modified_time\" content=\"2019-09-24T18:50:47+00:00\" \/>\n<meta name=\"twitter:card\" content=\"summary_large_image\" \/>\n<meta name=\"twitter:label1\" content=\"Est. tempo de leitura\" \/>\n\t<meta name=\"twitter:data1\" content=\"3 minutos\" \/>\n<script type=\"application\/ld+json\" class=\"yoast-schema-graph\">{\"@context\":\"https:\/\/schema.org\",\"@graph\":[{\"@type\":\"WebPage\",\"@id\":\"https:\/\/wp.ufpel.edu.br\/ppgcem\/pt\/dissertacoes-e-teses\/dissertacoes\/2016-2\/\",\"url\":\"https:\/\/wp.ufpel.edu.br\/ppgcem\/pt\/dissertacoes-e-teses\/dissertacoes\/2016-2\/\",\"name\":\"2016 &#8211; Programa de P\u00f3s-Gradua\u00e7\u00e3o em Ci\u00eancia e Engenharia de Materiais\",\"isPartOf\":{\"@id\":\"https:\/\/wp.ufpel.edu.br\/ppgcem\/pt\/#website\"},\"datePublished\":\"2017-04-18T18:11:22+00:00\",\"dateModified\":\"2019-09-24T18:50:47+00:00\",\"breadcrumb\":{\"@id\":\"https:\/\/wp.ufpel.edu.br\/ppgcem\/pt\/dissertacoes-e-teses\/dissertacoes\/2016-2\/#breadcrumb\"},\"inLanguage\":\"pt-BR\",\"potentialAction\":[{\"@type\":\"ReadAction\",\"target\":[\"https:\/\/wp.ufpel.edu.br\/ppgcem\/pt\/dissertacoes-e-teses\/dissertacoes\/2016-2\/\"]}]},{\"@type\":\"BreadcrumbList\",\"@id\":\"https:\/\/wp.ufpel.edu.br\/ppgcem\/pt\/dissertacoes-e-teses\/dissertacoes\/2016-2\/#breadcrumb\",\"itemListElement\":[{\"@type\":\"ListItem\",\"position\":1,\"name\":\"In\u00edcio\",\"item\":\"https:\/\/wp.ufpel.edu.br\/ppgcem\/pt\/\"},{\"@type\":\"ListItem\",\"position\":2,\"name\":\"Disserta\u00e7\u00f5es e Teses\",\"item\":\"https:\/\/wp.ufpel.edu.br\/ppgcem\/pt\/dissertacoes-e-teses\/\"},{\"@type\":\"ListItem\",\"position\":3,\"name\":\"Disserta\u00e7\u00f5es\",\"item\":\"https:\/\/wp.ufpel.edu.br\/ppgcem\/pt\/dissertacoes-e-teses\/dissertacoes\/\"},{\"@type\":\"ListItem\",\"position\":4,\"name\":\"2016\"}]},{\"@type\":\"WebSite\",\"@id\":\"https:\/\/wp.ufpel.edu.br\/ppgcem\/pt\/#website\",\"url\":\"https:\/\/wp.ufpel.edu.br\/ppgcem\/pt\/\",\"name\":\"Programa de P\u00f3s-Gradua\u00e7\u00e3o em Ci\u00eancia e Engenharia de Materiais\",\"description\":\"\",\"potentialAction\":[{\"@type\":\"SearchAction\",\"target\":{\"@type\":\"EntryPoint\",\"urlTemplate\":\"https:\/\/wp.ufpel.edu.br\/ppgcem\/pt\/?s={search_term_string}\"},\"query-input\":{\"@type\":\"PropertyValueSpecification\",\"valueRequired\":true,\"valueName\":\"search_term_string\"}}],\"inLanguage\":\"pt-BR\"}]}<\/script>\n<!-- \/ Yoast SEO plugin. -->","yoast_head_json":{"title":"2016 &#8211; Programa de P\u00f3s-Gradua\u00e7\u00e3o em Ci\u00eancia e Engenharia de Materiais","robots":{"index":"index","follow":"follow","max-snippet":"max-snippet:-1","max-image-preview":"max-image-preview:large","max-video-preview":"max-video-preview:-1"},"canonical":"https:\/\/wp.ufpel.edu.br\/ppgcem\/pt\/dissertacoes-e-teses\/dissertacoes\/2016-2\/","og_locale":"pt_BR","og_type":"article","og_title":"2016 &#8211; Programa de P\u00f3s-Gradua\u00e7\u00e3o em Ci\u00eancia e Engenharia de Materiais","og_description":"Caracteriza\u00e7\u00e3o de um res\u00edduo de cutelaria e estudo da sua reutiliza\u00e7\u00e3o em um comp\u00f3sito para reparos em pavimentos asf\u00e1lticos utilizando aquecimento por micro-ondas AUTOR: Mar\u00edlia Brykalski ORIENTADOR: Prof. Dr. Antonio Shigueaki Takimi DATA: 22\/02\/2016 Disserta\u00e7\u00e3o sigilosa por motivo de dep\u00f3sito de patente. AVALIA\u00c7\u00c3O DA INFLU\u00caNCIA DE NANOPART\u00cdCULAS E MICROPART\u00cdCULAS DE Nb2O5 EM ADESIVO ODONTOL\u00d3GICO MODELO [&hellip;]","og_url":"https:\/\/wp.ufpel.edu.br\/ppgcem\/pt\/dissertacoes-e-teses\/dissertacoes\/2016-2\/","og_site_name":"Programa de P\u00f3s-Gradua\u00e7\u00e3o em Ci\u00eancia e Engenharia de Materiais","article_modified_time":"2019-09-24T18:50:47+00:00","twitter_card":"summary_large_image","twitter_misc":{"Est. tempo de leitura":"3 minutos"},"schema":{"@context":"https:\/\/schema.org","@graph":[{"@type":"WebPage","@id":"https:\/\/wp.ufpel.edu.br\/ppgcem\/pt\/dissertacoes-e-teses\/dissertacoes\/2016-2\/","url":"https:\/\/wp.ufpel.edu.br\/ppgcem\/pt\/dissertacoes-e-teses\/dissertacoes\/2016-2\/","name":"2016 &#8211; Programa de P\u00f3s-Gradua\u00e7\u00e3o em Ci\u00eancia e Engenharia de Materiais","isPartOf":{"@id":"https:\/\/wp.ufpel.edu.br\/ppgcem\/pt\/#website"},"datePublished":"2017-04-18T18:11:22+00:00","dateModified":"2019-09-24T18:50:47+00:00","breadcrumb":{"@id":"https:\/\/wp.ufpel.edu.br\/ppgcem\/pt\/dissertacoes-e-teses\/dissertacoes\/2016-2\/#breadcrumb"},"inLanguage":"pt-BR","potentialAction":[{"@type":"ReadAction","target":["https:\/\/wp.ufpel.edu.br\/ppgcem\/pt\/dissertacoes-e-teses\/dissertacoes\/2016-2\/"]}]},{"@type":"BreadcrumbList","@id":"https:\/\/wp.ufpel.edu.br\/ppgcem\/pt\/dissertacoes-e-teses\/dissertacoes\/2016-2\/#breadcrumb","itemListElement":[{"@type":"ListItem","position":1,"name":"In\u00edcio","item":"https:\/\/wp.ufpel.edu.br\/ppgcem\/pt\/"},{"@type":"ListItem","position":2,"name":"Disserta\u00e7\u00f5es e Teses","item":"https:\/\/wp.ufpel.edu.br\/ppgcem\/pt\/dissertacoes-e-teses\/"},{"@type":"ListItem","position":3,"name":"Disserta\u00e7\u00f5es","item":"https:\/\/wp.ufpel.edu.br\/ppgcem\/pt\/dissertacoes-e-teses\/dissertacoes\/"},{"@type":"ListItem","position":4,"name":"2016"}]},{"@type":"WebSite","@id":"https:\/\/wp.ufpel.edu.br\/ppgcem\/pt\/#website","url":"https:\/\/wp.ufpel.edu.br\/ppgcem\/pt\/","name":"Programa de P\u00f3s-Gradua\u00e7\u00e3o em Ci\u00eancia e Engenharia de Materiais","description":"","potentialAction":[{"@type":"SearchAction","target":{"@type":"EntryPoint","urlTemplate":"https:\/\/wp.ufpel.edu.br\/ppgcem\/pt\/?s={search_term_string}"},"query-input":{"@type":"PropertyValueSpecification","valueRequired":true,"valueName":"search_term_string"}}],"inLanguage":"pt-BR"}]}},"jetpack_sharing_enabled":true,"jetpack_shortlink":"https:\/\/wp.me\/P8zk0j-rA","_links":{"self":[{"href":"https:\/\/wp.ufpel.edu.br\/ppgcem\/wp-json\/wp\/v2\/pages\/1710","targetHints":{"allow":["GET"]}}],"collection":[{"href":"https:\/\/wp.ufpel.edu.br\/ppgcem\/wp-json\/wp\/v2\/pages"}],"about":[{"href":"https:\/\/wp.ufpel.edu.br\/ppgcem\/wp-json\/wp\/v2\/types\/page"}],"author":[{"embeddable":true,"href":"https:\/\/wp.ufpel.edu.br\/ppgcem\/wp-json\/wp\/v2\/users\/370"}],"replies":[{"embeddable":true,"href":"https:\/\/wp.ufpel.edu.br\/ppgcem\/wp-json\/wp\/v2\/comments?post=1710"}],"version-history":[{"count":20,"href":"https:\/\/wp.ufpel.edu.br\/ppgcem\/wp-json\/wp\/v2\/pages\/1710\/revisions"}],"predecessor-version":[{"id":1752,"href":"https:\/\/wp.ufpel.edu.br\/ppgcem\/wp-json\/wp\/v2\/pages\/1710\/revisions\/1752"}],"up":[{"embeddable":true,"href":"https:\/\/wp.ufpel.edu.br\/ppgcem\/wp-json\/wp\/v2\/pages\/490"}],"wp:attachment":[{"href":"https:\/\/wp.ufpel.edu.br\/ppgcem\/wp-json\/wp\/v2\/media?parent=1710"}],"curies":[{"name":"wp","href":"https:\/\/api.w.org\/{rel}","templated":true}]}}