{"id":1699,"date":"2017-04-18T12:37:29","date_gmt":"2017-04-18T15:37:29","guid":{"rendered":"https:\/\/wp.ufpel.edu.br\/ppgcem\/?page_id=1699"},"modified":"2024-09-26T11:03:58","modified_gmt":"2024-09-26T14:03:58","slug":"laboratorio-de-filmes-finos-e-novos-materiais-laffimat","status":"publish","type":"page","link":"https:\/\/wp.ufpel.edu.br\/ppgcem\/infraestrutura\/laboratorio-de-filmes-finos-e-novos-materiais-laffimat\/","title":{"rendered":"Laborat\u00f3rio de Filmes Finos e Novos Materiais (LAFFIMAT)"},"content":{"rendered":"<p>O\u00a0<strong>LAFFIMAT (Laborat\u00f3rio de Filmes Finos e Novos Materiais<\/strong>\u00a0\u00e9 um laborat\u00f3rio de pesquisa do Programa de P\u00f3s-Gradua\u00e7\u00e3o em Ci\u00eancia e Engenharia de Materiais (PPGCEM) da UFPel, liderado pelo professor <strong>Dr. C\u00e9sar O Avellaneda <\/strong>(<a href=\"http:\/\/lattes.cnpq.br\/9101375491904726\"><strong>http:\/\/lattes.cnpq.br\/9101375491904726<\/strong><\/a><strong>)<\/strong>\u00a0 O laborat\u00f3rio tem como foco o desenvolvimento de\u00a0novos materiais sustent\u00e1veis. Assim, contribuir para avan\u00e7os cient\u00edficos e tecnol\u00f3gicos que respondem a desafios globais e alinhados aos\u00a0<strong>Objetivos de Desenvolvimento Sustent\u00e1vel (ODS)<\/strong>\u00a0da ONU.<\/p>\n<p>As principais linhas de pesquisa do LAFFIMAT incluem:<\/p>\n<ul>\n<li style=\"text-align: justify;\"><strong>Desenvolvimento de Filmes Finos de \u00d3xidos 1<\/strong>: Explora\u00e7\u00e3o de filmes finos semicondutores de TiO<sub>2<\/sub>, WO<sub>3<\/sub> e N<sub>2<\/sub>bO<sub>5<\/sub>, para aplica\u00e7\u00f5es em energia limpa e materiais sustent\u00e1veis. Esta linha se alinha ao\u00a0<strong>ODS 07: Energia Limpa e Access\u00edvel<\/strong>, promovendo o uso de recursos renov\u00e1veis e mais sustent\u00e1veis em processos produtivos.<\/li>\n<li style=\"text-align: justify;\"><strong>Desenvolvimento de Filmes Finos de \u00d3xidos 2<\/strong>: Explora\u00e7\u00e3o de filmes finos de TiO<sub>2<\/sub>, WO<sub>3<\/sub>, V2O5, CeO<sub>2<\/sub>, ZnO e Nb<sub>2<\/sub>O<sub>5<\/sub>, para aplica\u00e7\u00f5es em economia de energia e materiais sustent\u00e1veis. Esta linha se alinha ao\u00a0<strong>ODS 09: Ind\u00fastria, Inova\u00e7\u00e3o e Infraestrutura<\/strong>, fomentando as inova\u00e7\u00f5es tecnol\u00f3gicas e industriais sustent\u00e1veis.<\/li>\n<li style=\"text-align: justify;\"><strong>Eletr\u00f3lito \u00e0 base de pol\u00edmeros Naturais<\/strong>: Estudo e aplica\u00e7\u00e3o de pol\u00edmeros naturais com condutividade i\u00f4nia na forma de filme flex\u00edvel e gel. Estes materiais inovadores e biodegrad\u00e1vel com propriedades mec\u00e2nicas e viscosidade ajustadas, para o desenvolvimento de dispositivos opto-eletr\u00f4nicos e novos materiais. Esta linha de pesquisa contribui para o\u00a0<strong>ODS 9: Ind\u00fastria, Inova\u00e7\u00e3o e Infraestrutura<\/strong>, ao fomentar inova\u00e7\u00f5es tecnol\u00f3gicas e industriais sustent\u00e1veis,<\/li>\n<li style=\"text-align: justify;\"><strong>Dispositivos Opto-Eletr\u00f4nicos e trocadores de calor solo-ar<\/strong>: Estudo de dispositivos eletrocr\u00f4micos e trocadores de calor com caracter\u00edsticas para suas aplica\u00e7\u00f5es industriais e ambientais. Esta linha de pesquisas est\u00e1 alinhada com o <strong>ODS 9: Ind\u00fastria, Inova\u00e7\u00e3o e Infraestrutura<\/strong>, ao fomentar inova\u00e7\u00f5es tecnol\u00f3gicas e industriais sustent\u00e1veis, assim como alinhado com a linha <strong>ODS 11: Cidades e Comunidades sustent\u00e1veis <\/strong>ao fomentar a economia de energia e conforto t\u00e9rmico das habita\u00e7\u00f5es.<\/li>\n<li style=\"text-align: justify;\"><strong>Modelagem Matem\u00e1tica<\/strong>: Estudo de a simula\u00e7\u00e3o de sistemas reais em processos difusionais, a fim de prever o comportamento destes, utilizando de m\u00e9todos matem\u00e1ticos. Isto com o intuito de otimizar as propriedades de nossos materiais pesquisados. Esta alinhado com o o <strong>ODS 9: Ind\u00fastria, Inova\u00e7\u00e3o e Infraestrutura<\/strong>, ao fomentar inova\u00e7\u00f5es tecnol\u00f3gicas e industriais sustent\u00e1veis.<\/li>\n<li style=\"text-align: justify;\"><strong>Corros\u00e3o<\/strong>: O consumo do cimento desencadeou uma s\u00e9rie de problemas ambientais diretamente relacionados \u00e0 sua fabrica\u00e7\u00e3o. Da\u00ed a necessidade de um estudo se faz necess\u00e1rio no desenvolvimento de materiais alternativos que sirvam de incorpora\u00e7\u00e3o em matrizes ciment\u00edcias. Esta linha est\u00e1 alinhada com o <strong>ODS 11: Cidades e Comunidades sustent\u00e1veis <\/strong>ao fomentar constru\u00e7\u00f5es sustent\u00e1veis e resilientes, utilizando materiais locais<\/li>\n<\/ul>\n<p>O\u00a0<strong>LAFFIMAT<\/strong>\u00a0 destaca-se pela pesquisas inovadoras e sustent\u00e1veis para o desenvolvimento de novos materiais, com \u00eanfase com a sustentabilidade. Aborda o uso de\u00a0pol\u00edmeros naturais<strong>, <\/strong>na forma de filme e gel, como, Carboxymetilcelulose de s\u00f3dio, Pectina, Tragacanto, Xantana, Agar, Quitosana. Assim como desenvolvimentos diferentes \u00f3xidos. Tamb\u00e9m de desenvolver materiais alternativos para seu uso em concreto. Assim como estuda modelos matem\u00e1ticos para realizar simula\u00e7\u00e3o computacional para otimizar as propriedades dos materiais a serem estudados. Todas essas pesquisas est\u00e3o alinhadas com os <strong>ODS 07: Energia Limpa e Access\u00edvel, ODS 9: Ind\u00fastria, Inova\u00e7\u00e3o e Infraestrutura<\/strong>,\u00a0\u00a0e\u00a0<strong>ODS 11: Cidades e Comunidades sustent\u00e1veis<\/strong>, afirmando a sua influ\u00eancia por de uma sociedade mais sustent\u00e1vel e inovadora.<\/p>\n<p>&nbsp;<\/p>\n<p>Acesse o Instagram do nosso laborat\u00f3rio<\/p>\n<p><a href=\"https:\/\/www.instagram.com\/laffimat.ufpel\/\">https:\/\/www.instagram.com\/laffimat.ufpel\/<\/a><\/p>\n","protected":false},"excerpt":{"rendered":"<p>O\u00a0LAFFIMAT (Laborat\u00f3rio de Filmes Finos e Novos Materiais\u00a0\u00e9 um laborat\u00f3rio de pesquisa do Programa de P\u00f3s-Gradua\u00e7\u00e3o em Ci\u00eancia e Engenharia de Materiais (PPGCEM) da UFPel, liderado pelo professor Dr. C\u00e9sar O Avellaneda (http:\/\/lattes.cnpq.br\/9101375491904726)\u00a0 O laborat\u00f3rio tem como foco o desenvolvimento de\u00a0novos materiais sustent\u00e1veis. Assim, contribuir para avan\u00e7os cient\u00edficos e tecnol\u00f3gicos que respondem a desafios globais [&hellip;]<\/p>\n","protected":false},"author":370,"featured_media":0,"parent":88,"menu_order":0,"comment_status":"closed","ping_status":"closed","template":"","meta":{"jetpack_post_was_ever_published":false,"footnotes":""},"class_list":["post-1699","page","type-page","status-publish","hentry"],"yoast_head":"<!-- This site is optimized with the Yoast SEO plugin v26.7 - https:\/\/yoast.com\/wordpress\/plugins\/seo\/ -->\n<title>Laborat\u00f3rio de Filmes Finos e Novos Materiais (LAFFIMAT) &#8211; Programa de P\u00f3s-Gradua\u00e7\u00e3o em Ci\u00eancia e Engenharia de Materiais<\/title>\n<meta name=\"robots\" content=\"index, follow, max-snippet:-1, max-image-preview:large, max-video-preview:-1\" \/>\n<link rel=\"canonical\" href=\"https:\/\/wp.ufpel.edu.br\/ppgcem\/pt\/infraestrutura\/laboratorio-de-filmes-finos-e-novos-materiais-laffimat\/\" \/>\n<meta property=\"og:locale\" content=\"pt_BR\" \/>\n<meta property=\"og:type\" content=\"article\" \/>\n<meta property=\"og:title\" content=\"Laborat\u00f3rio de Filmes Finos e Novos Materiais (LAFFIMAT) &#8211; Programa de P\u00f3s-Gradua\u00e7\u00e3o em Ci\u00eancia e Engenharia de Materiais\" \/>\n<meta property=\"og:description\" content=\"O\u00a0LAFFIMAT (Laborat\u00f3rio de Filmes Finos e Novos Materiais\u00a0\u00e9 um laborat\u00f3rio de pesquisa do Programa de P\u00f3s-Gradua\u00e7\u00e3o em Ci\u00eancia e Engenharia de Materiais (PPGCEM) da UFPel, liderado pelo professor Dr. C\u00e9sar O Avellaneda (http:\/\/lattes.cnpq.br\/9101375491904726)\u00a0 O laborat\u00f3rio tem como foco o desenvolvimento de\u00a0novos materiais sustent\u00e1veis. Assim, contribuir para avan\u00e7os cient\u00edficos e tecnol\u00f3gicos que respondem a desafios globais [&hellip;]\" \/>\n<meta property=\"og:url\" content=\"https:\/\/wp.ufpel.edu.br\/ppgcem\/pt\/infraestrutura\/laboratorio-de-filmes-finos-e-novos-materiais-laffimat\/\" \/>\n<meta property=\"og:site_name\" content=\"Programa de P\u00f3s-Gradua\u00e7\u00e3o em Ci\u00eancia e Engenharia de Materiais\" \/>\n<meta property=\"article:modified_time\" content=\"2024-09-26T14:03:58+00:00\" \/>\n<meta name=\"twitter:card\" content=\"summary_large_image\" \/>\n<meta name=\"twitter:label1\" content=\"Est. tempo de leitura\" \/>\n\t<meta name=\"twitter:data1\" content=\"3 minutos\" \/>\n<script type=\"application\/ld+json\" class=\"yoast-schema-graph\">{\"@context\":\"https:\/\/schema.org\",\"@graph\":[{\"@type\":\"WebPage\",\"@id\":\"https:\/\/wp.ufpel.edu.br\/ppgcem\/pt\/infraestrutura\/laboratorio-de-filmes-finos-e-novos-materiais-laffimat\/\",\"url\":\"https:\/\/wp.ufpel.edu.br\/ppgcem\/pt\/infraestrutura\/laboratorio-de-filmes-finos-e-novos-materiais-laffimat\/\",\"name\":\"Laborat\u00f3rio de Filmes Finos e Novos Materiais (LAFFIMAT) &#8211; Programa de P\u00f3s-Gradua\u00e7\u00e3o em Ci\u00eancia e Engenharia de Materiais\",\"isPartOf\":{\"@id\":\"https:\/\/wp.ufpel.edu.br\/ppgcem\/pt\/#website\"},\"datePublished\":\"2017-04-18T15:37:29+00:00\",\"dateModified\":\"2024-09-26T14:03:58+00:00\",\"breadcrumb\":{\"@id\":\"https:\/\/wp.ufpel.edu.br\/ppgcem\/pt\/infraestrutura\/laboratorio-de-filmes-finos-e-novos-materiais-laffimat\/#breadcrumb\"},\"inLanguage\":\"pt-BR\",\"potentialAction\":[{\"@type\":\"ReadAction\",\"target\":[\"https:\/\/wp.ufpel.edu.br\/ppgcem\/pt\/infraestrutura\/laboratorio-de-filmes-finos-e-novos-materiais-laffimat\/\"]}]},{\"@type\":\"BreadcrumbList\",\"@id\":\"https:\/\/wp.ufpel.edu.br\/ppgcem\/pt\/infraestrutura\/laboratorio-de-filmes-finos-e-novos-materiais-laffimat\/#breadcrumb\",\"itemListElement\":[{\"@type\":\"ListItem\",\"position\":1,\"name\":\"In\u00edcio\",\"item\":\"https:\/\/wp.ufpel.edu.br\/ppgcem\/pt\/\"},{\"@type\":\"ListItem\",\"position\":2,\"name\":\"Grupos de Pesquisa\/Laborat\u00f3rios\",\"item\":\"https:\/\/wp.ufpel.edu.br\/ppgcem\/pt\/infraestrutura\/\"},{\"@type\":\"ListItem\",\"position\":3,\"name\":\"Laborat\u00f3rio de Filmes Finos e Novos Materiais (LAFFIMAT)\"}]},{\"@type\":\"WebSite\",\"@id\":\"https:\/\/wp.ufpel.edu.br\/ppgcem\/pt\/#website\",\"url\":\"https:\/\/wp.ufpel.edu.br\/ppgcem\/pt\/\",\"name\":\"Programa de P\u00f3s-Gradua\u00e7\u00e3o em Ci\u00eancia e Engenharia de Materiais\",\"description\":\"\",\"potentialAction\":[{\"@type\":\"SearchAction\",\"target\":{\"@type\":\"EntryPoint\",\"urlTemplate\":\"https:\/\/wp.ufpel.edu.br\/ppgcem\/pt\/?s={search_term_string}\"},\"query-input\":{\"@type\":\"PropertyValueSpecification\",\"valueRequired\":true,\"valueName\":\"search_term_string\"}}],\"inLanguage\":\"pt-BR\"}]}<\/script>\n<!-- \/ Yoast SEO plugin. -->","yoast_head_json":{"title":"Laborat\u00f3rio de Filmes Finos e Novos Materiais (LAFFIMAT) &#8211; Programa de P\u00f3s-Gradua\u00e7\u00e3o em Ci\u00eancia e Engenharia de Materiais","robots":{"index":"index","follow":"follow","max-snippet":"max-snippet:-1","max-image-preview":"max-image-preview:large","max-video-preview":"max-video-preview:-1"},"canonical":"https:\/\/wp.ufpel.edu.br\/ppgcem\/pt\/infraestrutura\/laboratorio-de-filmes-finos-e-novos-materiais-laffimat\/","og_locale":"pt_BR","og_type":"article","og_title":"Laborat\u00f3rio de Filmes Finos e Novos Materiais (LAFFIMAT) &#8211; Programa de P\u00f3s-Gradua\u00e7\u00e3o em Ci\u00eancia e Engenharia de Materiais","og_description":"O\u00a0LAFFIMAT (Laborat\u00f3rio de Filmes Finos e Novos Materiais\u00a0\u00e9 um laborat\u00f3rio de pesquisa do Programa de P\u00f3s-Gradua\u00e7\u00e3o em Ci\u00eancia e Engenharia de Materiais (PPGCEM) da UFPel, liderado pelo professor Dr. C\u00e9sar O Avellaneda (http:\/\/lattes.cnpq.br\/9101375491904726)\u00a0 O laborat\u00f3rio tem como foco o desenvolvimento de\u00a0novos materiais sustent\u00e1veis. Assim, contribuir para avan\u00e7os cient\u00edficos e tecnol\u00f3gicos que respondem a desafios globais [&hellip;]","og_url":"https:\/\/wp.ufpel.edu.br\/ppgcem\/pt\/infraestrutura\/laboratorio-de-filmes-finos-e-novos-materiais-laffimat\/","og_site_name":"Programa de P\u00f3s-Gradua\u00e7\u00e3o em Ci\u00eancia e Engenharia de Materiais","article_modified_time":"2024-09-26T14:03:58+00:00","twitter_card":"summary_large_image","twitter_misc":{"Est. tempo de leitura":"3 minutos"},"schema":{"@context":"https:\/\/schema.org","@graph":[{"@type":"WebPage","@id":"https:\/\/wp.ufpel.edu.br\/ppgcem\/pt\/infraestrutura\/laboratorio-de-filmes-finos-e-novos-materiais-laffimat\/","url":"https:\/\/wp.ufpel.edu.br\/ppgcem\/pt\/infraestrutura\/laboratorio-de-filmes-finos-e-novos-materiais-laffimat\/","name":"Laborat\u00f3rio de Filmes Finos e Novos Materiais (LAFFIMAT) &#8211; Programa de P\u00f3s-Gradua\u00e7\u00e3o em Ci\u00eancia e Engenharia de Materiais","isPartOf":{"@id":"https:\/\/wp.ufpel.edu.br\/ppgcem\/pt\/#website"},"datePublished":"2017-04-18T15:37:29+00:00","dateModified":"2024-09-26T14:03:58+00:00","breadcrumb":{"@id":"https:\/\/wp.ufpel.edu.br\/ppgcem\/pt\/infraestrutura\/laboratorio-de-filmes-finos-e-novos-materiais-laffimat\/#breadcrumb"},"inLanguage":"pt-BR","potentialAction":[{"@type":"ReadAction","target":["https:\/\/wp.ufpel.edu.br\/ppgcem\/pt\/infraestrutura\/laboratorio-de-filmes-finos-e-novos-materiais-laffimat\/"]}]},{"@type":"BreadcrumbList","@id":"https:\/\/wp.ufpel.edu.br\/ppgcem\/pt\/infraestrutura\/laboratorio-de-filmes-finos-e-novos-materiais-laffimat\/#breadcrumb","itemListElement":[{"@type":"ListItem","position":1,"name":"In\u00edcio","item":"https:\/\/wp.ufpel.edu.br\/ppgcem\/pt\/"},{"@type":"ListItem","position":2,"name":"Grupos de Pesquisa\/Laborat\u00f3rios","item":"https:\/\/wp.ufpel.edu.br\/ppgcem\/pt\/infraestrutura\/"},{"@type":"ListItem","position":3,"name":"Laborat\u00f3rio de Filmes Finos e Novos Materiais (LAFFIMAT)"}]},{"@type":"WebSite","@id":"https:\/\/wp.ufpel.edu.br\/ppgcem\/pt\/#website","url":"https:\/\/wp.ufpel.edu.br\/ppgcem\/pt\/","name":"Programa de P\u00f3s-Gradua\u00e7\u00e3o em Ci\u00eancia e Engenharia de Materiais","description":"","potentialAction":[{"@type":"SearchAction","target":{"@type":"EntryPoint","urlTemplate":"https:\/\/wp.ufpel.edu.br\/ppgcem\/pt\/?s={search_term_string}"},"query-input":{"@type":"PropertyValueSpecification","valueRequired":true,"valueName":"search_term_string"}}],"inLanguage":"pt-BR"}]}},"jetpack_sharing_enabled":true,"jetpack_shortlink":"https:\/\/wp.me\/P8zk0j-rp","_links":{"self":[{"href":"https:\/\/wp.ufpel.edu.br\/ppgcem\/wp-json\/wp\/v2\/pages\/1699","targetHints":{"allow":["GET"]}}],"collection":[{"href":"https:\/\/wp.ufpel.edu.br\/ppgcem\/wp-json\/wp\/v2\/pages"}],"about":[{"href":"https:\/\/wp.ufpel.edu.br\/ppgcem\/wp-json\/wp\/v2\/types\/page"}],"author":[{"embeddable":true,"href":"https:\/\/wp.ufpel.edu.br\/ppgcem\/wp-json\/wp\/v2\/users\/370"}],"replies":[{"embeddable":true,"href":"https:\/\/wp.ufpel.edu.br\/ppgcem\/wp-json\/wp\/v2\/comments?post=1699"}],"version-history":[{"count":3,"href":"https:\/\/wp.ufpel.edu.br\/ppgcem\/wp-json\/wp\/v2\/pages\/1699\/revisions"}],"predecessor-version":[{"id":4938,"href":"https:\/\/wp.ufpel.edu.br\/ppgcem\/wp-json\/wp\/v2\/pages\/1699\/revisions\/4938"}],"up":[{"embeddable":true,"href":"https:\/\/wp.ufpel.edu.br\/ppgcem\/wp-json\/wp\/v2\/pages\/88"}],"wp:attachment":[{"href":"https:\/\/wp.ufpel.edu.br\/ppgcem\/wp-json\/wp\/v2\/media?parent=1699"}],"curies":[{"name":"wp","href":"https:\/\/api.w.org\/{rel}","templated":true}]}}