{"id":1670,"date":"2017-03-30T13:37:55","date_gmt":"2017-03-30T16:37:55","guid":{"rendered":"https:\/\/wp.ufpel.edu.br\/ppgcem\/?page_id=1670"},"modified":"2025-05-13T14:36:18","modified_gmt":"2025-05-13T17:36:18","slug":"seminarios","status":"publish","type":"page","link":"https:\/\/wp.ufpel.edu.br\/ppgcem\/disciplinas-2\/seminarios\/","title":{"rendered":"Semin\u00e1rios"},"content":{"rendered":"<p><em>As disciplinas obrigat\u00f3rias semestrais \u201cSemin\u00e1rios I e II\u201d, se destinam \u00e0 discuss\u00e3o de trabalhos cient\u00edficos e protocolos de pesquisa com apresenta\u00e7\u00e3o de discentes e docentes do PPGCEM ou convidados. Em <strong>Semin\u00e1rios I<\/strong>, discentes de mestrado e doutorado assistem e debatem inicialmente sobre apresenta\u00e7\u00f5es de docentes e convidados. Ap\u00f3s o primeiro m\u00eas de aula, doutorandos matriculados na disciplina de <strong>Semin\u00e1rios II<\/strong> elaboram apresenta\u00e7\u00f5es referentes a seus projetos de tese para apresentar na disciplina de Semin\u00e1rios I. Para a disciplina de Semin\u00e1rios II, os discentes necessitam ter terminado a disciplina de Semin\u00e1rios I.<\/em><\/p>\n<p>&nbsp;<\/p>\n<p>Seguem alguns links de Semin\u00e1rios dados nos anos anteriores aos nossos discentes.<\/p>\n<p>Ver Link: https:\/\/wp.ufpel.edu.br\/ppgcem\/pt\/2022\/06\/25\/seminarios-do-ppgcem\/<\/p>\n<p dir=\"ltr\">Semin\u00e1rio 1: Slides para Cientistas<\/p>\n<p dir=\"ltr\">Dr. Rafael Grande (Aalto University)<\/p>\n<p dir=\"ltr\">Link:\u00a0<a href=\"https:\/\/bbbadm-balancer.ufpel.edu.br\/playback\/presentation\/2.3\/69a248aa43e2dfcea2971652e11eecc1086fb774-1652200541241\" target=\"_blank\" rel=\"noopener noreferrer\">Slides para cientistas<\/a><\/p>\n<p dir=\"ltr\">Semin\u00e1rio 2: Filmes finos e eletr\u00f3litos polim\u00e9ricos para aplica\u00e7\u00e3o em dispositivos eletrocromicos<\/p>\n<p dir=\"ltr\">Dra.\u00a0Camila Monteiro Cholant (UFPel)<\/p>\n<p dir=\"ltr\">Link:\u00a0<a href=\"https:\/\/bbbadm-balancer.ufpel.edu.br\/playback\/presentation\/2.3\/69a248aa43e2dfcea2971652e11eecc1086fb774-1653410950584\" target=\"_blank\" rel=\"noopener noreferrer\">Filmes finos<\/a><\/p>\n<p dir=\"ltr\">Semin\u00e1rio 3: Nanotecnologia aplicada a materiais lignocelul\u00f3sicos em um contexto de biorrefinaria<\/p>\n<p dir=\"ltr\">Dra.\u00a0Pedro H. G. de Cademartori (UFPR)<\/p>\n<p dir=\"ltr\">Link:\u00a0<a href=\"https:\/\/bbbadm-balancer.ufpel.edu.br\/playback\/presentation\/2.3\/69a248aa43e2dfcea2971652e11eecc1086fb774-1653670039172\" target=\"_blank\" rel=\"noopener noreferrer\">Biorrefinarias<\/a><\/p>\n<p dir=\"ltr\">Semin\u00e1rio 4: Prospec\u00e7\u00e3o de novas tecnologias voltadas a sensores e capacitores eletroquimicos: Desafios na aquisi\u00e7\u00e3o de recursos<\/p>\n<p dir=\"ltr\">Dr. Guilherme Kurz Maron (UFPel)<\/p>\n<p>Link:\u00a0<a href=\"https:\/\/bbbadm-balancer.ufpel.edu.br\/playback\/presentation\/2.3\/69a248aa43e2dfcea2971652e11eecc1086fb774-1654015436723\" target=\"_blank\" rel=\"noopener noreferrer\">Capacitores eletroquimicos<\/a><\/p>\n<p>&nbsp;<\/p>\n<p>&nbsp;<\/p>\n<p dir=\"ltr\">Semin\u00e1rio 5: Can the Geopolymers\u00a0be a substitute for Portland cement?<\/p>\n<p dir=\"ltr\">Dr. Erich D. R. Martinez (UFSM)<\/p>\n<p>Link:\u00a0<a href=\"https:\/\/bbbadm-balancer.ufpel.edu.br\/playback\/presentation\/2.3\/69a248aa43e2dfcea2971652e11eecc1086fb774-1654878673957\" target=\"_blank\" rel=\"noopener noreferrer\">Geopolymers<\/a><\/p>\n<div><\/div>\n<div>\n<p dir=\"ltr\">Semin\u00e1rio 6: \u00a0New opportunities for X-ray absorption spectroscopy under extreme conditions using synchrotron radiation<\/p>\n<p dir=\"ltr\">Dr.Jo\u00e3o Elias Figueiredo Soares Rodrigues (European Synchrotron Radiation Facility)<\/p>\n<\/div>\n<div>\n<p dir=\"ltr\">Semin\u00e1rio 7: Embalagens multifuncionais nanoestruturadas.<\/p>\n<p dir=\"ltr\">Dr.\u00a0Caio Gomide Otoni (UFSCar)<\/p>\n<div>\n<div class=\"v1gmail_signature\" dir=\"ltr\">\n<div dir=\"ltr\">\n<div dir=\"ltr\">\n<div dir=\"ltr\">\n<div dir=\"ltr\">\n<div dir=\"ltr\">\n<div dir=\"ltr\">\n<div dir=\"ltr\">\n<div dir=\"ltr\">\n<div dir=\"ltr\">\n<div dir=\"ltr\">\n<div><\/div>\n<\/div>\n<\/div>\n<\/div>\n<\/div>\n<\/div>\n<\/div>\n<\/div>\n<\/div>\n<\/div>\n<\/div>\n<\/div>\n<\/div>\n<\/div>\n<p>&nbsp;<\/p>\n","protected":false},"excerpt":{"rendered":"<p>As disciplinas obrigat\u00f3rias semestrais \u201cSemin\u00e1rios I e II\u201d, se destinam \u00e0 discuss\u00e3o de trabalhos cient\u00edficos e protocolos de pesquisa com apresenta\u00e7\u00e3o de discentes e docentes do PPGCEM ou convidados. Em Semin\u00e1rios I, discentes de mestrado e doutorado assistem e debatem inicialmente sobre apresenta\u00e7\u00f5es de docentes e convidados. Ap\u00f3s o primeiro m\u00eas de aula, doutorandos matriculados [&hellip;]<\/p>\n","protected":false},"author":370,"featured_media":0,"parent":2056,"menu_order":1,"comment_status":"closed","ping_status":"closed","template":"","meta":{"jetpack_post_was_ever_published":false,"footnotes":""},"class_list":["post-1670","page","type-page","status-publish","hentry"],"yoast_head":"<!-- This site is optimized with the Yoast SEO plugin v26.7 - https:\/\/yoast.com\/wordpress\/plugins\/seo\/ -->\n<title>Semin\u00e1rios &#8211; Programa de P\u00f3s-Gradua\u00e7\u00e3o em Ci\u00eancia e Engenharia de Materiais<\/title>\n<meta name=\"robots\" content=\"index, follow, max-snippet:-1, max-image-preview:large, max-video-preview:-1\" \/>\n<link rel=\"canonical\" href=\"https:\/\/wp.ufpel.edu.br\/ppgcem\/pt\/disciplinas-2\/seminarios\/\" \/>\n<meta property=\"og:locale\" content=\"pt_BR\" \/>\n<meta property=\"og:type\" content=\"article\" \/>\n<meta property=\"og:title\" content=\"Semin\u00e1rios &#8211; Programa de P\u00f3s-Gradua\u00e7\u00e3o em Ci\u00eancia e Engenharia de Materiais\" \/>\n<meta property=\"og:description\" content=\"As disciplinas obrigat\u00f3rias semestrais \u201cSemin\u00e1rios I e II\u201d, se destinam \u00e0 discuss\u00e3o de trabalhos cient\u00edficos e protocolos de pesquisa com apresenta\u00e7\u00e3o de discentes e docentes do PPGCEM ou convidados. Em Semin\u00e1rios I, discentes de mestrado e doutorado assistem e debatem inicialmente sobre apresenta\u00e7\u00f5es de docentes e convidados. Ap\u00f3s o primeiro m\u00eas de aula, doutorandos matriculados [&hellip;]\" \/>\n<meta property=\"og:url\" content=\"https:\/\/wp.ufpel.edu.br\/ppgcem\/pt\/disciplinas-2\/seminarios\/\" \/>\n<meta property=\"og:site_name\" content=\"Programa de P\u00f3s-Gradua\u00e7\u00e3o em Ci\u00eancia e Engenharia de Materiais\" \/>\n<meta property=\"article:modified_time\" content=\"2025-05-13T17:36:18+00:00\" \/>\n<meta name=\"twitter:card\" content=\"summary_large_image\" \/>\n<meta name=\"twitter:label1\" content=\"Est. tempo de leitura\" \/>\n\t<meta name=\"twitter:data1\" content=\"2 minutos\" \/>\n<script type=\"application\/ld+json\" class=\"yoast-schema-graph\">{\"@context\":\"https:\/\/schema.org\",\"@graph\":[{\"@type\":\"WebPage\",\"@id\":\"https:\/\/wp.ufpel.edu.br\/ppgcem\/pt\/disciplinas-2\/seminarios\/\",\"url\":\"https:\/\/wp.ufpel.edu.br\/ppgcem\/pt\/disciplinas-2\/seminarios\/\",\"name\":\"Semin\u00e1rios &#8211; Programa de P\u00f3s-Gradua\u00e7\u00e3o em Ci\u00eancia e Engenharia de Materiais\",\"isPartOf\":{\"@id\":\"https:\/\/wp.ufpel.edu.br\/ppgcem\/pt\/#website\"},\"datePublished\":\"2017-03-30T16:37:55+00:00\",\"dateModified\":\"2025-05-13T17:36:18+00:00\",\"breadcrumb\":{\"@id\":\"https:\/\/wp.ufpel.edu.br\/ppgcem\/pt\/disciplinas-2\/seminarios\/#breadcrumb\"},\"inLanguage\":\"pt-BR\",\"potentialAction\":[{\"@type\":\"ReadAction\",\"target\":[\"https:\/\/wp.ufpel.edu.br\/ppgcem\/pt\/disciplinas-2\/seminarios\/\"]}]},{\"@type\":\"BreadcrumbList\",\"@id\":\"https:\/\/wp.ufpel.edu.br\/ppgcem\/pt\/disciplinas-2\/seminarios\/#breadcrumb\",\"itemListElement\":[{\"@type\":\"ListItem\",\"position\":1,\"name\":\"In\u00edcio\",\"item\":\"https:\/\/wp.ufpel.edu.br\/ppgcem\/pt\/\"},{\"@type\":\"ListItem\",\"position\":2,\"name\":\"Disciplinas\",\"item\":\"https:\/\/wp.ufpel.edu.br\/ppgcem\/pt\/disciplinas-2\/\"},{\"@type\":\"ListItem\",\"position\":3,\"name\":\"Semin\u00e1rios\"}]},{\"@type\":\"WebSite\",\"@id\":\"https:\/\/wp.ufpel.edu.br\/ppgcem\/pt\/#website\",\"url\":\"https:\/\/wp.ufpel.edu.br\/ppgcem\/pt\/\",\"name\":\"Programa de P\u00f3s-Gradua\u00e7\u00e3o em Ci\u00eancia e Engenharia de Materiais\",\"description\":\"\",\"potentialAction\":[{\"@type\":\"SearchAction\",\"target\":{\"@type\":\"EntryPoint\",\"urlTemplate\":\"https:\/\/wp.ufpel.edu.br\/ppgcem\/pt\/?s={search_term_string}\"},\"query-input\":{\"@type\":\"PropertyValueSpecification\",\"valueRequired\":true,\"valueName\":\"search_term_string\"}}],\"inLanguage\":\"pt-BR\"}]}<\/script>\n<!-- \/ Yoast SEO plugin. -->","yoast_head_json":{"title":"Semin\u00e1rios &#8211; Programa de P\u00f3s-Gradua\u00e7\u00e3o em Ci\u00eancia e Engenharia de Materiais","robots":{"index":"index","follow":"follow","max-snippet":"max-snippet:-1","max-image-preview":"max-image-preview:large","max-video-preview":"max-video-preview:-1"},"canonical":"https:\/\/wp.ufpel.edu.br\/ppgcem\/pt\/disciplinas-2\/seminarios\/","og_locale":"pt_BR","og_type":"article","og_title":"Semin\u00e1rios &#8211; Programa de P\u00f3s-Gradua\u00e7\u00e3o em Ci\u00eancia e Engenharia de Materiais","og_description":"As disciplinas obrigat\u00f3rias semestrais \u201cSemin\u00e1rios I e II\u201d, se destinam \u00e0 discuss\u00e3o de trabalhos cient\u00edficos e protocolos de pesquisa com apresenta\u00e7\u00e3o de discentes e docentes do PPGCEM ou convidados. Em Semin\u00e1rios I, discentes de mestrado e doutorado assistem e debatem inicialmente sobre apresenta\u00e7\u00f5es de docentes e convidados. Ap\u00f3s o primeiro m\u00eas de aula, doutorandos matriculados [&hellip;]","og_url":"https:\/\/wp.ufpel.edu.br\/ppgcem\/pt\/disciplinas-2\/seminarios\/","og_site_name":"Programa de P\u00f3s-Gradua\u00e7\u00e3o em Ci\u00eancia e Engenharia de Materiais","article_modified_time":"2025-05-13T17:36:18+00:00","twitter_card":"summary_large_image","twitter_misc":{"Est. tempo de leitura":"2 minutos"},"schema":{"@context":"https:\/\/schema.org","@graph":[{"@type":"WebPage","@id":"https:\/\/wp.ufpel.edu.br\/ppgcem\/pt\/disciplinas-2\/seminarios\/","url":"https:\/\/wp.ufpel.edu.br\/ppgcem\/pt\/disciplinas-2\/seminarios\/","name":"Semin\u00e1rios &#8211; Programa de P\u00f3s-Gradua\u00e7\u00e3o em Ci\u00eancia e Engenharia de Materiais","isPartOf":{"@id":"https:\/\/wp.ufpel.edu.br\/ppgcem\/pt\/#website"},"datePublished":"2017-03-30T16:37:55+00:00","dateModified":"2025-05-13T17:36:18+00:00","breadcrumb":{"@id":"https:\/\/wp.ufpel.edu.br\/ppgcem\/pt\/disciplinas-2\/seminarios\/#breadcrumb"},"inLanguage":"pt-BR","potentialAction":[{"@type":"ReadAction","target":["https:\/\/wp.ufpel.edu.br\/ppgcem\/pt\/disciplinas-2\/seminarios\/"]}]},{"@type":"BreadcrumbList","@id":"https:\/\/wp.ufpel.edu.br\/ppgcem\/pt\/disciplinas-2\/seminarios\/#breadcrumb","itemListElement":[{"@type":"ListItem","position":1,"name":"In\u00edcio","item":"https:\/\/wp.ufpel.edu.br\/ppgcem\/pt\/"},{"@type":"ListItem","position":2,"name":"Disciplinas","item":"https:\/\/wp.ufpel.edu.br\/ppgcem\/pt\/disciplinas-2\/"},{"@type":"ListItem","position":3,"name":"Semin\u00e1rios"}]},{"@type":"WebSite","@id":"https:\/\/wp.ufpel.edu.br\/ppgcem\/pt\/#website","url":"https:\/\/wp.ufpel.edu.br\/ppgcem\/pt\/","name":"Programa de P\u00f3s-Gradua\u00e7\u00e3o em Ci\u00eancia e Engenharia de Materiais","description":"","potentialAction":[{"@type":"SearchAction","target":{"@type":"EntryPoint","urlTemplate":"https:\/\/wp.ufpel.edu.br\/ppgcem\/pt\/?s={search_term_string}"},"query-input":{"@type":"PropertyValueSpecification","valueRequired":true,"valueName":"search_term_string"}}],"inLanguage":"pt-BR"}]}},"jetpack_sharing_enabled":true,"jetpack_shortlink":"https:\/\/wp.me\/P8zk0j-qW","_links":{"self":[{"href":"https:\/\/wp.ufpel.edu.br\/ppgcem\/wp-json\/wp\/v2\/pages\/1670","targetHints":{"allow":["GET"]}}],"collection":[{"href":"https:\/\/wp.ufpel.edu.br\/ppgcem\/wp-json\/wp\/v2\/pages"}],"about":[{"href":"https:\/\/wp.ufpel.edu.br\/ppgcem\/wp-json\/wp\/v2\/types\/page"}],"author":[{"embeddable":true,"href":"https:\/\/wp.ufpel.edu.br\/ppgcem\/wp-json\/wp\/v2\/users\/370"}],"replies":[{"embeddable":true,"href":"https:\/\/wp.ufpel.edu.br\/ppgcem\/wp-json\/wp\/v2\/comments?post=1670"}],"version-history":[{"count":37,"href":"https:\/\/wp.ufpel.edu.br\/ppgcem\/wp-json\/wp\/v2\/pages\/1670\/revisions"}],"predecessor-version":[{"id":5236,"href":"https:\/\/wp.ufpel.edu.br\/ppgcem\/wp-json\/wp\/v2\/pages\/1670\/revisions\/5236"}],"up":[{"embeddable":true,"href":"https:\/\/wp.ufpel.edu.br\/ppgcem\/wp-json\/wp\/v2\/pages\/2056"}],"wp:attachment":[{"href":"https:\/\/wp.ufpel.edu.br\/ppgcem\/wp-json\/wp\/v2\/media?parent=1670"}],"curies":[{"name":"wp","href":"https:\/\/api.w.org\/{rel}","templated":true}]}}