{"id":1646,"date":"2017-03-28T16:01:55","date_gmt":"2017-03-28T19:01:55","guid":{"rendered":"https:\/\/wp.ufpel.edu.br\/ppgcem\/?page_id=1646"},"modified":"2025-03-18T17:47:59","modified_gmt":"2025-03-18T20:47:59","slug":"laboratorio-de-propriedades-da-madeira-agendamentos","status":"publish","type":"page","link":"https:\/\/wp.ufpel.edu.br\/ppgcem\/infraestrutura\/laboratorio-de-propriedades-da-madeira-agendamentos\/","title":{"rendered":"Laborat\u00f3rio de Propriedades da Madeira"},"content":{"rendered":"<p>O <strong>Laborat\u00f3rio de Propriedades da Madeira<\/strong>\u00a0\u00e9 um laborat\u00f3rio de pesquisa do\u00a0<strong>Programa de P\u00f3s-Gradua\u00e7\u00e3o em Ci\u00eancia e Engenharia de Materiais (PPGCEM)<\/strong>\u00a0da\u00a0<strong>UFPel<\/strong>, liderado pelos professores\u00a0<strong>Darci Alberto Gatto (<a href=\"http:\/\/lattes.cnpq.br\/0592339091520248\">Lattes<\/a>)<\/strong>,\u00a0<strong>Rafael de \u00c1vila Delucis (<a href=\"http:\/\/buscatextual.cnpq.br\/buscatextual\/visualizacv.do?id=K4472271T6\">lattes<\/a>)<\/strong>\u00a0e <strong>Rafael Beltrame (<a href=\"http:\/\/lattes.cnpq.br\/1995147035662011\">lattes<\/a>)<\/strong>. O laborat\u00f3rio tem como foco o estudo e o desenvolvimento de tecnologias sustent\u00e1veis para o aproveitamento de recursos lignocelul\u00f3sicos, como madeira, cascas e res\u00edduos agr\u00edcolas, contribuindo para avan\u00e7os cient\u00edficos e tecnol\u00f3gicos alinhados aos\u00a0<strong>Objetivos de Desenvolvimento Sustent\u00e1vel (ODS)<\/strong>\u00a0da ONU.<\/p>\n<p>As principais pesquisas do Laborat\u00f3rio de Propriedades da Madeira incluem:<\/p>\n<ol start=\"1\">\n<li><strong>Biorrefinaria Lignocelul\u00f3sica:<\/strong><br \/>\nDesenvolvimento de processos de biorrefinaria para o aproveitamento de madeira, cascas e res\u00edduos agr\u00edcolas, visando a produ\u00e7\u00e3o de materiais e produtos de alto valor agregado. Esta linha de pesquisa est\u00e1 alinhada ao\u00a0<strong>ODS 9: Ind\u00fastria, Inova\u00e7\u00e3o e Infraestrutura<\/strong>, ao promover tecnologias sustent\u00e1veis e inovadoras para a ind\u00fastria.<\/li>\n<li><strong>Uso de Fibras Vegetais em Comp\u00f3sitos e Concretos:<\/strong><br \/>\nEstudo e aplica\u00e7\u00e3o de fibras vegetais no desenvolvimento de comp\u00f3sitos e concretos, com foco na melhoria das propriedades mec\u00e2nicas e na redu\u00e7\u00e3o do impacto ambiental. Esta linha contribui para o\u00a0<strong>ODS 12: Consumo e Produ\u00e7\u00e3o Respons\u00e1veis<\/strong>, ao incentivar o uso de materiais renov\u00e1veis e sustent\u00e1veis.<\/li>\n<li><strong>Tratamentos de Modifica\u00e7\u00e3o da Madeira:<\/strong><br \/>\nPesquisa em tratamentos de modifica\u00e7\u00e3o da madeira, como\u00a0<strong>furfurila\u00e7\u00e3o<\/strong>,\u00a0<strong>termorretifica\u00e7\u00e3o<\/strong>\u00a0e\u00a0<strong>impregna\u00e7\u00f5es<\/strong>, para melhorar suas propriedades f\u00edsicas, mec\u00e2nicas e de durabilidade. Esta linha est\u00e1 alinhada ao\u00a0<strong>ODS 9: Ind\u00fastria, Inova\u00e7\u00e3o e Infraestrutura<\/strong>, ao promover inova\u00e7\u00f5es tecnol\u00f3gicas para o setor madeireiro.<\/li>\n<li><strong>Madeira Transparente:<\/strong><br \/>\nDesenvolvimento de tecnologias para a produ\u00e7\u00e3o de madeira transparente, um material inovador com aplica\u00e7\u00f5es em arquitetura, design e energia. Esta linha de pesquisa contribui para o\u00a0<strong>ODS 7: Energia Limpa e Acess\u00edvel<\/strong>, ao explorar novas aplica\u00e7\u00f5es para materiais sustent\u00e1veis.<\/li>\n<li><strong>Pirolise Lenta de Biomassa Lignocelul\u00f3sica:<\/strong><br \/>\nEstudo e otimiza\u00e7\u00e3o de processos de pirolise lenta para a convers\u00e3o de biomassa lignocelul\u00f3sica em biochar, bio-\u00f3leo e gases combust\u00edveis. Esta linha de pesquisa est\u00e1 alinhada ao\u00a0<strong>ODS 7: Energia Limpa e Acess\u00edvel<\/strong>\u00a0e ao\u00a0<strong>ODS 13: A\u00e7\u00e3o Contra a Mudan\u00e7a Global do Clima<\/strong>, ao promover tecnologias que reduzem emiss\u00f5es de carbono e incentivam o uso de fontes de energia renov\u00e1veis.<\/li>\n<\/ol>\n<h4><strong>Compromisso com a Sustentabilidade e Inova\u00e7\u00e3o<\/strong><\/h4>\n<p>O Laborat\u00f3rio de Propriedades da Madeira se destaca pelo seu compromisso com a sustentabilidade e a inova\u00e7\u00e3o, buscando solu\u00e7\u00f5es tecnol\u00f3gicas que promovam o uso eficiente de recursos naturais renov\u00e1veis. Ao focar em biorrefinarias, fibras vegetais, tratamentos de madeira e materiais inovadores como a madeira transparente, o laborat\u00f3rio contribui para o avan\u00e7o cient\u00edfico e tecnol\u00f3gico em conformidade com os <strong>ODS 7: Energia Limpa e Acess\u00edvel<\/strong>,\u00a0<strong>ODS 9: Ind\u00fastria, Inova\u00e7\u00e3o e Infraestrutura<\/strong>\u00a0e\u00a0<strong>ODS 12: Consumo e Produ\u00e7\u00e3o Respons\u00e1veis<\/strong>.<\/p>\n<h4><strong>Infraestrutura e Equipamentos<\/strong><\/h4>\n<p>O laborat\u00f3rio conta com uma infraestrutura moderna e equipamentos de ponta, que permitem a realiza\u00e7\u00e3o de pesquisas avan\u00e7adas em ci\u00eancia e tecnologia da madeira. Entre os equipamentos dispon\u00edveis est\u00e3o:<\/p>\n<ul>\n<li><strong>Equipamentos para an\u00e1lise de propriedades f\u00edsicas e mec\u00e2nicas da madeira.<\/strong><\/li>\n<li><strong>Reatores para processos de biorrefinaria.<\/strong><\/li>\n<li><strong>Sistemas para tratamento e modifica\u00e7\u00e3o da madeira.<\/strong><\/li>\n<li><strong>Instrumentos para caracteriza\u00e7\u00e3o de materiais lignocelul\u00f3sicos.<\/strong><\/li>\n<\/ul>\n<h4><strong>Acesso ao Laborat\u00f3rio<\/strong><\/h4>\n<p>Para mais informa\u00e7\u00f5es sobre o Laborat\u00f3rio de Propriedades da Madeira, acesse o site oficial:<\/p>\n<p><a href=\"https:\/\/wp.ufpel.edu.br\/laboratoriodepropriedadesdamadeira\/\" target=\"_blank\" rel=\"noopener noreferrer\">https:\/\/wp.ufpel.edu.br\/laboratoriodepropriedadesdamadeira\/<\/a>.<\/p>\n","protected":false},"excerpt":{"rendered":"<p>O Laborat\u00f3rio de Propriedades da Madeira\u00a0\u00e9 um laborat\u00f3rio de pesquisa do\u00a0Programa de P\u00f3s-Gradua\u00e7\u00e3o em Ci\u00eancia e Engenharia de Materiais (PPGCEM)\u00a0da\u00a0UFPel, liderado pelos professores\u00a0Darci Alberto Gatto (Lattes),\u00a0Rafael de \u00c1vila Delucis (lattes)\u00a0e Rafael Beltrame (lattes). O laborat\u00f3rio tem como foco o estudo e o desenvolvimento de tecnologias sustent\u00e1veis para o aproveitamento de recursos lignocelul\u00f3sicos, como madeira, cascas [&hellip;]<\/p>\n","protected":false},"author":370,"featured_media":0,"parent":88,"menu_order":0,"comment_status":"closed","ping_status":"closed","template":"","meta":{"jetpack_post_was_ever_published":false,"footnotes":""},"class_list":["post-1646","page","type-page","status-publish","hentry"],"yoast_head":"<!-- This site is optimized with the Yoast SEO plugin v26.7 - https:\/\/yoast.com\/wordpress\/plugins\/seo\/ -->\n<title>Laborat\u00f3rio de Propriedades da Madeira &#8211; Programa de P\u00f3s-Gradua\u00e7\u00e3o em Ci\u00eancia e Engenharia de Materiais<\/title>\n<meta name=\"robots\" content=\"index, follow, max-snippet:-1, max-image-preview:large, max-video-preview:-1\" \/>\n<link rel=\"canonical\" href=\"https:\/\/wp.ufpel.edu.br\/ppgcem\/pt\/infraestrutura\/laboratorio-de-propriedades-da-madeira-agendamentos\/\" \/>\n<meta property=\"og:locale\" content=\"pt_BR\" \/>\n<meta property=\"og:type\" content=\"article\" \/>\n<meta property=\"og:title\" content=\"Laborat\u00f3rio de Propriedades da Madeira &#8211; Programa de P\u00f3s-Gradua\u00e7\u00e3o em Ci\u00eancia e Engenharia de Materiais\" \/>\n<meta property=\"og:description\" content=\"O Laborat\u00f3rio de Propriedades da Madeira\u00a0\u00e9 um laborat\u00f3rio de pesquisa do\u00a0Programa de P\u00f3s-Gradua\u00e7\u00e3o em Ci\u00eancia e Engenharia de Materiais (PPGCEM)\u00a0da\u00a0UFPel, liderado pelos professores\u00a0Darci Alberto Gatto (Lattes),\u00a0Rafael de \u00c1vila Delucis (lattes)\u00a0e Rafael Beltrame (lattes). O laborat\u00f3rio tem como foco o estudo e o desenvolvimento de tecnologias sustent\u00e1veis para o aproveitamento de recursos lignocelul\u00f3sicos, como madeira, cascas [&hellip;]\" \/>\n<meta property=\"og:url\" content=\"https:\/\/wp.ufpel.edu.br\/ppgcem\/pt\/infraestrutura\/laboratorio-de-propriedades-da-madeira-agendamentos\/\" \/>\n<meta property=\"og:site_name\" content=\"Programa de P\u00f3s-Gradua\u00e7\u00e3o em Ci\u00eancia e Engenharia de Materiais\" \/>\n<meta property=\"article:modified_time\" content=\"2025-03-18T20:47:59+00:00\" \/>\n<meta name=\"twitter:card\" content=\"summary_large_image\" \/>\n<meta name=\"twitter:label1\" content=\"Est. tempo de leitura\" \/>\n\t<meta name=\"twitter:data1\" content=\"3 minutos\" \/>\n<script type=\"application\/ld+json\" class=\"yoast-schema-graph\">{\"@context\":\"https:\/\/schema.org\",\"@graph\":[{\"@type\":\"WebPage\",\"@id\":\"https:\/\/wp.ufpel.edu.br\/ppgcem\/pt\/infraestrutura\/laboratorio-de-propriedades-da-madeira-agendamentos\/\",\"url\":\"https:\/\/wp.ufpel.edu.br\/ppgcem\/pt\/infraestrutura\/laboratorio-de-propriedades-da-madeira-agendamentos\/\",\"name\":\"Laborat\u00f3rio de Propriedades da Madeira &#8211; Programa de P\u00f3s-Gradua\u00e7\u00e3o em Ci\u00eancia e Engenharia de Materiais\",\"isPartOf\":{\"@id\":\"https:\/\/wp.ufpel.edu.br\/ppgcem\/pt\/#website\"},\"datePublished\":\"2017-03-28T19:01:55+00:00\",\"dateModified\":\"2025-03-18T20:47:59+00:00\",\"breadcrumb\":{\"@id\":\"https:\/\/wp.ufpel.edu.br\/ppgcem\/pt\/infraestrutura\/laboratorio-de-propriedades-da-madeira-agendamentos\/#breadcrumb\"},\"inLanguage\":\"pt-BR\",\"potentialAction\":[{\"@type\":\"ReadAction\",\"target\":[\"https:\/\/wp.ufpel.edu.br\/ppgcem\/pt\/infraestrutura\/laboratorio-de-propriedades-da-madeira-agendamentos\/\"]}]},{\"@type\":\"BreadcrumbList\",\"@id\":\"https:\/\/wp.ufpel.edu.br\/ppgcem\/pt\/infraestrutura\/laboratorio-de-propriedades-da-madeira-agendamentos\/#breadcrumb\",\"itemListElement\":[{\"@type\":\"ListItem\",\"position\":1,\"name\":\"In\u00edcio\",\"item\":\"https:\/\/wp.ufpel.edu.br\/ppgcem\/pt\/\"},{\"@type\":\"ListItem\",\"position\":2,\"name\":\"Grupos de Pesquisa\/Laborat\u00f3rios\",\"item\":\"https:\/\/wp.ufpel.edu.br\/ppgcem\/pt\/infraestrutura\/\"},{\"@type\":\"ListItem\",\"position\":3,\"name\":\"Laborat\u00f3rio de Propriedades da Madeira\"}]},{\"@type\":\"WebSite\",\"@id\":\"https:\/\/wp.ufpel.edu.br\/ppgcem\/pt\/#website\",\"url\":\"https:\/\/wp.ufpel.edu.br\/ppgcem\/pt\/\",\"name\":\"Programa de P\u00f3s-Gradua\u00e7\u00e3o em Ci\u00eancia e Engenharia de Materiais\",\"description\":\"\",\"potentialAction\":[{\"@type\":\"SearchAction\",\"target\":{\"@type\":\"EntryPoint\",\"urlTemplate\":\"https:\/\/wp.ufpel.edu.br\/ppgcem\/pt\/?s={search_term_string}\"},\"query-input\":{\"@type\":\"PropertyValueSpecification\",\"valueRequired\":true,\"valueName\":\"search_term_string\"}}],\"inLanguage\":\"pt-BR\"}]}<\/script>\n<!-- \/ Yoast SEO plugin. -->","yoast_head_json":{"title":"Laborat\u00f3rio de Propriedades da Madeira &#8211; Programa de P\u00f3s-Gradua\u00e7\u00e3o em Ci\u00eancia e Engenharia de Materiais","robots":{"index":"index","follow":"follow","max-snippet":"max-snippet:-1","max-image-preview":"max-image-preview:large","max-video-preview":"max-video-preview:-1"},"canonical":"https:\/\/wp.ufpel.edu.br\/ppgcem\/pt\/infraestrutura\/laboratorio-de-propriedades-da-madeira-agendamentos\/","og_locale":"pt_BR","og_type":"article","og_title":"Laborat\u00f3rio de Propriedades da Madeira &#8211; Programa de P\u00f3s-Gradua\u00e7\u00e3o em Ci\u00eancia e Engenharia de Materiais","og_description":"O Laborat\u00f3rio de Propriedades da Madeira\u00a0\u00e9 um laborat\u00f3rio de pesquisa do\u00a0Programa de P\u00f3s-Gradua\u00e7\u00e3o em Ci\u00eancia e Engenharia de Materiais (PPGCEM)\u00a0da\u00a0UFPel, liderado pelos professores\u00a0Darci Alberto Gatto (Lattes),\u00a0Rafael de \u00c1vila Delucis (lattes)\u00a0e Rafael Beltrame (lattes). O laborat\u00f3rio tem como foco o estudo e o desenvolvimento de tecnologias sustent\u00e1veis para o aproveitamento de recursos lignocelul\u00f3sicos, como madeira, cascas [&hellip;]","og_url":"https:\/\/wp.ufpel.edu.br\/ppgcem\/pt\/infraestrutura\/laboratorio-de-propriedades-da-madeira-agendamentos\/","og_site_name":"Programa de P\u00f3s-Gradua\u00e7\u00e3o em Ci\u00eancia e Engenharia de Materiais","article_modified_time":"2025-03-18T20:47:59+00:00","twitter_card":"summary_large_image","twitter_misc":{"Est. tempo de leitura":"3 minutos"},"schema":{"@context":"https:\/\/schema.org","@graph":[{"@type":"WebPage","@id":"https:\/\/wp.ufpel.edu.br\/ppgcem\/pt\/infraestrutura\/laboratorio-de-propriedades-da-madeira-agendamentos\/","url":"https:\/\/wp.ufpel.edu.br\/ppgcem\/pt\/infraestrutura\/laboratorio-de-propriedades-da-madeira-agendamentos\/","name":"Laborat\u00f3rio de Propriedades da Madeira &#8211; Programa de P\u00f3s-Gradua\u00e7\u00e3o em Ci\u00eancia e Engenharia de Materiais","isPartOf":{"@id":"https:\/\/wp.ufpel.edu.br\/ppgcem\/pt\/#website"},"datePublished":"2017-03-28T19:01:55+00:00","dateModified":"2025-03-18T20:47:59+00:00","breadcrumb":{"@id":"https:\/\/wp.ufpel.edu.br\/ppgcem\/pt\/infraestrutura\/laboratorio-de-propriedades-da-madeira-agendamentos\/#breadcrumb"},"inLanguage":"pt-BR","potentialAction":[{"@type":"ReadAction","target":["https:\/\/wp.ufpel.edu.br\/ppgcem\/pt\/infraestrutura\/laboratorio-de-propriedades-da-madeira-agendamentos\/"]}]},{"@type":"BreadcrumbList","@id":"https:\/\/wp.ufpel.edu.br\/ppgcem\/pt\/infraestrutura\/laboratorio-de-propriedades-da-madeira-agendamentos\/#breadcrumb","itemListElement":[{"@type":"ListItem","position":1,"name":"In\u00edcio","item":"https:\/\/wp.ufpel.edu.br\/ppgcem\/pt\/"},{"@type":"ListItem","position":2,"name":"Grupos de Pesquisa\/Laborat\u00f3rios","item":"https:\/\/wp.ufpel.edu.br\/ppgcem\/pt\/infraestrutura\/"},{"@type":"ListItem","position":3,"name":"Laborat\u00f3rio de Propriedades da Madeira"}]},{"@type":"WebSite","@id":"https:\/\/wp.ufpel.edu.br\/ppgcem\/pt\/#website","url":"https:\/\/wp.ufpel.edu.br\/ppgcem\/pt\/","name":"Programa de P\u00f3s-Gradua\u00e7\u00e3o em Ci\u00eancia e Engenharia de Materiais","description":"","potentialAction":[{"@type":"SearchAction","target":{"@type":"EntryPoint","urlTemplate":"https:\/\/wp.ufpel.edu.br\/ppgcem\/pt\/?s={search_term_string}"},"query-input":{"@type":"PropertyValueSpecification","valueRequired":true,"valueName":"search_term_string"}}],"inLanguage":"pt-BR"}]}},"jetpack_sharing_enabled":true,"jetpack_shortlink":"https:\/\/wp.me\/P8zk0j-qy","_links":{"self":[{"href":"https:\/\/wp.ufpel.edu.br\/ppgcem\/wp-json\/wp\/v2\/pages\/1646","targetHints":{"allow":["GET"]}}],"collection":[{"href":"https:\/\/wp.ufpel.edu.br\/ppgcem\/wp-json\/wp\/v2\/pages"}],"about":[{"href":"https:\/\/wp.ufpel.edu.br\/ppgcem\/wp-json\/wp\/v2\/types\/page"}],"author":[{"embeddable":true,"href":"https:\/\/wp.ufpel.edu.br\/ppgcem\/wp-json\/wp\/v2\/users\/370"}],"replies":[{"embeddable":true,"href":"https:\/\/wp.ufpel.edu.br\/ppgcem\/wp-json\/wp\/v2\/comments?post=1646"}],"version-history":[{"count":6,"href":"https:\/\/wp.ufpel.edu.br\/ppgcem\/wp-json\/wp\/v2\/pages\/1646\/revisions"}],"predecessor-version":[{"id":5150,"href":"https:\/\/wp.ufpel.edu.br\/ppgcem\/wp-json\/wp\/v2\/pages\/1646\/revisions\/5150"}],"up":[{"embeddable":true,"href":"https:\/\/wp.ufpel.edu.br\/ppgcem\/wp-json\/wp\/v2\/pages\/88"}],"wp:attachment":[{"href":"https:\/\/wp.ufpel.edu.br\/ppgcem\/wp-json\/wp\/v2\/media?parent=1646"}],"curies":[{"name":"wp","href":"https:\/\/api.w.org\/{rel}","templated":true}]}}