{"id":6042,"date":"2025-04-15T14:30:11","date_gmt":"2025-04-15T17:30:11","guid":{"rendered":"https:\/\/wp.ufpel.edu.br\/ppgcamb\/?page_id=6042"},"modified":"2025-04-15T14:30:15","modified_gmt":"2025-04-15T17:30:15","slug":"materiais-e-tecnologias-sustentaveis","status":"publish","type":"page","link":"https:\/\/wp.ufpel.edu.br\/ppgcamb\/materiais-e-tecnologias-sustentaveis\/","title":{"rendered":"Materiais e tecnologias sustent\u00e1veis"},"content":{"rendered":"<p>N\u00edvel: Mestrado e Doutorado<\/p>\n<p>Obrigat\u00f3ria: N\u00e3o<\/p>\n<p>Carga Hor\u00e1ria: 68 horas<\/p>\n<p>Cr\u00e9ditos: 4<\/p>\n<p><strong>Ementa:<\/strong> Introdu\u00e7\u00e3o de materiais ambientalmente sustent\u00e1veis; Materiais renov\u00e1veis e materiais naturais; Comp\u00f3sitos verdes para a constru\u00e7\u00e3o civil; Qu\u00edmica verde dos materiais; Lixo eletr\u00f4nico: do t\u00f3xico ao verde; Adsorventes produzidos a partir de biomassas: obten\u00e7\u00e3o e aplica\u00e7\u00e3o; Processos oxidativos avan\u00e7ados; Economia dos materiais circulares.<\/p>\n<p>&nbsp;<\/p>\n<p>&nbsp;<\/p>\n<p><strong>Bibliografia<\/strong><\/p>\n<p>Hashmi, S.; Choudhury, I.A. Encyclopedia of Renewable and Sustainable Materials. Editora: Elsevier. 2020. 4252 p.<\/p>\n<p>Ashby, M.F. Materials and the Environment &#8211; Eco-Informed Material Choice, Third Edition, 2021. Butterworth-Heinemann; 448 pages<\/p>\n<p>Sharma, V.;\u00a0 Das, R.; Sharma, D.; Mujwar, S.; Mehta, D.K. Green chemistry approach towards Piperazine: anticancer agents, Journal of Molecular Structure, v.1292, p. 136089, 2023.<\/p>\n<p>Thakur, V.K.; Thakur, M.K.; Kessler, M.R. Handbook of Composites from Renewable Materials. Editora: Scrivener Publishing LLC. 2017. 545 p.<\/p>\n<p>Formani Junior, C.C.M. Fibras Vegetais para Comp\u00f3sitos Polim\u00e9ricos. Editora: UESC. 2017. 198 p.<\/p>\n<p>Netravali, A. Advanced Green Composites. Editora: Scrivener Publishing. 2018. 417 p.<\/p>\n<p>Smitthipong, W.; Chollakup, R.; Nardin, M. Bio-based composites for high-performance Materials. Editora: CRC Press 2015. 324 p.<\/p>\n<p>Stephan, K. Bio-Based Plastics (Materials and Applications). Editora: John Wiley &amp; Sons. 2014. 375 p.<\/p>\n","protected":false},"excerpt":{"rendered":"<p>N\u00edvel: Mestrado e Doutorado Obrigat\u00f3ria: N\u00e3o Carga Hor\u00e1ria: 68 horas Cr\u00e9ditos: 4 Ementa: Introdu\u00e7\u00e3o de materiais ambientalmente sustent\u00e1veis; Materiais renov\u00e1veis e materiais naturais; Comp\u00f3sitos verdes para a constru\u00e7\u00e3o civil; Qu\u00edmica verde dos materiais; Lixo eletr\u00f4nico: do t\u00f3xico ao verde; Adsorventes produzidos a partir de biomassas: obten\u00e7\u00e3o e aplica\u00e7\u00e3o; Processos oxidativos avan\u00e7ados; Economia dos materiais circulares. [&hellip;]<\/p>\n","protected":false},"author":707,"featured_media":0,"parent":0,"menu_order":0,"comment_status":"closed","ping_status":"closed","template":"","meta":{"footnotes":""},"class_list":["post-6042","page","type-page","status-publish","hentry"],"_links":{"self":[{"href":"https:\/\/wp.ufpel.edu.br\/ppgcamb\/wp-json\/wp\/v2\/pages\/6042","targetHints":{"allow":["GET"]}}],"collection":[{"href":"https:\/\/wp.ufpel.edu.br\/ppgcamb\/wp-json\/wp\/v2\/pages"}],"about":[{"href":"https:\/\/wp.ufpel.edu.br\/ppgcamb\/wp-json\/wp\/v2\/types\/page"}],"author":[{"embeddable":true,"href":"https:\/\/wp.ufpel.edu.br\/ppgcamb\/wp-json\/wp\/v2\/users\/707"}],"replies":[{"embeddable":true,"href":"https:\/\/wp.ufpel.edu.br\/ppgcamb\/wp-json\/wp\/v2\/comments?post=6042"}],"version-history":[{"count":1,"href":"https:\/\/wp.ufpel.edu.br\/ppgcamb\/wp-json\/wp\/v2\/pages\/6042\/revisions"}],"predecessor-version":[{"id":6045,"href":"https:\/\/wp.ufpel.edu.br\/ppgcamb\/wp-json\/wp\/v2\/pages\/6042\/revisions\/6045"}],"wp:attachment":[{"href":"https:\/\/wp.ufpel.edu.br\/ppgcamb\/wp-json\/wp\/v2\/media?parent=6042"}],"curies":[{"name":"wp","href":"https:\/\/api.w.org\/{rel}","templated":true}]}}