{"id":6020,"date":"2025-04-15T13:26:16","date_gmt":"2025-04-15T16:26:16","guid":{"rendered":"https:\/\/wp.ufpel.edu.br\/ppgcamb\/?page_id=6020"},"modified":"2025-04-15T14:28:30","modified_gmt":"2025-04-15T17:28:30","slug":"topicos-especiais","status":"publish","type":"page","link":"https:\/\/wp.ufpel.edu.br\/ppgcamb\/topicos-especiais\/","title":{"rendered":"T\u00d3PICOS ESPECIAIS"},"content":{"rendered":"<p class=\"\" data-start=\"252\" data-end=\"533\">O Programa de P\u00f3s-Gradua\u00e7\u00e3o em Ci\u00eancias Ambientais (PPGCAmb) da UFPel oferece aos doutorandos a oportunidade de aprofundar seus estudos por meio de duas disciplinas optativas intituladas <strong data-start=\"439\" data-end=\"460\">T\u00f3picos Especiais<\/strong>, voltadas para \u00e1reas estrat\u00e9gicas e atuais da pesquisa em meio ambiente.<\/p>\n<p class=\"\" data-start=\"535\" data-end=\"956\">Essas disciplinas possuem car\u00e1ter flex\u00edvel e interdisciplinar, com tem\u00e1ticas atualizadas a cada semestre, de acordo com as demandas cient\u00edficas e os desafios socioambientais emergentes. A proposta \u00e9 manter os discentes em constante contato com o estado da arte da pesquisa ambiental, incentivando a aplica\u00e7\u00e3o de solu\u00e7\u00f5es inovadoras e sustent\u00e1veis aos problemas complexos que afetam os territ\u00f3rios naturais e antropizados.<\/p>\n<p class=\"\" data-start=\"958\" data-end=\"1026\">A seguir, apresentamos as disciplinas e suas respectivas abordagens:<\/p>\n<ul>\n<li>T\u00d3PICOS ESPECIAIS EM TECNOLOGIAS APLICADAS AO MEIO AMBIENTE SUSTENT\u00c1VEL<\/li>\n<li>T\u00d3PICOS ESPECIAIS EM GEST\u00c3O E AVALIA\u00c7\u00c3O DE AMBIENTES NATURAIS E ANTR\u00d3PICOS<\/li>\n<\/ul>\n<p>&nbsp;<\/p>\n<h2>Tem\u00e1ticas:<\/h2>\n<ul>\n<li style=\"list-style-type: none;\">\n<ul>\n<li><a href=\"https:\/\/wp.ufpel.edu.br\/ppgcamb\/disciplinas\/optativas\/aplicacoes-ambientais-com-matlab\/\">Aplica\u00e7\u00f5es ambientais com MATLAB<\/a><\/li>\n<li><a href=\"https:\/\/wp.ufpel.edu.br\/ppgcamb\/disciplinas\/optativas\/biodegradacao-de-residuos\/\">Biodegrada\u00e7\u00e3o de Res\u00edduos<\/a><\/li>\n<li><a href=\"https:\/\/wp.ufpel.edu.br\/ppgcamb\/disciplinas\/optativas\/biotecnologias-aplicadas-a-remediacao\/\">Biotecnologias Aplicadas \u00e0 Remedia\u00e7\u00e3o<\/a><\/li>\n<li><a href=\"https:\/\/wp.ufpel.edu.br\/ppgcamb\/ciencia-e-sustentabilidade-da-madeira\/\">Ci\u00eancia e Sustentabilidade da Madeira<\/a><\/li>\n<li><a href=\"https:\/\/wp.ufpel.edu.br\/ppgcamb\/disciplinas\/optativas\/drenagem-urbana-sustentavel\/\">Drenagem Urbana Sustent\u00e1vel<\/a><\/li>\n<li><a href=\"https:\/\/wp.ufpel.edu.br\/ppgcamb\/disciplinas\/optativas\/educacao-ambiental-sustentavel\/\">Educa\u00e7\u00e3o Ambiental<\/a><\/li>\n<li><a href=\"https:\/\/wp.ufpel.edu.br\/ppgcamb\/enviromental-science-seminar-emi\/\">Enviromental Science Seminar \u2013 EMI<\/a><\/li>\n<li><a href=\"https:\/\/wp.ufpel.edu.br\/ppgcamb\/disciplinas\/optativas\/ferramentas-avancadas-para-atenuacao-do-impacto-ambiental-na-agricultura\/\">Ferramentas Avan\u00e7adas para Atenua\u00e7\u00e3o do Impacto Ambiental na Agricultura<\/a><\/li>\n<li><a href=\"https:\/\/wp.ufpel.edu.br\/ppgcamb\/disciplinas\/optativas\/gerenciamento-de-residuos-de-servicos-de-saude\/\">Gerenciamento de Res\u00edduos de Servi\u00e7os de Sa\u00fade<\/a><\/li>\n<li><a href=\"https:\/\/wp.ufpel.edu.br\/ppgcamb\/materiais-vegetais-sustentaveis\/\" target=\"_blank\" rel=\"noopener\">Materiais Vegetais Sustent\u00e1veis<\/a><\/li>\n<li><a href=\"https:\/\/wp.ufpel.edu.br\/ppgcamb\/disciplinas\/optativas\/microbiologia-ambiental\/\">Microbiologia Ambiental<\/a><\/li>\n<li><a href=\"https:\/\/wp.ufpel.edu.br\/ppgcamb\/monitoramento-da-qualidade-do-ar-e-controle-da-poluicao-atmosferica\/\" target=\"_blank\" rel=\"noopener\">Monitoramento da Qualidade do Ar e Controle da Polui\u00e7\u00e3o Atmosf\u00e9rica<\/a><\/li>\n<li><a href=\"https:\/\/wp.ufpel.edu.br\/ppgcamb\/disciplinas\/optativas\/pericia-ambiental\/\">Per\u00edcia Ambiental<\/a><\/li>\n<li><a href=\"https:\/\/wp.ufpel.edu.br\/ppgcamb\/disciplinas\/optativas\/planejamento-e-gestao-de-recursos-hidricos\/\">Planejamento e Gest\u00e3o de Recursos H\u00eddricos<\/a><\/li>\n<li><a href=\"https:\/\/wp.ufpel.edu.br\/ppgcamb\/processamento-digital-de-imagens-para-producao-agricola-sustentavel\/\" target=\"_blank\" rel=\"noopener\">Processamento Digital de imagens para produ\u00e7\u00e3o agr\u00edcola sustent\u00e1vel<\/a><\/li>\n<li><a href=\"https:\/\/wp.ufpel.edu.br\/ppgcamb\/processos-oxidativos-avancados-sustentaveis-para-o-tratamento-de-agua\/\">Processos Oxidativos Avan\u00e7ados Sustent\u00e1veis para o Tratamento de \u00c1gua<\/a><\/li>\n<li><a href=\"https:\/\/wp.ufpel.edu.br\/ppgcamb\/disciplinas\/optativas\/sistemas-de-tratamento-de-efluentes\/\">Sistemas de Tratamento de Efluentes<\/a><\/li>\n<li><a href=\"https:\/\/wp.ufpel.edu.br\/ppgcamb\/disciplinas\/optativas\/sensoriamento-remoto-para-ciencias-ambientais-2\/\">Sensoriamento Remoto para Ci\u00eancias Ambientais<\/a><\/li>\n<li><a href=\"https:\/\/wp.ufpel.edu.br\/ppgcamb\/area\/tecnologias-aplicadas-ao-meio-ambiente-sustentavel\/\" target=\"_blank\" rel=\"noopener\">Tecnologias Aplicadas ao Meio Ambiente Sustent\u00e1vel<\/a><\/li>\n<li><a href=\"https:\/\/wp.ufpel.edu.br\/ppgcamb\/tecnologias-em-sistemas-energetico-ambientais-e-engenharia-bioenergetica\/\">Tecnologias em Sistemas Energ\u00e9tico-Ambientais e Engenharia Bioenerg\u00e9tica<\/a><\/li>\n<li><a href=\"https:\/\/wp.ufpel.edu.br\/ppgcamb\/topicos-especiais-em-geoestatistica\/\">T\u00f3picos Especiais em Geoestat\u00edtica<\/a><\/li>\n<li><a href=\"https:\/\/wp.ufpel.edu.br\/ppgcamb\/topicos-especiais-em-modelagem-aplicada-as-ciencias-ambientais\/\">T\u00f3picos Especiais em Modelagem Aplicada \u00e0s Ci\u00eancias Ambientais<\/a><\/li>\n<\/ul>\n<\/li>\n<\/ul>\n<p>&nbsp;<\/p>\n","protected":false},"excerpt":{"rendered":"<p>O Programa de P\u00f3s-Gradua\u00e7\u00e3o em Ci\u00eancias Ambientais (PPGCAmb) da UFPel oferece aos doutorandos a oportunidade de aprofundar seus estudos por meio de duas disciplinas optativas intituladas T\u00f3picos Especiais, voltadas para \u00e1reas estrat\u00e9gicas e atuais da pesquisa em meio ambiente. Essas disciplinas possuem car\u00e1ter flex\u00edvel e interdisciplinar, com tem\u00e1ticas atualizadas a cada semestre, de acordo com [&hellip;]<\/p>\n","protected":false},"author":707,"featured_media":0,"parent":0,"menu_order":0,"comment_status":"closed","ping_status":"closed","template":"","meta":{"footnotes":""},"class_list":["post-6020","page","type-page","status-publish","hentry"],"_links":{"self":[{"href":"https:\/\/wp.ufpel.edu.br\/ppgcamb\/wp-json\/wp\/v2\/pages\/6020","targetHints":{"allow":["GET"]}}],"collection":[{"href":"https:\/\/wp.ufpel.edu.br\/ppgcamb\/wp-json\/wp\/v2\/pages"}],"about":[{"href":"https:\/\/wp.ufpel.edu.br\/ppgcamb\/wp-json\/wp\/v2\/types\/page"}],"author":[{"embeddable":true,"href":"https:\/\/wp.ufpel.edu.br\/ppgcamb\/wp-json\/wp\/v2\/users\/707"}],"replies":[{"embeddable":true,"href":"https:\/\/wp.ufpel.edu.br\/ppgcamb\/wp-json\/wp\/v2\/comments?post=6020"}],"version-history":[{"count":7,"href":"https:\/\/wp.ufpel.edu.br\/ppgcamb\/wp-json\/wp\/v2\/pages\/6020\/revisions"}],"predecessor-version":[{"id":6041,"href":"https:\/\/wp.ufpel.edu.br\/ppgcamb\/wp-json\/wp\/v2\/pages\/6020\/revisions\/6041"}],"wp:attachment":[{"href":"https:\/\/wp.ufpel.edu.br\/ppgcamb\/wp-json\/wp\/v2\/media?parent=6020"}],"curies":[{"name":"wp","href":"https:\/\/api.w.org\/{rel}","templated":true}]}}

TÓPICOS ESPECIAIS

<p class="" data-start="252" data-end="533">O Programa de Pós-Graduação em Ciências Ambientais (PPGCAmb) da UFPel oferece aos doutorandos a oportunidade de aprofundar seus estudos por meio de duas disciplinas optativas intituladas <strong data-start="439" data-end="460">Tópicos Especiais</strong>, voltadas para áreas estratégicas e atuais da pesquisa em meio ambiente.</p>
<p class="" data-start="535" data-end="956">Essas disciplinas possuem caráter flexível e interdisciplinar, com temáticas atualizadas a cada semestre, de acordo com as demandas científicas e os desafios socioambientais emergentes. A proposta é manter os discentes em constante contato com o estado da arte da pesquisa ambiental, incentivando a aplicação de soluções inovadoras e sustentáveis aos problemas complexos que afetam os territórios naturais e antropizados.</p>
<p class="" data-start="958" data-end="1026">A seguir, apresentamos as disciplinas e suas respectivas abordagens:</p>
<ul>
<li>TÓPICOS ESPECIAIS EM TECNOLOGIAS APLICADAS AO MEIO AMBIENTE SUSTENTÁVEL</li>
<li>TÓPICOS ESPECIAIS EM GESTÃO E AVALIAÇÃO DE AMBIENTES NATURAIS E ANTRÓPICOS</li>
</ul>
<p>&nbsp;</p>
<h2>Temáticas:</h2>
<ul>
<li style="list-style-type: none;">
<ul>
<li><a href="https://wp.ufpel.edu.br/ppgcamb/disciplinas/optativas/aplicacoes-ambientais-com-matlab/">Aplicações ambientais com MATLAB</a></li>
<li><a href="https://wp.ufpel.edu.br/ppgcamb/disciplinas/optativas/biodegradacao-de-residuos/">Biodegradação de Resíduos</a></li>
<li><a href="https://wp.ufpel.edu.br/ppgcamb/disciplinas/optativas/biotecnologias-aplicadas-a-remediacao/">Biotecnologias Aplicadas à Remediação</a></li>
<li><a href="https://wp.ufpel.edu.br/ppgcamb/ciencia-e-sustentabilidade-da-madeira/">Ciência e Sustentabilidade da Madeira</a></li>
<li><a href="https://wp.ufpel.edu.br/ppgcamb/disciplinas/optativas/drenagem-urbana-sustentavel/">Drenagem Urbana Sustentável</a></li>
<li><a href="https://wp.ufpel.edu.br/ppgcamb/disciplinas/optativas/educacao-ambiental-sustentavel/">Educação Ambiental</a></li>
<li><a href="https://wp.ufpel.edu.br/ppgcamb/enviromental-science-seminar-emi/">Enviromental Science Seminar – EMI</a></li>
<li><a href="https://wp.ufpel.edu.br/ppgcamb/disciplinas/optativas/ferramentas-avancadas-para-atenuacao-do-impacto-ambiental-na-agricultura/">Ferramentas Avançadas para Atenuação do Impacto Ambiental na Agricultura</a></li>
<li><a href="https://wp.ufpel.edu.br/ppgcamb/disciplinas/optativas/gerenciamento-de-residuos-de-servicos-de-saude/">Gerenciamento de Resíduos de Serviços de Saúde</a></li>
<li><a href="https://wp.ufpel.edu.br/ppgcamb/materiais-vegetais-sustentaveis/" target="_blank" rel="noopener">Materiais Vegetais Sustentáveis</a></li>
<li><a href="https://wp.ufpel.edu.br/ppgcamb/disciplinas/optativas/microbiologia-ambiental/">Microbiologia Ambiental</a></li>
<li><a href="https://wp.ufpel.edu.br/ppgcamb/monitoramento-da-qualidade-do-ar-e-controle-da-poluicao-atmosferica/" target="_blank" rel="noopener">Monitoramento da Qualidade do Ar e Controle da Poluição Atmosférica</a></li>
<li><a href="https://wp.ufpel.edu.br/ppgcamb/disciplinas/optativas/pericia-ambiental/">Perícia Ambiental</a></li>
<li><a href="https://wp.ufpel.edu.br/ppgcamb/disciplinas/optativas/planejamento-e-gestao-de-recursos-hidricos/">Planejamento e Gestão de Recursos Hídricos</a></li>
<li><a href="https://wp.ufpel.edu.br/ppgcamb/processamento-digital-de-imagens-para-producao-agricola-sustentavel/" target="_blank" rel="noopener">Processamento Digital de imagens para produção agrícola sustentável</a></li>
<li><a href="https://wp.ufpel.edu.br/ppgcamb/processos-oxidativos-avancados-sustentaveis-para-o-tratamento-de-agua/">Processos Oxidativos Avançados Sustentáveis para o Tratamento de Água</a></li>
<li><a href="https://wp.ufpel.edu.br/ppgcamb/disciplinas/optativas/sistemas-de-tratamento-de-efluentes/">Sistemas de Tratamento de Efluentes</a></li>
<li><a href="https://wp.ufpel.edu.br/ppgcamb/disciplinas/optativas/sensoriamento-remoto-para-ciencias-ambientais-2/">Sensoriamento Remoto para Ciências Ambientais</a></li>
<li><a href="https://wp.ufpel.edu.br/ppgcamb/area/tecnologias-aplicadas-ao-meio-ambiente-sustentavel/" target="_blank" rel="noopener">Tecnologias Aplicadas ao Meio Ambiente Sustentável</a></li>
<li><a href="https://wp.ufpel.edu.br/ppgcamb/tecnologias-em-sistemas-energetico-ambientais-e-engenharia-bioenergetica/">Tecnologias em Sistemas Energético-Ambientais e Engenharia Bioenergética</a></li>
<li><a href="https://wp.ufpel.edu.br/ppgcamb/topicos-especiais-em-geoestatistica/">Tópicos Especiais em Geoestatítica</a></li>
<li><a href="https://wp.ufpel.edu.br/ppgcamb/topicos-especiais-em-modelagem-aplicada-as-ciencias-ambientais/">Tópicos Especiais em Modelagem Aplicada às Ciências Ambientais</a></li>
</ul>
</li>
</ul>
<p>&nbsp;</p>

<p>O Programa de Pós-Graduação em Ciências Ambientais (PPGCAmb) da UFPel oferece aos doutorandos a oportunidade de aprofundar seus estudos por meio de duas disciplinas optativas intituladas Tópicos Especiais, voltadas para áreas estratégicas e atuais da pesquisa em meio ambiente. Essas disciplinas possuem caráter flexível e interdisciplinar, com temáticas atualizadas a cada semestre, de acordo com [&hellip;]</p>
