{"id":48,"date":"2016-10-31T16:27:28","date_gmt":"2016-10-31T18:27:28","guid":{"rendered":"https:\/\/wp.ufpel.edu.br\/ppgcamb\/?page_id=48"},"modified":"2019-08-26T11:27:25","modified_gmt":"2019-08-26T14:27:25","slug":"caracterizacao-do-curso","status":"publish","type":"page","link":"https:\/\/wp.ufpel.edu.br\/ppgcamb\/caracterizacao-do-curso\/","title":{"rendered":"Caracteriza\u00e7\u00e3o do Curso"},"content":{"rendered":"<p>O Programa de P\u00f3s-Gradua\u00e7\u00e3o em Ci\u00eancias Ambientais (PPGCAmb), da Universidade Federal de Pelotas, foi recomendado pelo Conselho T\u00e9cnico-Cient\u00edfico da CAPES em outubro de 2016, iniciando suas atividades no primeiro semestre de 2017.<\/p>\n<p>O PPGCAmb busca formar quadro t\u00e9cnico qualificado para a pesquisa, doc\u00eancia e atua\u00e7\u00e3o profissional na \u00e1rea de Ci\u00eancias Ambientais, por meio de abordagem interdisciplinar das quest\u00f5es que envolvem os desafios socioambientais.<\/p>\n<p>O PPGCAmb possui um quadro docente de 12 professores permanentes (NP). As atividades do programa encontram-se estruturadas em duas linhas de pesquisa: (1) Gest\u00e3o e Avalia\u00e7\u00e3o de Ambientes Naturais e Antr\u00f3picos; (2) Tecnologias aplicadas ao Meio Ambiente Sustent\u00e1vel.<\/p>\n<p>Logo do curso:<\/p>\n<p><img class=\"alignnone size-full wp-image-1189\" src=\"https:\/\/wp.ufpel.edu.br\/ppgcamb\/files\/2019\/08\/logooooooooooooooooooo.png\" alt=\"\" width=\"666\" height=\"549\" srcset=\"https:\/\/wp.ufpel.edu.br\/ppgcamb\/files\/2019\/08\/logooooooooooooooooooo.png 666w, https:\/\/wp.ufpel.edu.br\/ppgcamb\/files\/2019\/08\/logooooooooooooooooooo-400x330.png 400w\" sizes=\"(max-width: 666px) 100vw, 666px\" \/><\/p>\n","protected":false},"excerpt":{"rendered":"<p>O Programa de P\u00f3s-Gradua\u00e7\u00e3o em Ci\u00eancias Ambientais (PPGCAmb), da Universidade Federal de Pelotas, foi recomendado pelo Conselho T\u00e9cnico-Cient\u00edfico da CAPES em outubro de 2016, iniciando suas atividades no primeiro semestre de 2017. O PPGCAmb busca formar quadro t\u00e9cnico qualificado para a pesquisa, doc\u00eancia e atua\u00e7\u00e3o profissional na \u00e1rea de Ci\u00eancias Ambientais, por meio de abordagem [&hellip;]<\/p>\n","protected":false},"author":707,"featured_media":0,"parent":0,"menu_order":0,"comment_status":"closed","ping_status":"closed","template":"","meta":{"footnotes":""},"class_list":["post-48","page","type-page","status-publish","hentry"],"_links":{"self":[{"href":"https:\/\/wp.ufpel.edu.br\/ppgcamb\/wp-json\/wp\/v2\/pages\/48","targetHints":{"allow":["GET"]}}],"collection":[{"href":"https:\/\/wp.ufpel.edu.br\/ppgcamb\/wp-json\/wp\/v2\/pages"}],"about":[{"href":"https:\/\/wp.ufpel.edu.br\/ppgcamb\/wp-json\/wp\/v2\/types\/page"}],"author":[{"embeddable":true,"href":"https:\/\/wp.ufpel.edu.br\/ppgcamb\/wp-json\/wp\/v2\/users\/707"}],"replies":[{"embeddable":true,"href":"https:\/\/wp.ufpel.edu.br\/ppgcamb\/wp-json\/wp\/v2\/comments?post=48"}],"version-history":[{"count":6,"href":"https:\/\/wp.ufpel.edu.br\/ppgcamb\/wp-json\/wp\/v2\/pages\/48\/revisions"}],"predecessor-version":[{"id":1190,"href":"https:\/\/wp.ufpel.edu.br\/ppgcamb\/wp-json\/wp\/v2\/pages\/48\/revisions\/1190"}],"wp:attachment":[{"href":"https:\/\/wp.ufpel.edu.br\/ppgcamb\/wp-json\/wp\/v2\/media?parent=48"}],"curies":[{"name":"wp","href":"https:\/\/api.w.org\/{rel}","templated":true}]}}

Caracterização do Curso

<p>O Programa de Pós-Graduação em Ciências Ambientais (PPGCAmb), da Universidade Federal de Pelotas, foi recomendado pelo Conselho Técnico-Científico da CAPES em outubro de 2016, iniciando suas atividades no primeiro semestre de 2017.</p>
<p>O PPGCAmb busca formar quadro técnico qualificado para a pesquisa, docência e atuação profissional na área de Ciências Ambientais, por meio de abordagem interdisciplinar das questões que envolvem os desafios socioambientais.</p>
<p>O PPGCAmb possui um quadro docente de 12 professores permanentes (NP). As atividades do programa encontram-se estruturadas em duas linhas de pesquisa: (1) Gestão e Avaliação de Ambientes Naturais e Antrópicos; (2) Tecnologias aplicadas ao Meio Ambiente Sustentável.</p>
<p>Logo do curso:</p>
<p><img class="alignnone size-full wp-image-1189" src="https://wp.ufpel.edu.br/ppgcamb/files/2019/08/logooooooooooooooooooo.png" alt="" width="666" height="549" srcset="https://wp.ufpel.edu.br/ppgcamb/files/2019/08/logooooooooooooooooooo.png 666w, https://wp.ufpel.edu.br/ppgcamb/files/2019/08/logooooooooooooooooooo-400x330.png 400w" sizes="(max-width: 666px) 100vw, 666px" /></p>

<p>O Programa de Pós-Graduação em Ciências Ambientais (PPGCAmb), da Universidade Federal de Pelotas, foi recomendado pelo Conselho Técnico-Científico da CAPES em outubro de 2016, iniciando suas atividades no primeiro semestre de 2017. O PPGCAmb busca formar quadro técnico qualificado para a pesquisa, docência e atuação profissional na área de Ciências Ambientais, por meio de abordagem [&hellip;]</p>
