{"id":4690,"date":"2023-03-21T08:45:57","date_gmt":"2023-03-21T11:45:57","guid":{"rendered":"https:\/\/wp.ufpel.edu.br\/ppgcamb\/?page_id=4690"},"modified":"2023-04-17T18:21:21","modified_gmt":"2023-04-17T21:21:21","slug":"producao","status":"publish","type":"page","link":"https:\/\/wp.ufpel.edu.br\/ppgcamb\/producao\/","title":{"rendered":"Produtos"},"content":{"rendered":"<p>Nessa p\u00e1gina disponibilizamos<\/p>\n<ul>\n<li>Plataforma IDFGeo \u00e9 uma ferramenta desenvolvida para visualizar, manusear e exportar equa\u00e7\u00f5es Intensidade-Dura\u00e7\u00e3o-Frequ\u00eancias de chuvas, bem como a Intensidade da chuva, para diversas dura\u00e7\u00f5es e Tempos de Retorno. Atualmente, as informa\u00e7\u00f5es fornecidas pela IDFGeo contemplam o territ\u00f3rio do estado do Rio Grande do Sul \u2013 Brasil, e s\u00e3o baseadas em s\u00e9ries hist\u00f3ricas de chuva do per\u00edodo entre 1912 e 2018.<\/li>\n<\/ul>\n<p><a href=\"https:\/\/gphidro.shinyapps.io\/idfgeo\/\">Acessa por aqui!<\/a>\u00a0 \u00a0 \u00a0 \u00a0 \u00a0 <a href=\"https:\/\/gphidro.shinyapps.io\/idfgeo\/\"><img class=\"alignnone wp-image-4688\" src=\"https:\/\/wp.ufpel.edu.br\/ppgcamb\/files\/2023\/03\/Captura-de-tela-2023-03-20-133037-400x197.png\" alt=\"\" width=\"134\" height=\"66\" srcset=\"https:\/\/wp.ufpel.edu.br\/ppgcamb\/files\/2023\/03\/Captura-de-tela-2023-03-20-133037-400x197.png 400w, https:\/\/wp.ufpel.edu.br\/ppgcamb\/files\/2023\/03\/Captura-de-tela-2023-03-20-133037-768x378.png 768w, https:\/\/wp.ufpel.edu.br\/ppgcamb\/files\/2023\/03\/Captura-de-tela-2023-03-20-133037.png 1017w\" sizes=\"(max-width: 134px) 100vw, 134px\" \/><\/a><\/p>\n<p>&nbsp;<\/p>\n<p><a href=\"https:\/\/wp.ufpel.edu.br\/lgea\/mdesantabarbara\/\">MDE Reservat\u00f3rio Santa Barbara \u2013 Pelotas \u2013 RS<\/a><\/p>\n<p><a href=\"https:\/\/wp.ufpel.edu.br\/lgea\/mapa-batimetrico-do-reservatorio-santa-barbara\/\" target=\"_blank\" rel=\"noopener\">Mapa Batim\u00e9trico do Reservat\u00f3rio Santa B\u00e1rbara<\/a><\/p>\n<p>&nbsp;<\/p>\n<p>&nbsp;<\/p>\n<ul>\n<li>Livros &#8211; Publica\u00e7\u00f5es com o objetivo de difundir o conhecimento na \u00e1rea ambiental.<\/li>\n<\/ul>\n<p><strong><a href=\"https:\/\/wp.ufpel.edu.br\/lgea\/files\/2021\/04\/GEOTECNOLOGIAS-APLICADAS-AS-CIENCIAS-AMBIENTAIS-Volume1.pdf\">GEOTECNOLOGIAS APLICADAS \u00c0S CI\u00caNCIAS AMBIENTAIS \u2013 Volume1<\/a> <\/strong>\u00a0<a href=\"https:\/\/wp.ufpel.edu.br\/lgea\/files\/2021\/04\/GEOTECNOLOGIAS-APLICADAS-AS-CIENCIAS-AMBIENTAIS-Volume1.pdf\" target=\"_blank\" rel=\"noopener\">Baixa aqui!<\/a><\/p>\n<p><a href=\"https:\/\/wp.ufpel.edu.br\/lgea\/files\/2023\/03\/E-book-Diuliana-FINAL-b9kpqj.pdf\">GEOTECNOLOGIAS APLICADAS \u00c0S CI\u00caNCIAS AMBIENTAIS \u2013 Volume2<\/a>\u00a0 \u00a0 <a href=\"https:\/\/wp.ufpel.edu.br\/lgea\/files\/2023\/03\/E-book-Diuliana-FINAL-b9kpqj.pdf\">Baixa aqui!<\/a><\/p>\n<p><a href=\"https:\/\/wp.ufpel.edu.br\/lgea\/files\/2021\/04\/Livro-DESASTRES-NATURAIS-EM-ARAMBARE-RS-1.pdf\"><strong>DESASTRES NATURAIS EM ARAMBAR\u00c9-RS (COLE\u00c7\u00c3O DOS DESASTRES NATURAIS NA METADE SUL DO RIO GRANDE DO SUL)<\/strong><\/a>\u00a0 \u00a0<a href=\"https:\/\/wp.ufpel.edu.br\/lgea\/files\/2021\/04\/Livro-DESASTRES-NATURAIS-EM-ARAMBARE-RS-1.pdf\">Baixa aqui!<\/a><\/p>\n<p><a href=\"https:\/\/wp.ufpel.edu.br\/lgea\/files\/2023\/01\/COMPARACAO-DE-ELEMENTOS-AMBIENTAIS-NA-GESTAO-DE-CIDADES-PORTUARIAS-2-1.pdf\" target=\"_blank\" rel=\"noopener\">COMPARA\u00c7\u00c3O DE ELEMENTOS AMBIENTAIS NA GEST\u00c3O DE CIDADES PORTU\u00c1RIAS<\/a>\u00a0 \u00a0<a href=\"https:\/\/wp.ufpel.edu.br\/lgea\/files\/2023\/01\/COMPARACAO-DE-ELEMENTOS-AMBIENTAIS-NA-GESTAO-DE-CIDADES-PORTUARIAS-2-1.pdf\" target=\"_blank\" rel=\"noopener\">Baixa aqui!<\/a><\/p>\n<p><a href=\"https:\/\/www.brazilianjournals.com.br\/ebooks.php?bk=NaswA0I07330Wzi2818e6VoES4uXT5Fk\">CI\u00caNCIAS AMBIENTAIS: Gest\u00e3o, planejamento e aplica\u00e7\u00f5es<\/a>\u00a0 <a href=\"https:\/\/www.brazilianjournals.com.br\/ebooks.php?bk=NaswA0I07330Wzi2818e6VoES4uXT5Fk\">Baixa aqui!<\/a><\/p>\n<p><a href=\"https:\/\/www.atenaeditora.com.br\/catalogo\/ebook\/desastres-naturais-em-arroio-do-padre-rs\">Desastres naturais em Arroio do Padre-RS<\/a><\/p>\n<p>&nbsp;<\/p>\n<p>&nbsp;<\/p>\n<p>&nbsp;<\/p>\n","protected":false},"excerpt":{"rendered":"<p>Nessa p\u00e1gina disponibilizamos Plataforma IDFGeo \u00e9 uma ferramenta desenvolvida para visualizar, manusear e exportar equa\u00e7\u00f5es Intensidade-Dura\u00e7\u00e3o-Frequ\u00eancias de chuvas, bem como a Intensidade da chuva, para diversas dura\u00e7\u00f5es e Tempos de Retorno. Atualmente, as informa\u00e7\u00f5es fornecidas pela IDFGeo contemplam o territ\u00f3rio do estado do Rio Grande do Sul \u2013 Brasil, e s\u00e3o baseadas em s\u00e9ries hist\u00f3ricas [&hellip;]<\/p>\n","protected":false},"author":707,"featured_media":0,"parent":0,"menu_order":0,"comment_status":"closed","ping_status":"closed","template":"","meta":{"footnotes":""},"class_list":["post-4690","page","type-page","status-publish","hentry"],"_links":{"self":[{"href":"https:\/\/wp.ufpel.edu.br\/ppgcamb\/wp-json\/wp\/v2\/pages\/4690","targetHints":{"allow":["GET"]}}],"collection":[{"href":"https:\/\/wp.ufpel.edu.br\/ppgcamb\/wp-json\/wp\/v2\/pages"}],"about":[{"href":"https:\/\/wp.ufpel.edu.br\/ppgcamb\/wp-json\/wp\/v2\/types\/page"}],"author":[{"embeddable":true,"href":"https:\/\/wp.ufpel.edu.br\/ppgcamb\/wp-json\/wp\/v2\/users\/707"}],"replies":[{"embeddable":true,"href":"https:\/\/wp.ufpel.edu.br\/ppgcamb\/wp-json\/wp\/v2\/comments?post=4690"}],"version-history":[{"count":10,"href":"https:\/\/wp.ufpel.edu.br\/ppgcamb\/wp-json\/wp\/v2\/pages\/4690\/revisions"}],"predecessor-version":[{"id":4721,"href":"https:\/\/wp.ufpel.edu.br\/ppgcamb\/wp-json\/wp\/v2\/pages\/4690\/revisions\/4721"}],"wp:attachment":[{"href":"https:\/\/wp.ufpel.edu.br\/ppgcamb\/wp-json\/wp\/v2\/media?parent=4690"}],"curies":[{"name":"wp","href":"https:\/\/api.w.org\/{rel}","templated":true}]}}

<p>Nessa página disponibilizamos</p>
<ul>
<li>Plataforma IDFGeo é uma ferramenta desenvolvida para visualizar, manusear e exportar equações Intensidade-Duração-Frequências de chuvas, bem como a Intensidade da chuva, para diversas durações e Tempos de Retorno. Atualmente, as informações fornecidas pela IDFGeo contemplam o território do estado do Rio Grande do Sul – Brasil, e são baseadas em séries históricas de chuva do período entre 1912 e 2018.</li>
</ul>
<p><a href="https://gphidro.shinyapps.io/idfgeo/">Acessa por aqui!</a>          <a href="https://gphidro.shinyapps.io/idfgeo/"><img class="alignnone wp-image-4688" src="https://wp.ufpel.edu.br/ppgcamb/files/2023/03/Captura-de-tela-2023-03-20-133037-400x197.png" alt="" width="134" height="66" srcset="https://wp.ufpel.edu.br/ppgcamb/files/2023/03/Captura-de-tela-2023-03-20-133037-400x197.png 400w, https://wp.ufpel.edu.br/ppgcamb/files/2023/03/Captura-de-tela-2023-03-20-133037-768x378.png 768w, https://wp.ufpel.edu.br/ppgcamb/files/2023/03/Captura-de-tela-2023-03-20-133037.png 1017w" sizes="(max-width: 134px) 100vw, 134px" /></a></p>
<p>&nbsp;</p>
<p><a href="https://wp.ufpel.edu.br/lgea/mdesantabarbara/">MDE Reservatório Santa Barbara – Pelotas – RS</a></p>
<p><a href="https://wp.ufpel.edu.br/lgea/mapa-batimetrico-do-reservatorio-santa-barbara/" target="_blank" rel="noopener">Mapa Batimétrico do Reservatório Santa Bárbara</a></p>
<p>&nbsp;</p>
<p>&nbsp;</p>
<ul>
<li>Livros &#8211; Publicações com o objetivo de difundir o conhecimento na área ambiental.</li>
</ul>
<p><strong><a href="https://wp.ufpel.edu.br/lgea/files/2021/04/GEOTECNOLOGIAS-APLICADAS-AS-CIENCIAS-AMBIENTAIS-Volume1.pdf">GEOTECNOLOGIAS APLICADAS ÀS CIÊNCIAS AMBIENTAIS – Volume1</a> </strong> <a href="https://wp.ufpel.edu.br/lgea/files/2021/04/GEOTECNOLOGIAS-APLICADAS-AS-CIENCIAS-AMBIENTAIS-Volume1.pdf" target="_blank" rel="noopener">Baixa aqui!</a></p>
<p><a href="https://wp.ufpel.edu.br/lgea/files/2023/03/E-book-Diuliana-FINAL-b9kpqj.pdf">GEOTECNOLOGIAS APLICADAS ÀS CIÊNCIAS AMBIENTAIS – Volume2</a>    <a href="https://wp.ufpel.edu.br/lgea/files/2023/03/E-book-Diuliana-FINAL-b9kpqj.pdf">Baixa aqui!</a></p>
<p><a href="https://wp.ufpel.edu.br/lgea/files/2021/04/Livro-DESASTRES-NATURAIS-EM-ARAMBARE-RS-1.pdf"><strong>DESASTRES NATURAIS EM ARAMBARÉ-RS (COLEÇÃO DOS DESASTRES NATURAIS NA METADE SUL DO RIO GRANDE DO SUL)</strong></a>   <a href="https://wp.ufpel.edu.br/lgea/files/2021/04/Livro-DESASTRES-NATURAIS-EM-ARAMBARE-RS-1.pdf">Baixa aqui!</a></p>
<p><a href="https://wp.ufpel.edu.br/lgea/files/2023/01/COMPARACAO-DE-ELEMENTOS-AMBIENTAIS-NA-GESTAO-DE-CIDADES-PORTUARIAS-2-1.pdf" target="_blank" rel="noopener">COMPARAÇÃO DE ELEMENTOS AMBIENTAIS NA GESTÃO DE CIDADES PORTUÁRIAS</a>   <a href="https://wp.ufpel.edu.br/lgea/files/2023/01/COMPARACAO-DE-ELEMENTOS-AMBIENTAIS-NA-GESTAO-DE-CIDADES-PORTUARIAS-2-1.pdf" target="_blank" rel="noopener">Baixa aqui!</a></p>
<p><a href="https://www.brazilianjournals.com.br/ebooks.php?bk=NaswA0I07330Wzi2818e6VoES4uXT5Fk">CIÊNCIAS AMBIENTAIS: Gestão, planejamento e aplicações</a>  <a href="https://www.brazilianjournals.com.br/ebooks.php?bk=NaswA0I07330Wzi2818e6VoES4uXT5Fk">Baixa aqui!</a></p>
<p><a href="https://www.atenaeditora.com.br/catalogo/ebook/desastres-naturais-em-arroio-do-padre-rs">Desastres naturais em Arroio do Padre-RS</a></p>
<p>&nbsp;</p>
<p>&nbsp;</p>
<p>&nbsp;</p>

<p>Nessa página disponibilizamos Plataforma IDFGeo é uma ferramenta desenvolvida para visualizar, manusear e exportar equações Intensidade-Duração-Frequências de chuvas, bem como a Intensidade da chuva, para diversas durações e Tempos de Retorno. Atualmente, as informações fornecidas pela IDFGeo contemplam o território do estado do Rio Grande do Sul – Brasil, e são baseadas em séries históricas [&hellip;]</p>
