{"id":4495,"date":"2022-12-16T20:11:14","date_gmt":"2022-12-16T23:11:14","guid":{"rendered":"https:\/\/wp.ufpel.edu.br\/ppgcamb\/?page_id=4495"},"modified":"2024-11-22T16:08:41","modified_gmt":"2024-11-22T19:08:41","slug":"editais-2023","status":"publish","type":"page","link":"https:\/\/wp.ufpel.edu.br\/ppgcamb\/editais-2023\/","title":{"rendered":"2023"},"content":{"rendered":"<h1 class=\"corTexto\">EDITAL DE ALUNO ESPECIAL 2023\/2<\/h1>\n<p>A Universidade Federal de Pelotas torna p\u00fablica a\u00a0<b>sele\u00e7\u00e3o<\/b>\u00a0para ingresso como\u00a0<strong>aluno especial<\/strong>\u00a0no curso\u00a0<b>de<\/b>\u00a0<b>Mestrado Stricto sensu em Ci\u00eancias Ambientais para o segundo semestre de 2023. <\/b>Acesse o edital para maiores informa\u00e7\u00f5es.<\/p>\n<p><a href=\"https:\/\/wp.ufpel.edu.br\/ppgcamb\/files\/2023\/07\/SEI_UFPel-2276600-Edital-de-selecao-PRPPG.pdf\">Edital de sele\u00e7\u00e3o PRPPG<\/a><\/p>\n<p>&nbsp;<\/p>\n<h1 class=\"corTexto\">EDITAL DE ALUNO REGULAR 2023\/2<\/h1>\n<p>A Universidade Federal de Pelotas torna p\u00fablica a\u00a0<b>sele\u00e7\u00e3o<\/b>\u00a0para ingresso como\u00a0<strong>aluno regular<\/strong>\u00a0no curso\u00a0<b>de<\/b>\u00a0<b>Mestrado Stricto sensu em Ci\u00eancias Ambientais para o segundo semestre de 2023. <\/b>Acesse o edital para maiores informa\u00e7\u00f5es.<\/p>\n<p><a href=\"https:\/\/wp.ufpel.edu.br\/ppgcamb\/files\/2023\/05\/SEI_UFPel-2145082-Edital-de-selecao-PRPPG.pdf\" target=\"_blank\" rel=\"noopener\">Edital de sele\u00e7\u00e3o<\/a><\/p>\n<p><a href=\"https:\/\/wp.ufpel.edu.br\/ppgcamb\/formularios\/\" target=\"_blank\" rel=\"noopener\">Formul\u00e1rios<\/a><\/p>\n<p><a href=\"https:\/\/wp.ufpel.edu.br\/ppgcamb\/files\/2023\/06\/Homologacao-das-inscricoes-para-o-edital-de-aluno-regular-ingresso-2023-2.pdf\">Homologa\u00e7\u00e3o das inscri\u00e7\u00f5es para o edital de aluno regular ingresso 2023-2<\/a><\/p>\n<p><a href=\"https:\/\/wp.ufpel.edu.br\/ppgcamb\/files\/2023\/06\/1.pdf\" target=\"_blank\" rel=\"noopener\">ORDEM E HOR\u00c1RIO DAS APRESENTA\u00c7\u00d5ES DOS ANTEPROJETOS EDITAL DE ALUNO REGULAR 2023\/2<\/a><\/p>\n<p><a href=\"https:\/\/wp.ufpel.edu.br\/ppgcamb\/files\/2023\/06\/notas2023_segundo.pdf\">Resultado: Aprova\u00e7\u00e3o e Classifica\u00e7\u00e3o<\/a><\/p>\n<h1><strong>SELE\u00c7\u00c3O DE BOLSISTAS &#8211; BOLSAS DE MESTRADO PROVENIENTES DO TAC CARREFOUR\u00a0<\/strong><\/h1>\n<p>O Programa de P\u00f3s-gradua\u00e7\u00e3o em Ci\u00eancias Ambientais &#8211; Mestrado torna p\u00fablico o presente Edital para os alunos regularmente matriculados no curso interessados em participar da SELE\u00c7\u00c3O DE BOLSAS DE MESTRADO PROVENIENTES DO TAC CARREFOUR\/2022, conforme os requisitos e condi\u00e7\u00f5es fixados neste Edital, e considerando o termo de ajustamento de conduta (TAC) celebrado entre Minist\u00e9rio P\u00fablico Federal (MPF), o Minist\u00e9rio P\u00fablico do Estado do Rio Grande do Sul (MPRS), o Minist\u00e9rio P\u00fablico do Trabalho (MPT), a Defensoria P\u00fablica do Estado do Rio Grande do Sul (DPE-RS) e a Defensoria P\u00fablica da Uni\u00e3o (DPU) com o Carrefour (<a href=\"https:\/\/www.mprs.mp.br\/media\/areas\/imprensa\/arquivos\/tac_carrefour_assinado.pdf\" target=\"_blank\" rel=\"noopener\">https:\/\/www.mprs.mp.br\/media\/areas\/imprensa\/arquivos\/tac_carrefour_assinado.pdf<\/a>) e o Edital CEBRASPE de Chamamento P\u00fablico para A\u00e7\u00f5es Afirmativas de Concess\u00e3o de Bolsas de Estudo e Perman\u00eancia para Cursos de Gradua\u00e7\u00e3o e Programas de P\u00f3s-Gradua\u00e7\u00e3o em Institui\u00e7\u00f5es de Ensino P\u00fablicas e Privadas.<\/p>\n<p>Inscri\u00e7\u00f5es: <strong>23 e 24 de fevereiro<\/strong><\/p>\n<p><a href=\"https:\/\/wp.ufpel.edu.br\/ppgcamb\/files\/2023\/02\/SEI_UFPel-2056002-Edital-de-selecao-PRPPG.pdf\">Edital de sele\u00e7\u00e3o PRPPG Bolsista Carrefour<\/a><\/p>\n<p><a href=\"https:\/\/wp.ufpel.edu.br\/ppgcamb\/files\/2023\/02\/Edital_Carrefour_anexos_I__1_.pdf\">Anexo I<\/a><\/p>\n<p><a href=\"https:\/\/wp.ufpel.edu.br\/ppgcamb\/files\/2023\/02\/declaracao_vulnerabilidade_economica_pos_graduacao_2023.pdf\">Declara\u00e7\u00e3o vulnerabilidade e econ\u00f4mica<\/a><\/p>\n<p><a href=\"https:\/\/wp.ufpel.edu.br\/ppgcamb\/files\/2023\/02\/EDITAL_CARREFOUR_ETNIA_anexos_III__1_.pdf\" target=\"_blank\" rel=\"noopener\">Anexos III<\/a><\/p>\n<p><a href=\"https:\/\/wp.ufpel.edu.br\/ppgcamb\/files\/2023\/03\/ilovepdf_merged.pdf\">Relat\u00f3rio de Heteroidentifica\u00e7\u00e3o<\/a><\/p>\n<p><a href=\"https:\/\/wp.ufpel.edu.br\/ppgcamb\/files\/2023\/03\/SEI_UFPel-2078774-Edital-de-selecao-PRPPG.pdf\">SEI_UFPel &#8211; 2078774 &#8211; Edital de sele\u00e7\u00e3o PRPPG<\/a><\/p>\n<h1 class=\"corTexto\">EDITAL PARA SELE\u00c7\u00c3O E CONCESS\u00c3O DE BOLSAS 2023\/1<\/h1>\n<p>O Programa de P\u00f3s-Gradua\u00e7\u00e3o em Ci\u00eancias Ambientais (PPGCAmb) abre inscri\u00e7\u00f5es e determina procedimentos para sele\u00e7\u00e3o e concess\u00e3o de\u00a0<b>Bolsas<\/b> para o primeiro semestre de 2023 na modalidade ampla concorr\u00eancia.<\/p>\n<p><a href=\"https:\/\/wp.ufpel.edu.br\/ppgcamb\/files\/2023\/02\/Edital-BOLSA-PPGCAmb-2023.pdf\">Edital &#8211; BOLSA PPGCAmb 2023<\/a><\/p>\n<p><a href=\"https:\/\/wp.ufpel.edu.br\/ppgcamb\/files\/2022\/02\/Prova-de-titulos-Edital-Bolsas-1.pdf\">Tabela de pontua\u00e7\u00e3o \u2013 Prova de t\u00edtulos<\/a><\/p>\n<p>Ao candidato a bolsa \u00e9 importante estar ciente das\u00a0<a href=\"https:\/\/wp.ufpel.edu.br\/ppgcamb\/normas-para-a-concessao-e-manutencao-de-bolsa\/\">NORMAS PARA CONCESS\u00c3O E MANUTEN\u00c7\u00c3O DE BOLSA<\/a><\/p>\n<ul>\n<li>Para a tabela de pontua\u00e7\u00e3o deve-se utilizar o QUALIS 2013-2016 (ANTIGO)<\/li>\n<li>A documenta\u00e7\u00e3o deve ser enviada por email<\/li>\n<\/ul>\n<p><a href=\"https:\/\/wp.ufpel.edu.br\/ppgcamb\/files\/2023\/03\/RESULTADO-FINAL.pdf\">RESULTADO FINAL<\/a><\/p>\n<p>&nbsp;<\/p>\n<h1 class=\"corTexto\">EDITAL DE ALUNO ESPECIAL 2023\/1<\/h1>\n<p>A Universidade Federal de Pelotas torna p\u00fablica a\u00a0<b>sele\u00e7\u00e3o<\/b>\u00a0para ingresso como\u00a0<strong>aluno especial<\/strong>\u00a0no curso\u00a0<b>de<\/b>\u00a0<b>Mestrado Stricto sensu em Ci\u00eancias Ambientais para o primeiro semestre de 2023. <\/b>Acesse o edital para maiores informa\u00e7\u00f5es.<\/p>\n<p><a href=\"https:\/\/wp.ufpel.edu.br\/ppgcamb\/files\/2023\/02\/SEI_UFPel-2031228-Edital-de-selecao-PRPPG.pdf\">Edital de sele\u00e7\u00e3o PRPPG<\/a><\/p>\n<p>&nbsp;<\/p>\n<h1 class=\"corTexto\">EDITAL DE ALUNO REGULAR 2023\/1<\/h1>\n<p>A Universidade Federal de Pelotas torna p\u00fablica a\u00a0<b>sele\u00e7\u00e3o<\/b>\u00a0para ingresso como\u00a0<strong>aluno regular<\/strong>\u00a0no curso\u00a0<b>de<\/b>\u00a0<b>Mestrado Stricto sensu em Ci\u00eancias Ambientais para o primeiro semestre de 2023. <\/b>Acesse o edital para maiores informa\u00e7\u00f5es.<\/p>\n<p><a href=\"https:\/\/wp.ufpel.edu.br\/ppgcamb\/files\/2022\/12\/SEI_UFPel-1985972-Edital-de-selecao-PRPPG.pdf\">Edital de sele\u00e7\u00e3o PRPPG<\/a><\/p>\n<p><a href=\"https:\/\/wp.ufpel.edu.br\/ppgcamb\/formularios\/\" target=\"_blank\" rel=\"noopener\">Formul\u00e1rios<\/a><\/p>\n<p><a href=\"https:\/\/wp.ufpel.edu.br\/ppgcamb\/files\/2023\/02\/Homologacao-inscricoes-edital-225-22-1.pdf\" target=\"_blank\" rel=\"noopener\">Homologa\u00e7\u00e3o das inscri\u00e7\u00f5es <\/a><\/p>\n<p><a href=\"https:\/\/wp.ufpel.edu.br\/ppgcamb\/files\/2023\/02\/Resultado-edital-1-2023-1.pdf\">Resultado edital 1-2023<\/a><\/p>\n","protected":false},"excerpt":{"rendered":"<p>EDITAL DE ALUNO ESPECIAL 2023\/2 A Universidade Federal de Pelotas torna p\u00fablica a\u00a0sele\u00e7\u00e3o\u00a0para ingresso como\u00a0aluno especial\u00a0no curso\u00a0de\u00a0Mestrado Stricto sensu em Ci\u00eancias Ambientais para o segundo semestre de 2023. Acesse o edital para maiores informa\u00e7\u00f5es. Edital de sele\u00e7\u00e3o PRPPG &nbsp; EDITAL DE ALUNO REGULAR 2023\/2 A Universidade Federal de Pelotas torna p\u00fablica a\u00a0sele\u00e7\u00e3o\u00a0para ingresso como\u00a0aluno regular\u00a0no [&hellip;]<\/p>\n","protected":false},"author":707,"featured_media":0,"parent":0,"menu_order":0,"comment_status":"closed","ping_status":"closed","template":"","meta":{"footnotes":""},"class_list":["post-4495","page","type-page","status-publish","hentry"],"_links":{"self":[{"href":"https:\/\/wp.ufpel.edu.br\/ppgcamb\/wp-json\/wp\/v2\/pages\/4495","targetHints":{"allow":["GET"]}}],"collection":[{"href":"https:\/\/wp.ufpel.edu.br\/ppgcamb\/wp-json\/wp\/v2\/pages"}],"about":[{"href":"https:\/\/wp.ufpel.edu.br\/ppgcamb\/wp-json\/wp\/v2\/types\/page"}],"author":[{"embeddable":true,"href":"https:\/\/wp.ufpel.edu.br\/ppgcamb\/wp-json\/wp\/v2\/users\/707"}],"replies":[{"embeddable":true,"href":"https:\/\/wp.ufpel.edu.br\/ppgcamb\/wp-json\/wp\/v2\/comments?post=4495"}],"version-history":[{"count":26,"href":"https:\/\/wp.ufpel.edu.br\/ppgcamb\/wp-json\/wp\/v2\/pages\/4495\/revisions"}],"predecessor-version":[{"id":5651,"href":"https:\/\/wp.ufpel.edu.br\/ppgcamb\/wp-json\/wp\/v2\/pages\/4495\/revisions\/5651"}],"wp:attachment":[{"href":"https:\/\/wp.ufpel.edu.br\/ppgcamb\/wp-json\/wp\/v2\/media?parent=4495"}],"curies":[{"name":"wp","href":"https:\/\/api.w.org\/{rel}","templated":true}]}}