{"id":4207,"date":"2022-10-24T10:05:27","date_gmt":"2022-10-24T13:05:27","guid":{"rendered":"https:\/\/wp.ufpel.edu.br\/ppgcamb\/?page_id=4207"},"modified":"2022-10-24T10:05:27","modified_gmt":"2022-10-24T13:05:27","slug":"analise-do-ambiente","status":"publish","type":"page","link":"https:\/\/wp.ufpel.edu.br\/ppgcamb\/analise-do-ambiente\/","title":{"rendered":"An\u00e1lise do Ambiente"},"content":{"rendered":"<p>O Programa de P\u00f3s-gradua\u00e7\u00e3o em Ci\u00eancias Ambientais dentre todos seus entes que comp\u00f5em sua comunidade (docentes, t\u00e9cnicos administrativos e discentes) identificou no ambiente interno os pontos favor\u00e1veis e desfavor\u00e1veis (for\u00e7as e fraquezas) e no ambiente externo as oportunidades e amea\u00e7as que s\u00e3o apresentados na Quadro 01.<\/p>\n<p>&nbsp;<\/p>\n<div id=\"attachment_4205\" style=\"width: 1144px\" class=\"wp-caption aligncenter\"><img aria-describedby=\"caption-attachment-4205\" class=\"wp-image-4205 size-full\" src=\"https:\/\/wp.ufpel.edu.br\/ppgcamb\/files\/2022\/10\/analise_ambiente_ameacas_portunidades.png\" alt=\"\" width=\"1134\" height=\"984\" srcset=\"https:\/\/wp.ufpel.edu.br\/ppgcamb\/files\/2022\/10\/analise_ambiente_ameacas_portunidades.png 1134w, https:\/\/wp.ufpel.edu.br\/ppgcamb\/files\/2022\/10\/analise_ambiente_ameacas_portunidades-400x347.png 400w, https:\/\/wp.ufpel.edu.br\/ppgcamb\/files\/2022\/10\/analise_ambiente_ameacas_portunidades-1024x889.png 1024w, https:\/\/wp.ufpel.edu.br\/ppgcamb\/files\/2022\/10\/analise_ambiente_ameacas_portunidades-768x666.png 768w\" sizes=\"(max-width: 1134px) 100vw, 1134px\" \/><p id=\"caption-attachment-4205\" class=\"wp-caption-text\">Quadro 1. Pontos favor\u00e1veis, pontos desfavor\u00e1veis, oportunidades e amea\u00e7as ao PPGCAmb.<\/p><\/div>\n","protected":false},"excerpt":{"rendered":"<p>O Programa de P\u00f3s-gradua\u00e7\u00e3o em Ci\u00eancias Ambientais dentre todos seus entes que comp\u00f5em sua comunidade (docentes, t\u00e9cnicos administrativos e discentes) identificou no ambiente interno os pontos favor\u00e1veis e desfavor\u00e1veis (for\u00e7as e fraquezas) e no ambiente externo as oportunidades e amea\u00e7as que s\u00e3o apresentados na Quadro 01. &nbsp;<\/p>\n","protected":false},"author":707,"featured_media":0,"parent":0,"menu_order":0,"comment_status":"closed","ping_status":"closed","template":"","meta":{"footnotes":""},"class_list":["post-4207","page","type-page","status-publish","hentry"],"_links":{"self":[{"href":"https:\/\/wp.ufpel.edu.br\/ppgcamb\/wp-json\/wp\/v2\/pages\/4207","targetHints":{"allow":["GET"]}}],"collection":[{"href":"https:\/\/wp.ufpel.edu.br\/ppgcamb\/wp-json\/wp\/v2\/pages"}],"about":[{"href":"https:\/\/wp.ufpel.edu.br\/ppgcamb\/wp-json\/wp\/v2\/types\/page"}],"author":[{"embeddable":true,"href":"https:\/\/wp.ufpel.edu.br\/ppgcamb\/wp-json\/wp\/v2\/users\/707"}],"replies":[{"embeddable":true,"href":"https:\/\/wp.ufpel.edu.br\/ppgcamb\/wp-json\/wp\/v2\/comments?post=4207"}],"version-history":[{"count":1,"href":"https:\/\/wp.ufpel.edu.br\/ppgcamb\/wp-json\/wp\/v2\/pages\/4207\/revisions"}],"predecessor-version":[{"id":4210,"href":"https:\/\/wp.ufpel.edu.br\/ppgcamb\/wp-json\/wp\/v2\/pages\/4207\/revisions\/4210"}],"wp:attachment":[{"href":"https:\/\/wp.ufpel.edu.br\/ppgcamb\/wp-json\/wp\/v2\/media?parent=4207"}],"curies":[{"name":"wp","href":"https:\/\/api.w.org\/{rel}","templated":true}]}}