{"id":38,"date":"2016-10-31T16:25:46","date_gmt":"2016-10-31T18:25:46","guid":{"rendered":"https:\/\/wp.ufpel.edu.br\/ppgcamb\/?page_id=38"},"modified":"2024-03-14T17:27:18","modified_gmt":"2024-03-14T20:27:18","slug":"discentes","status":"publish","type":"page","link":"https:\/\/wp.ufpel.edu.br\/ppgcamb\/discentes\/","title":{"rendered":"Discentes"},"content":{"rendered":"<p><a href=\"https:\/\/wp.ufpel.edu.br\/ppgcamb\/aluno-externo-e-especial\/\" target=\"_blank\" rel=\"noopener\">Alunos Externos e Especiais<\/a><\/p>\n<p><span style=\"color: var(--cor-texto); font-family: var(--fonte-corpo);\"><br \/>\n<\/span><strong>Alunos regulares &#8211; 2024\/1<\/strong><\/p>\n<ol>\n<li>ANDRIGO FARIAS XAVIER<\/li>\n<li>Bernardo dos Santos Fernandes<\/li>\n<li>EBREU NANQUE (Guin\u00e9-Bissau)<\/li>\n<li><span style=\"color: var(--cor-texto); font-family: var(--fonte-corpo);\">Geandra Duardes Braga<\/span><\/li>\n<li>Luciano Martins Tavares<\/li>\n<li>Tainara Goulart Corr\u00eaa<\/li>\n<li>T\u00e1ssia Parada Sampaio<\/li>\n<\/ol>\n<p><strong>Alunos regulares &#8211; 2019\/1<\/strong><\/p>\n<p>1. A\u0301TILA MARTINS GOMES<br \/>\n2. DENISE DOBKE<br \/>\n3. FABIANA FERNANDES LARROQUE<br \/>\n4. GABRIELA TOMBINI PONZI<br \/>\n5. JULIANO MOREIRA SCHUCH<br \/>\n6. KALIANI TOMBINI FERREIRA<br \/>\n7. LETI\u0301CIA DEMARE ANTUNES<br \/>\n8. LILIAN DE QUEIROZ FIRMINO<br \/>\n9. LUIS CES\u0301AR SALDANHA DA SILVA<br \/>\n10. LUIZA BEATRIZ ARAU\u0301JO MORSELLI CARDOSO<br \/>\n11. MARCIO FRANCISCO DENZER KRU\u0308GER<br \/>\n12. MARI\u0301LIA DA COSTA ALVARENGA<br \/>\n13. MO\u0302NICA REGINA DE ALMEIDA CHAVES FERREIRA<br \/>\n14. PATRI\u0301CIA PIRES NUNES<br \/>\n15. RAQUEL LEA\u0303O DOS SANTOS<br \/>\n16. SILVANA BARBOSA COSTA GARCIA<br \/>\n17. SILVIA SIMO\u0303ES ADORNES<\/p>\n<p>Alunos regulares &#8211; 2018\/1<\/p>\n<p>Alunos regulares &#8211; 2017\/1<\/p>\n<p>(P\u00e1gina em constru\u00e7\u00e3o)<\/p>\n","protected":false},"excerpt":{"rendered":"<p>Alunos Externos e Especiais Alunos regulares &#8211; 2024\/1 ANDRIGO FARIAS XAVIER Bernardo dos Santos Fernandes EBREU NANQUE (Guin\u00e9-Bissau) Geandra Duardes Braga Luciano Martins Tavares Tainara Goulart Corr\u00eaa T\u00e1ssia Parada Sampaio Alunos regulares &#8211; 2019\/1 1. A\u0301TILA MARTINS GOMES 2. DENISE DOBKE 3. FABIANA FERNANDES LARROQUE 4. GABRIELA TOMBINI PONZI 5. JULIANO MOREIRA SCHUCH 6. KALIANI [&hellip;]<\/p>\n","protected":false},"author":707,"featured_media":0,"parent":0,"menu_order":0,"comment_status":"closed","ping_status":"closed","template":"","meta":{"footnotes":""},"class_list":["post-38","page","type-page","status-publish","hentry"],"_links":{"self":[{"href":"https:\/\/wp.ufpel.edu.br\/ppgcamb\/wp-json\/wp\/v2\/pages\/38","targetHints":{"allow":["GET"]}}],"collection":[{"href":"https:\/\/wp.ufpel.edu.br\/ppgcamb\/wp-json\/wp\/v2\/pages"}],"about":[{"href":"https:\/\/wp.ufpel.edu.br\/ppgcamb\/wp-json\/wp\/v2\/types\/page"}],"author":[{"embeddable":true,"href":"https:\/\/wp.ufpel.edu.br\/ppgcamb\/wp-json\/wp\/v2\/users\/707"}],"replies":[{"embeddable":true,"href":"https:\/\/wp.ufpel.edu.br\/ppgcamb\/wp-json\/wp\/v2\/comments?post=38"}],"version-history":[{"count":5,"href":"https:\/\/wp.ufpel.edu.br\/ppgcamb\/wp-json\/wp\/v2\/pages\/38\/revisions"}],"predecessor-version":[{"id":5397,"href":"https:\/\/wp.ufpel.edu.br\/ppgcamb\/wp-json\/wp\/v2\/pages\/38\/revisions\/5397"}],"wp:attachment":[{"href":"https:\/\/wp.ufpel.edu.br\/ppgcamb\/wp-json\/wp\/v2\/media?parent=38"}],"curies":[{"name":"wp","href":"https:\/\/api.w.org\/{rel}","templated":true}]}}

<p><a href="https://wp.ufpel.edu.br/ppgcamb/aluno-externo-e-especial/" target="_blank" rel="noopener">Alunos Externos e Especiais</a></p>
<p><span style="color: var(--cor-texto); font-family: var(--fonte-corpo);"><br />
</span><strong>Alunos regulares &#8211; 2024/1</strong></p>
<ol>
<li>ANDRIGO FARIAS XAVIER</li>
<li>Bernardo dos Santos Fernandes</li>
<li>EBREU NANQUE (Guiné-Bissau)</li>
<li><span style="color: var(--cor-texto); font-family: var(--fonte-corpo);">Geandra Duardes Braga</span></li>
<li>Luciano Martins Tavares</li>
<li>Tainara Goulart Corrêa</li>
<li>Tássia Parada Sampaio</li>
</ol>
<p><strong>Alunos regulares &#8211; 2019/1</strong></p>
<p>1. ÁTILA MARTINS GOMES<br />
2. DENISE DOBKE<br />
3. FABIANA FERNANDES LARROQUE<br />
4. GABRIELA TOMBINI PONZI<br />
5. JULIANO MOREIRA SCHUCH<br />
6. KALIANI TOMBINI FERREIRA<br />
7. LETÍCIA DEMARE ANTUNES<br />
8. LILIAN DE QUEIROZ FIRMINO<br />
9. LUIS CEŚAR SALDANHA DA SILVA<br />
10. LUIZA BEATRIZ ARAÚJO MORSELLI CARDOSO<br />
11. MARCIO FRANCISCO DENZER KRÜGER<br />
12. MARÍLIA DA COSTA ALVARENGA<br />
13. MÔNICA REGINA DE ALMEIDA CHAVES FERREIRA<br />
14. PATRÍCIA PIRES NUNES<br />
15. RAQUEL LEÃO DOS SANTOS<br />
16. SILVANA BARBOSA COSTA GARCIA<br />
17. SILVIA SIMÕES ADORNES</p>
<p>Alunos regulares &#8211; 2018/1</p>
<p>Alunos regulares &#8211; 2017/1</p>
<p>(Página em construção)</p>

<p>Alunos Externos e Especiais Alunos regulares &#8211; 2024/1 ANDRIGO FARIAS XAVIER Bernardo dos Santos Fernandes EBREU NANQUE (Guiné-Bissau) Geandra Duardes Braga Luciano Martins Tavares Tainara Goulart Corrêa Tássia Parada Sampaio Alunos regulares &#8211; 2019/1 1. ÁTILA MARTINS GOMES 2. DENISE DOBKE 3. FABIANA FERNANDES LARROQUE 4. GABRIELA TOMBINI PONZI 5. JULIANO MOREIRA SCHUCH 6. KALIANI [&hellip;]</p>
