{"id":3145,"date":"2021-12-29T19:16:52","date_gmt":"2021-12-29T22:16:52","guid":{"rendered":"https:\/\/wp.ufpel.edu.br\/ppgcamb\/?page_id=3145"},"modified":"2021-12-29T19:16:52","modified_gmt":"2021-12-29T22:16:52","slug":"materiais-vegetais-sustentaveis","status":"publish","type":"page","link":"https:\/\/wp.ufpel.edu.br\/ppgcamb\/materiais-vegetais-sustentaveis\/","title":{"rendered":"Materiais Vegetais Sustent\u00e1veis"},"content":{"rendered":"<p><strong>Carga Hor\u00e1ria<\/strong>: 34 horas<\/p>\n<p><strong>Cr\u00e9ditos<\/strong>: 2<\/p>\n<p><strong>C\u00f3digo:<\/strong><\/p>\n<p><strong>Ementa<\/strong><\/p>\n<p>Import\u00e2ncia hist\u00f3rica, econ\u00f4mica, social e ambiental dos materiais lignocelul\u00f3sicos; Mat\u00e9rias-primas (con\u00edferas, folhosas, fibras vegetais e outras); Res\u00edduos lignocelul\u00f3sicos; Celulose e produtos celul\u00f3sicos; Lignina e sub-produtos; Extrativos e seus produtos; Biocombust\u00edveis lignocelul\u00f3sicos; Filmes lignocelul\u00f3sicos; Comp\u00f3sitos lignocelul\u00f3sicos.<\/p>\n","protected":false},"excerpt":{"rendered":"<p>Carga Hor\u00e1ria: 34 horas Cr\u00e9ditos: 2 C\u00f3digo: Ementa Import\u00e2ncia hist\u00f3rica, econ\u00f4mica, social e ambiental dos materiais lignocelul\u00f3sicos; Mat\u00e9rias-primas (con\u00edferas, folhosas, fibras vegetais e outras); Res\u00edduos lignocelul\u00f3sicos; Celulose e produtos celul\u00f3sicos; Lignina e sub-produtos; Extrativos e seus produtos; Biocombust\u00edveis lignocelul\u00f3sicos; Filmes lignocelul\u00f3sicos; Comp\u00f3sitos lignocelul\u00f3sicos.<\/p>\n","protected":false},"author":707,"featured_media":0,"parent":0,"menu_order":0,"comment_status":"closed","ping_status":"closed","template":"","meta":{"footnotes":""},"class_list":["post-3145","page","type-page","status-publish","hentry"],"_links":{"self":[{"href":"https:\/\/wp.ufpel.edu.br\/ppgcamb\/wp-json\/wp\/v2\/pages\/3145","targetHints":{"allow":["GET"]}}],"collection":[{"href":"https:\/\/wp.ufpel.edu.br\/ppgcamb\/wp-json\/wp\/v2\/pages"}],"about":[{"href":"https:\/\/wp.ufpel.edu.br\/ppgcamb\/wp-json\/wp\/v2\/types\/page"}],"author":[{"embeddable":true,"href":"https:\/\/wp.ufpel.edu.br\/ppgcamb\/wp-json\/wp\/v2\/users\/707"}],"replies":[{"embeddable":true,"href":"https:\/\/wp.ufpel.edu.br\/ppgcamb\/wp-json\/wp\/v2\/comments?post=3145"}],"version-history":[{"count":1,"href":"https:\/\/wp.ufpel.edu.br\/ppgcamb\/wp-json\/wp\/v2\/pages\/3145\/revisions"}],"predecessor-version":[{"id":3148,"href":"https:\/\/wp.ufpel.edu.br\/ppgcamb\/wp-json\/wp\/v2\/pages\/3145\/revisions\/3148"}],"wp:attachment":[{"href":"https:\/\/wp.ufpel.edu.br\/ppgcamb\/wp-json\/wp\/v2\/media?parent=3145"}],"curies":[{"name":"wp","href":"https:\/\/api.w.org\/{rel}","templated":true}]}}