{"id":2923,"date":"2021-08-09T20:36:24","date_gmt":"2021-08-09T23:36:24","guid":{"rendered":"https:\/\/wp.ufpel.edu.br\/ppgcamb\/?page_id=2923"},"modified":"2021-08-11T20:00:06","modified_gmt":"2021-08-11T23:00:06","slug":"trabalhos-em-eventos-remotos-2021","status":"publish","type":"page","link":"https:\/\/wp.ufpel.edu.br\/ppgcamb\/trabalhos-em-eventos-remotos-2021\/","title":{"rendered":"Trabalhos em eventos remotos 2021"},"content":{"rendered":"<p>&nbsp;<\/p>\n<table border=\"0\" width=\"585\">\n<tbody>\n<tr>\n<td class=\"agrupadorsub\">Trabalhos publicados em eventos<\/td>\n<\/tr>\n<\/tbody>\n<\/table>\n<table class=\"IndicProdTabela\" style=\"width: 813px\">\n<tbody>\n<tr>\n<td class=\"ano\" style=\"width: 27px\">1.<\/td>\n<td class=\"texto\" style=\"width: 782px\">VII SIIEPE &#8211; UFPEL &#8211; ANA PAULA ROZADO GOMES &#8211;\u00a0 XXIII ENPOS &#8211; Encontro de P\u00f3s-Gradua\u00e7\u00e3o &#8211; Disposi\u00e7\u00f5es inadequadas de res\u00edduos s\u00f3lidos: um breve mapeamento a partir dos dados disponibilizados pelo Minist\u00e9rio P\u00fablico Estadual das regi\u00f5es mais afetadas no Estado do Rio Grande Do Sul.<\/td>\n<td style=\"width: 10px\">\n<p><iframe title=\"VII SIIEPE - UFPEL - ANA PAULA ROZADO GOMES\" width=\"500\" height=\"375\" src=\"https:\/\/www.youtube.com\/embed\/Yw6b_tNm1I4?feature=oembed\" frameborder=\"0\" allow=\"accelerometer; autoplay; clipboard-write; encrypted-media; gyroscope; picture-in-picture; web-share\" referrerpolicy=\"strict-origin-when-cross-origin\" allowfullscreen><\/iframe><\/p>\n<p>&nbsp;<\/td>\n<\/tr>\n<tr>\n<td style=\"width: 27px\">2.<\/td>\n<td style=\"width: 782px\">VII SIIEPE &#8211; UFPEL &#8211; RUAN BERNARDY &#8211; XXIII ENPOS &#8211; Encontro de P\u00f3s-Gradua\u00e7\u00e3o &#8211; Predi\u00e7\u00e3o de Ranqueamento de Lotes de Sementes de Milho por Intelig\u00eancia Artificial. O trabalho visa utilizar o aprendizado de m\u00e1quinas para a classifica\u00e7\u00e3o de lotes de sementes de milho, pois existe uma grande quantidade dados que as empresas sementeiras precisam processar rapidamente e com grande acur\u00e1cia, sendo muitas vezes imposs\u00edvel sem o aux\u00edlio de tecnologias.<\/td>\n<td style=\"width: 10px\">\n<p><iframe title=\"VII SIIEPE - UFPEL - RUAN BERNARDY\" width=\"500\" height=\"281\" src=\"https:\/\/www.youtube.com\/embed\/BNHx4SroS7M?feature=oembed\" frameborder=\"0\" allow=\"accelerometer; autoplay; clipboard-write; encrypted-media; gyroscope; picture-in-picture; web-share\" referrerpolicy=\"strict-origin-when-cross-origin\" allowfullscreen><\/iframe><\/p>\n<p>&nbsp;<\/p>\n<p>&nbsp;<\/td>\n<\/tr>\n<tr>\n<td class=\"ano\" style=\"width: 27px\">3.<\/td>\n<td class=\"texto\" style=\"width: 782px\">\u00a0PONZI, G. T.;\u00a0<a href=\"http:\/\/lattes.cnpq.br\/8882512834751864\" target=\"_blank\" rel=\"noopener\">ARAUJO, M.<\/a>;\u00a0<a href=\"http:\/\/lattes.cnpq.br\/1786513412610267\" target=\"_blank\" rel=\"noopener\">SILVA, L. A.<\/a>;\u00a0<a href=\"http:\/\/lattes.cnpq.br\/5610803588208327\" target=\"_blank\" rel=\"noopener\">VIEIRA, D. S.<\/a>;\u00a0<a href=\"http:\/\/lattes.cnpq.br\/4328855884811171\" target=\"_blank\" rel=\"noopener\">CASTRO, A. S.<\/a>;\u00a0<b>LEANDRO, D.<\/b><br \/>\nAN\u00c1LISE DE VULNERABILIDADE SOCIAL E DE \u00c1REAS DE RISCO DE INUNDA\u00c7\u00c3O NO MUNIC\u00cdPIO DE ARAMBAR\u00c9\/RS In: VII SIIEPE &#8211; VII Semana Integrada de Inova\u00e7\u00e3o, Ensino, Pesquisa e Extens\u00e3o, 2021, Pelotas.<br \/>\n<b>VIII Congresso de Extens\u00e3o e Cultura<\/b>. Pelotas: UFPEL, 2021.<\/td>\n<td style=\"width: 10px\">\n<p><iframe title=\"VII SIIEPE - UFPEL -  GABRIELA TOMBINI PONZI\" width=\"500\" height=\"375\" src=\"https:\/\/www.youtube.com\/embed\/LzwacFJ9wUU?feature=oembed\" frameborder=\"0\" allow=\"accelerometer; autoplay; clipboard-write; encrypted-media; gyroscope; picture-in-picture; web-share\" referrerpolicy=\"strict-origin-when-cross-origin\" allowfullscreen><\/iframe><\/p>\n<p>&nbsp;<\/td>\n<\/tr>\n<tr>\n<td class=\"ano\" style=\"width: 27px\">4.<\/td>\n<td class=\"texto\" style=\"width: 782px\">\u00a0SILVA, M. V. P.; KRUGER, M. F. D.;\u00a0<a href=\"http:\/\/lattes.cnpq.br\/5706766977817721\" target=\"_blank\" rel=\"noopener\">ANDREAZZA, R.<\/a>;\u00a0<a href=\"http:\/\/lattes.cnpq.br\/5184168610882587\" target=\"_blank\" rel=\"noopener\">CORREA, E. K.<\/a>;\u00a0<b>LEANDRO, D.<\/b><br \/>\nAN\u00c1LISE ESPACIAL DO COMPORTAMENTO DE EMISS\u00d5ES DE DI\u00d3XIDO DE NITROG\u00caNIO E OZ\u00d4NIO TOTAL NO ESTADO DE S\u00c3O PAULO In: VII SIIEPE &#8211; VII Semana Integrada de Inova\u00e7\u00e3o, Ensino, Pesquisa e Extens\u00e3o, 2021, Pelotas.<br \/>\n<b>XXIII Encontro de P\u00f3s-Gradua\u00e7\u00e3o<\/b>. Pelotas: UFPEL, 2021.<i>\u00a0<\/i><\/td>\n<td style=\"width: 10px\">\n<p><iframe title=\"VII SIIEPE UFPEL MARIELA VIEIRA PEIXOTO DA SILVA\" width=\"500\" height=\"375\" src=\"https:\/\/www.youtube.com\/embed\/5yP4JYDh3eQ?feature=oembed\" frameborder=\"0\" allow=\"accelerometer; autoplay; clipboard-write; encrypted-media; gyroscope; picture-in-picture; web-share\" referrerpolicy=\"strict-origin-when-cross-origin\" allowfullscreen><\/iframe><\/p>\n<p>&nbsp;<\/p>\n<p>&nbsp;<\/td>\n<\/tr>\n<tr>\n<td class=\"ano\" style=\"width: 27px\">5.<\/td>\n<td class=\"texto\" style=\"width: 782px\">\u00a0<a href=\"http:\/\/lattes.cnpq.br\/1531910902487484\" target=\"_blank\" rel=\"noopener\">LEON, O. M. M.<\/a>; DUARTE, V. D.;\u00a0<a href=\"http:\/\/lattes.cnpq.br\/1786513412610267\" target=\"_blank\" rel=\"noopener\">SILVA, L. A.<\/a>; GARCIA, P. P.; BOLZAN, ;. L. M.;\u00a0<b>LEANDRO, D.<\/b><br \/>\nCultura do Consumo e Degrada\u00e7\u00e3o Ambiental In: VII SIIEPE &#8211; VII Semana Integrada de Inova\u00e7\u00e3o, Ensino, Pesquisa e Extens\u00e3o, 2021, Pelotas.<br \/>\n<b>XXIII Encontro de P\u00f3s-Gradua\u00e7\u00e3o<\/b>. Pelotas: UFPEL, 2021.<\/td>\n<td style=\"width: 10px\">\n<p><iframe title=\"VII SIIEPE - UFPEL - Ottoni de Leon\" width=\"500\" height=\"281\" src=\"https:\/\/www.youtube.com\/embed\/3ux59v0300Y?feature=oembed\" frameborder=\"0\" allow=\"accelerometer; autoplay; clipboard-write; encrypted-media; gyroscope; picture-in-picture; web-share\" referrerpolicy=\"strict-origin-when-cross-origin\" allowfullscreen><\/iframe><\/p>\n<p>&nbsp;<\/td>\n<\/tr>\n<tr>\n<td class=\"ano\" style=\"width: 27px\">6.<\/td>\n<td class=\"texto\" style=\"width: 782px\">\u00a0<a href=\"http:\/\/lattes.cnpq.br\/5610803588208327\" target=\"_blank\" rel=\"noopener\">VIEIRA, D. S.<\/a>;\u00a0<a href=\"http:\/\/lattes.cnpq.br\/0667595394126577\" target=\"_blank\" rel=\"noopener\">CECCONELLO, S. T.<\/a>; NUNES, M. C. M.;\u00a0<b>LEANDRO, DIULIANA<\/b>;\u00a0<a href=\"http:\/\/lattes.cnpq.br\/4328855884811171\" target=\"_blank\" rel=\"noopener\">CASTRO, A. S.<\/a><br \/>\nDIMENSIONAMENTO DO ESPA\u00c7AMENTO ENTRE TERRA\u00c7OS In: VII SIIEPE &#8211; VII Semana Integrada de Inova\u00e7\u00e3o, Ensino, Pesquisa e Extens\u00e3o, 2021, Pelotas.<br \/>\n<b>VIII Congresso de Extens\u00e3o e Cultura<\/b>. Pelotas: UFPEL, 2021.<i>\u00a0<\/i><\/td>\n<td style=\"width: 10px\">\n<p><iframe title=\"VII SIIEPE - UFPel - DENISE DOS SANTOS VIEIRA\" width=\"500\" height=\"281\" src=\"https:\/\/www.youtube.com\/embed\/m_S3a5EUHf8?feature=oembed\" frameborder=\"0\" allow=\"accelerometer; autoplay; clipboard-write; encrypted-media; gyroscope; picture-in-picture; web-share\" referrerpolicy=\"strict-origin-when-cross-origin\" allowfullscreen><\/iframe><\/p>\n<p>&nbsp;<\/td>\n<\/tr>\n<tr>\n<td style=\"width: 27px\"><\/td>\n<td style=\"width: 782px\">GOMES, A. M.; LEANDRO, D.; MORSELLI, L. B. G. A.; QUADRO, M. S.; GARCIA, M. L.; CASTRO, A. S.<br \/>\nIDENTIFICA\u00c7\u00c3O DAS CONDI\u00c7\u00d5ES DE PERDA DE \u00c1GUA EM CAMPUS UNIVERSIT\u00c1RIO In: VII SIIEPE &#8211; VII Semana Integrada de Inova\u00e7\u00e3o, Ensino, Pesquisa e Extens\u00e3o, 2021, Pelotas.<br \/>\nXXIII Encontro de P\u00f3s-Gradua\u00e7\u00e3o. Pelotas: UFPEL, 2021.<\/td>\n<td style=\"width: 10px\">\n<p><iframe title=\"VII SIIEPE - UFPEL - \u00c1TILA MARTINS GOMES\" width=\"500\" height=\"281\" src=\"https:\/\/www.youtube.com\/embed\/NlmzAAKmYgg?feature=oembed\" frameborder=\"0\" allow=\"accelerometer; autoplay; clipboard-write; encrypted-media; gyroscope; picture-in-picture; web-share\" referrerpolicy=\"strict-origin-when-cross-origin\" allowfullscreen><\/iframe><\/p>\n<p>&nbsp;<\/td>\n<\/tr>\n<tr>\n<td class=\"ano\" style=\"width: 27px\">7.<\/td>\n<td class=\"texto\" style=\"width: 782px\">\u00a0<a href=\"http:\/\/lattes.cnpq.br\/5610803588208327\" target=\"_blank\" rel=\"noopener\">VIEIRA, D. S.<\/a>; PONZI, G. T.;\u00a0<a href=\"http:\/\/lattes.cnpq.br\/1786513412610267\" target=\"_blank\" rel=\"noopener\">SILVA, L. A.<\/a>;\u00a0<a href=\"http:\/\/lattes.cnpq.br\/1749935262841216\" target=\"_blank\" rel=\"noopener\">QUADRO, M. S.<\/a>;\u00a0<b>LEANDRO, D.<\/b>;\u00a0<a href=\"http:\/\/lattes.cnpq.br\/4328855884811171\" target=\"_blank\" rel=\"noopener\">CASTRO, A. S.<\/a><br \/>\n\u00c9 IMPORTANTE O MUNIC\u00cdPIO DE ARAMBAR\u00c9\/RS, SE TORNAR RESILIENTE? In: VII SIIEPE &#8211; VII Semana Integrada de Inova\u00e7\u00e3o, Ensino, Pesquisa e Extens\u00e3o, 2021, Pelotas.<br \/>\n<b>XXIII Encontro de P\u00f3s-Gradua\u00e7\u00e3o<\/b>. Pelotas: UFPEL, 2021.<\/td>\n<td style=\"width: 10px\">\n<p><iframe title=\"VII SIIEPE - UFPEL - DENISE DOS SANTOS VIEIRA\" width=\"500\" height=\"281\" src=\"https:\/\/www.youtube.com\/embed\/z4TDzWqzeyQ?feature=oembed\" frameborder=\"0\" allow=\"accelerometer; autoplay; clipboard-write; encrypted-media; gyroscope; picture-in-picture; web-share\" referrerpolicy=\"strict-origin-when-cross-origin\" allowfullscreen><\/iframe><\/p>\n<p>&nbsp;<\/td>\n<\/tr>\n<tr>\n<td class=\"ano\" style=\"width: 27px\">8.<\/td>\n<td class=\"texto\" style=\"width: 782px\">\u00a0PONZI, G. T.;\u00a0<a href=\"http:\/\/lattes.cnpq.br\/3893740761073532\" target=\"_blank\" rel=\"noopener\">MARQUES, L. C.<\/a>;\u00a0<b>LEANDRO, D.<\/b><br \/>\nESTRAT\u00c9GIAS UTILIZADAS PELA PREFEITURA DO RIO GRANDE\/RS PARA DISSEMINA\u00c7\u00c3O DE INFORMA\u00c7\u00c3O SOBRE A COVID-19 In: VII SIIEPE &#8211; VII Semana Integrada de Inova\u00e7\u00e3o, Ensino, Pesquisa e Extens\u00e3o, 2021, Pelotas.<br \/>\n<b>XXIII Encontro de P\u00f3s-Gradua\u00e7\u00e3o<\/b>. Pelotas: UFPEL, 2021<\/td>\n<td style=\"width: 10px\">\n<p><iframe title=\"VII SIIEPE - UFPEL -  GABRIELA TOMBINI PONZI\" width=\"500\" height=\"281\" src=\"https:\/\/www.youtube.com\/embed\/oYG7Ezrhp1g?feature=oembed\" frameborder=\"0\" allow=\"accelerometer; autoplay; clipboard-write; encrypted-media; gyroscope; picture-in-picture; web-share\" referrerpolicy=\"strict-origin-when-cross-origin\" allowfullscreen><\/iframe><\/p>\n<p>&nbsp;<\/td>\n<\/tr>\n<tr>\n<td class=\"ano\" style=\"width: 27px\">9.<\/td>\n<td class=\"texto\" style=\"width: 782px\">\u00a0VAZ, A. B. G.;\u00a0<a href=\"http:\/\/lattes.cnpq.br\/5610803588208327\" target=\"_blank\" rel=\"noopener\">VIEIRA, D. S.<\/a>; CALDAS, L. B.; ZIRBES, E. R.;\u00a0<b>LEANDRO, D.<\/b><br \/>\nO USO DO SENSORIAMENTO REMOTO PARA O MONITORAMENTO ESPA\u00c7O-TEMPORAL DE PROJETOS In: VII SIIEPE &#8211; VII Semana Integrada de Inova\u00e7\u00e3o, Ensino, Pesquisa e Extens\u00e3o, 2021, Pelotas.<br \/>\n<b>XXIII Encontro de P\u00f3s-Gradua\u00e7\u00e3o<\/b>. Pelotas: UFPEL, 2021.<\/td>\n<td style=\"width: 10px\">\n<p><iframe title=\"VII SIIEPE - UFPEL - ANA BEATRIZ GON\u00c7ALVES VAZ\" width=\"500\" height=\"281\" src=\"https:\/\/www.youtube.com\/embed\/b1tBYMp_1HI?feature=oembed\" frameborder=\"0\" allow=\"accelerometer; autoplay; clipboard-write; encrypted-media; gyroscope; picture-in-picture; web-share\" referrerpolicy=\"strict-origin-when-cross-origin\" allowfullscreen><\/iframe><\/p>\n<p>&nbsp;<\/td>\n<\/tr>\n<tr>\n<td class=\"ano\" style=\"width: 27px\">10.<\/td>\n<td class=\"texto\" style=\"width: 782px\">\u00a0MARTINS, A. S.; CIROLINI, A.; BRUCH, A. F.;\u00a0<b>LEANDRO, D.<\/b><br \/>\nSUSCETIBILIDADE \u00c0 INUNDA\u00c7\u00c3O COM BASE EM \u00c1LGEBRA DE MAPAS SOBRE FATORES AMBIENTAIS NA BACIA HIDROGR\u00c1FICA DO RIO PIRATINI In: VII SIIEPE &#8211; VII Semana Integrada de Inova\u00e7\u00e3o, Ensino, Pesquisa e Extens\u00e3o, 2021, Pelotas.<br \/>\n<b>XXIII Encontro de P\u00f3s-Gradua\u00e7\u00e3o<\/b>. Pelotas: UFPEL, 2021.<\/td>\n<td style=\"width: 10px\">\n<p><iframe title=\"VII SIIEPE - UFPEL - ATILA DA SILVA MARTINS\" width=\"500\" height=\"281\" src=\"https:\/\/www.youtube.com\/embed\/-HztK3uV-xU?feature=oembed\" frameborder=\"0\" allow=\"accelerometer; autoplay; clipboard-write; encrypted-media; gyroscope; picture-in-picture; web-share\" referrerpolicy=\"strict-origin-when-cross-origin\" allowfullscreen><\/iframe><\/p>\n<p>&nbsp;<\/td>\n<\/tr>\n<tr>\n<td class=\"ano\" style=\"width: 27px\">11.<\/td>\n<td class=\"texto\" style=\"width: 782px\"><a href=\"http:\/\/lattes.cnpq.br\/1531910902487484\" target=\"_blank\" rel=\"noopener\">LEON, O. M. M.<\/a>; DUARTE, V. D.;\u00a0<a href=\"http:\/\/lattes.cnpq.br\/1786513412610267\" target=\"_blank\" rel=\"noopener\">SILVA, L. A.<\/a>; BOLZAN, L. M.;\u00a0<b>LEANDRO, D.<\/b><br \/>\nVULNERABILIDADE SOCIAL NA CIDADE DE ARROIO DO PADRE AFLORADA POR EVENTOS EXTREMOS In: VII SIIEPE &#8211; VII Semana Integrada de Inova\u00e7\u00e3o, Ensino, Pesquisa e Extens\u00e3o, 2021, Pelotas.<br \/>\n<b>VIII Congresso de Extens\u00e3o e Cultura<\/b>. Pelatas: UFPEL, 2021<\/td>\n<td style=\"width: 10px\">\n<p><iframe title=\"VII SIIEPE - UFPEL - Ottoni de Leon\" width=\"500\" height=\"281\" src=\"https:\/\/www.youtube.com\/embed\/qE26wFiqy9U?start=46&#038;feature=oembed\" frameborder=\"0\" allow=\"accelerometer; autoplay; clipboard-write; encrypted-media; gyroscope; picture-in-picture; web-share\" referrerpolicy=\"strict-origin-when-cross-origin\" allowfullscreen><\/iframe><\/p>\n<p>&nbsp;<\/td>\n<\/tr>\n<tr>\n<td style=\"width: 27px\"><\/td>\n<td style=\"width: 782px\">T\u00edtulo: Potencial de aplica\u00e7\u00e3o de bact\u00e9rias resistentes na biorremedia\u00e7\u00e3o de cromo<br \/>\nAutores: BUNDE, DIENIFER A. B.; DEMARCO, CAROLINA FACCIO; ANDREAZZA, ROBSON; PIENIZ, SIMONE.<\/td>\n<td style=\"width: 10px\">https:\/\/youtu.be\/mF1UhhdlkBY<\/td>\n<\/tr>\n<\/tbody>\n<\/table>\n<p>&nbsp;<\/p>\n","protected":false},"excerpt":{"rendered":"<p>&nbsp; Trabalhos publicados em eventos 1. VII SIIEPE &#8211; UFPEL &#8211; ANA PAULA ROZADO GOMES &#8211;\u00a0 XXIII ENPOS &#8211; Encontro de P\u00f3s-Gradua\u00e7\u00e3o &#8211; Disposi\u00e7\u00f5es inadequadas de res\u00edduos s\u00f3lidos: um breve mapeamento a partir dos dados disponibilizados pelo Minist\u00e9rio P\u00fablico Estadual das regi\u00f5es mais afetadas no Estado do Rio Grande Do Sul. &nbsp; 2. VII SIIEPE [&hellip;]<\/p>\n","protected":false},"author":707,"featured_media":0,"parent":0,"menu_order":0,"comment_status":"closed","ping_status":"closed","template":"","meta":{"footnotes":""},"class_list":["post-2923","page","type-page","status-publish","hentry"],"_links":{"self":[{"href":"https:\/\/wp.ufpel.edu.br\/ppgcamb\/wp-json\/wp\/v2\/pages\/2923","targetHints":{"allow":["GET"]}}],"collection":[{"href":"https:\/\/wp.ufpel.edu.br\/ppgcamb\/wp-json\/wp\/v2\/pages"}],"about":[{"href":"https:\/\/wp.ufpel.edu.br\/ppgcamb\/wp-json\/wp\/v2\/types\/page"}],"author":[{"embeddable":true,"href":"https:\/\/wp.ufpel.edu.br\/ppgcamb\/wp-json\/wp\/v2\/users\/707"}],"replies":[{"embeddable":true,"href":"https:\/\/wp.ufpel.edu.br\/ppgcamb\/wp-json\/wp\/v2\/comments?post=2923"}],"version-history":[{"count":23,"href":"https:\/\/wp.ufpel.edu.br\/ppgcamb\/wp-json\/wp\/v2\/pages\/2923\/revisions"}],"predecessor-version":[{"id":2953,"href":"https:\/\/wp.ufpel.edu.br\/ppgcamb\/wp-json\/wp\/v2\/pages\/2923\/revisions\/2953"}],"wp:attachment":[{"href":"https:\/\/wp.ufpel.edu.br\/ppgcamb\/wp-json\/wp\/v2\/media?parent=2923"}],"curies":[{"name":"wp","href":"https:\/\/api.w.org\/{rel}","templated":true}]}}