{"id":2333,"date":"2021-02-18T20:46:39","date_gmt":"2021-02-18T23:46:39","guid":{"rendered":"https:\/\/wp.ufpel.edu.br\/ppgcamb\/?page_id=2333"},"modified":"2024-03-14T16:18:09","modified_gmt":"2024-03-14T19:18:09","slug":"comissao-de-bolsas","status":"publish","type":"page","link":"https:\/\/wp.ufpel.edu.br\/ppgcamb\/comissao-de-bolsas\/","title":{"rendered":"Comiss\u00e3o de Bolsas"},"content":{"rendered":"<p>&nbsp;<\/p>\n<p><img class=\"alignleft wp-image-1079\" src=\"https:\/\/wp.ufpel.edu.br\/ppgcamb\/files\/2019\/05\/rafael-beltrame.png\" alt=\"\" width=\"100\" height=\"134\" \/><\/p>\n<div id=\"formula-bar-name-box-wrapper\" class=\"name-box-enabled formula-bar-with-name-box-wrapper\" style=\"text-align: left;\">\n<div id=\"formula-bar\" class=\"formula-bar formulabar-disabled\">\n<div id=\"t-formula-bar-input-container\">\n<div dir=\"ltr\">\n<div id=\"t-formula-bar-input\">\n<p>&nbsp;<\/p>\n<p><strong>Rafael Beltrame<\/strong><\/p>\n<p>Laborat\u00f3rio para Climatiza\u00e7\u00e3o de Materiais<\/p>\n<p>beltrame.rafael@yahoo.com.br<\/p>\n<p>&nbsp;<\/p>\n<\/div>\n<\/div>\n<\/div>\n<\/div>\n<p>&nbsp;<\/p>\n<\/div>\n<p style=\"text-align: left;\"><img class=\"alignleft wp-image-2328\" src=\"https:\/\/wp.ufpel.edu.br\/ppgcamb\/files\/2021\/02\/70097115_10156694606277898_6615478370148810752_n-e1613691370292.jpg\" alt=\"\" width=\"100\" height=\"154\" srcset=\"https:\/\/wp.ufpel.edu.br\/ppgcamb\/files\/2021\/02\/70097115_10156694606277898_6615478370148810752_n-e1613691370292.jpg 487w, https:\/\/wp.ufpel.edu.br\/ppgcamb\/files\/2021\/02\/70097115_10156694606277898_6615478370148810752_n-e1613691370292-260x400.jpg 260w\" sizes=\"(max-width: 100px) 100vw, 100px\" \/><\/p>\n<p>&nbsp;<\/p>\n<p style=\"text-align: left; padding-left: 80px;\"><strong>Gizele Ingrid Gadotti<\/strong><\/p>\n<p style=\"text-align: left;\">Laborat\u00f3rio de Agrotecnologia<\/p>\n<p style=\"text-align: left;\">gigadotti@hotmail.com<\/p>\n<p>&nbsp;<\/p>\n<p>&nbsp;<\/p>\n<div id=\"formula-bar-name-box-wrapper\" class=\"name-box-enabled formula-bar-with-name-box-wrapper\" style=\"text-align: left;\">\n<div><\/div>\n<div id=\"formula-bar\" class=\"formula-bar formulabar-disabled\">\n<div id=\"t-formula-bar-input-container\">\n<div dir=\"ltr\">\n<div id=\"t-formula-bar-input\"><img class=\"alignleft wp-image-2253\" src=\"https:\/\/wp.ufpel.edu.br\/ppgcamb\/files\/2021\/01\/servletrecuperafoto-5-1.jpg\" alt=\"\" width=\"100\" height=\"160\" \/><\/div>\n<\/div>\n<\/div>\n<\/div>\n<\/div>\n<p>&nbsp;<\/p>\n<p style=\"text-align: left; padding-left: 80px;\"><strong>Luciara Bilhalva Corr\u00eaa<\/strong><\/p>\n<p style=\"text-align: left; padding-left: 80px;\">Laborat\u00f3rio de Educa\u00e7\u00e3o Ambiental<\/p>\n<p style=\"text-align: left; padding-left: 80px;\">luciarabc@gmail.com<\/p>\n<p>&nbsp;<\/p>\n<p>&nbsp;<\/p>\n<p>&nbsp;<\/p>\n<p><strong><img class=\"wp-image-2208 alignleft\" src=\"https:\/\/wp.ufpel.edu.br\/ppgcamb\/files\/2021\/01\/73381318_10219733942249427_32062652419145728_o.jpg\" sizes=\"(max-width: 136px) 100vw, 136px\" srcset=\"https:\/\/wp.ufpel.edu.br\/ppgcamb\/files\/2021\/01\/73381318_10219733942249427_32062652419145728_o.jpg 1050w, https:\/\/wp.ufpel.edu.br\/ppgcamb\/files\/2021\/01\/73381318_10219733942249427_32062652419145728_o-300x400.jpg 300w, https:\/\/wp.ufpel.edu.br\/ppgcamb\/files\/2021\/01\/73381318_10219733942249427_32062652419145728_o-768x1024.jpg 768w\" alt=\"\" width=\"136\" height=\"181\" \/>Diuliana Leandro<\/strong><\/p>\n<p>diuliana.leandro@gmail.com<\/p>\n<p><a href=\"http:\/\/buscatextual.cnpq.br\/buscatextual\/visualizacv.do?id=K4243548T1\" target=\"_blank\" rel=\"noopener noreferrer\">Curr\u00edculo<\/a>\u00a0 \u00a0 \u00a0 \u00a0 \u00a0<a href=\"https:\/\/youtu.be\/32_rOj_Ns5I\" target=\"_blank\" rel=\"noopener\">V\u00eddeo<\/a><\/p>\n<p>Coordenadora<\/p>\n<p>&nbsp;<\/p>\n","protected":false},"excerpt":{"rendered":"<p>&nbsp; &nbsp; Rafael Beltrame Laborat\u00f3rio para Climatiza\u00e7\u00e3o de Materiais beltrame.rafael@yahoo.com.br &nbsp; &nbsp; &nbsp; Gizele Ingrid Gadotti Laborat\u00f3rio de Agrotecnologia gigadotti@hotmail.com &nbsp; &nbsp; &nbsp; Luciara Bilhalva Corr\u00eaa Laborat\u00f3rio de Educa\u00e7\u00e3o Ambiental luciarabc@gmail.com &nbsp; &nbsp; &nbsp; Diuliana Leandro diuliana.leandro@gmail.com Curr\u00edculo\u00a0 \u00a0 \u00a0 \u00a0 \u00a0V\u00eddeo Coordenadora &nbsp;<\/p>\n","protected":false},"author":707,"featured_media":0,"parent":0,"menu_order":0,"comment_status":"closed","ping_status":"closed","template":"","meta":{"footnotes":""},"class_list":["post-2333","page","type-page","status-publish","hentry"],"_links":{"self":[{"href":"https:\/\/wp.ufpel.edu.br\/ppgcamb\/wp-json\/wp\/v2\/pages\/2333","targetHints":{"allow":["GET"]}}],"collection":[{"href":"https:\/\/wp.ufpel.edu.br\/ppgcamb\/wp-json\/wp\/v2\/pages"}],"about":[{"href":"https:\/\/wp.ufpel.edu.br\/ppgcamb\/wp-json\/wp\/v2\/types\/page"}],"author":[{"embeddable":true,"href":"https:\/\/wp.ufpel.edu.br\/ppgcamb\/wp-json\/wp\/v2\/users\/707"}],"replies":[{"embeddable":true,"href":"https:\/\/wp.ufpel.edu.br\/ppgcamb\/wp-json\/wp\/v2\/comments?post=2333"}],"version-history":[{"count":14,"href":"https:\/\/wp.ufpel.edu.br\/ppgcamb\/wp-json\/wp\/v2\/pages\/2333\/revisions"}],"predecessor-version":[{"id":5395,"href":"https:\/\/wp.ufpel.edu.br\/ppgcamb\/wp-json\/wp\/v2\/pages\/2333\/revisions\/5395"}],"wp:attachment":[{"href":"https:\/\/wp.ufpel.edu.br\/ppgcamb\/wp-json\/wp\/v2\/media?parent=2333"}],"curies":[{"name":"wp","href":"https:\/\/api.w.org\/{rel}","templated":true}]}}