{"id":1636,"date":"2020-01-18T14:47:39","date_gmt":"2020-01-18T17:47:39","guid":{"rendered":"https:\/\/wp.ufpel.edu.br\/ppgcamb\/?page_id=1636"},"modified":"2022-06-25T22:46:48","modified_gmt":"2022-06-26T01:46:48","slug":"links","status":"publish","type":"page","link":"https:\/\/wp.ufpel.edu.br\/ppgcamb\/links\/","title":{"rendered":"Links"},"content":{"rendered":"<p><strong>Nos siga no Instagram e outras redes sociais<\/strong><\/p>\n<p><a href=\"https:\/\/www.instagram.com\/ppgcamb\/\">https:\/\/www.instagram.com\/ppgcamb\/<\/a><\/p>\n<p><a href=\"https:\/\/www.youtube.com\/channel\/UC-akAAzywi8aEGV4Reb8diw\">https:\/\/www.youtube.com\/channel\/UC-akAAzywi8aEGV4Reb8diw<\/a><\/p>\n<p><a href=\"https:\/\/twitter.com\/PPGCAmb\">https:\/\/twitter.com\/PPGCAmb<\/a><\/p>\n<p>&nbsp;<\/p>\n<p>&nbsp;<\/p>\n<p><strong>Geral<\/strong><\/p>\n<p><a href=\"https:\/\/youtu.be\/SKa1XoXLjR8\">Video tutorial &#8211; ORCID e ResearcherID<\/a><\/p>\n<p><a href=\"http:\/\/lattes.cnpq.br\/\">Lattes<\/a><\/p>\n<p><a href=\"https:\/\/wp.ufpel.edu.br\/ceng\/ceng\/\">CENG<\/a><\/p>\n<p>&nbsp;<\/p>\n<p><strong>Laborat\u00f3rios<\/strong><\/p>\n<p><a href=\"https:\/\/wp.ufpel.edu.br\/leae\/\">Laborat\u00f3rio de Engenharia Ambiental e de Energia &#8211; LEAE<\/a><\/p>\n<p><a href=\"https:\/\/wp.ufpel.edu.br\/lgea\/\">Laborat\u00f3rio de Geoprocessamento aplicado a Estudos Ambientais \u2013 LGEA<\/a><\/p>\n<p>&nbsp;<\/p>\n","protected":false},"excerpt":{"rendered":"<p>Nos siga no Instagram e outras redes sociais https:\/\/www.instagram.com\/ppgcamb\/ https:\/\/www.youtube.com\/channel\/UC-akAAzywi8aEGV4Reb8diw https:\/\/twitter.com\/PPGCAmb &nbsp; &nbsp; Geral Video tutorial &#8211; ORCID e ResearcherID Lattes CENG &nbsp; Laborat\u00f3rios Laborat\u00f3rio de Engenharia Ambiental e de Energia &#8211; LEAE Laborat\u00f3rio de Geoprocessamento aplicado a Estudos Ambientais \u2013 LGEA &nbsp;<\/p>\n","protected":false},"author":707,"featured_media":0,"parent":0,"menu_order":0,"comment_status":"closed","ping_status":"closed","template":"","meta":{"footnotes":""},"class_list":["post-1636","page","type-page","status-publish","hentry"],"_links":{"self":[{"href":"https:\/\/wp.ufpel.edu.br\/ppgcamb\/wp-json\/wp\/v2\/pages\/1636","targetHints":{"allow":["GET"]}}],"collection":[{"href":"https:\/\/wp.ufpel.edu.br\/ppgcamb\/wp-json\/wp\/v2\/pages"}],"about":[{"href":"https:\/\/wp.ufpel.edu.br\/ppgcamb\/wp-json\/wp\/v2\/types\/page"}],"author":[{"embeddable":true,"href":"https:\/\/wp.ufpel.edu.br\/ppgcamb\/wp-json\/wp\/v2\/users\/707"}],"replies":[{"embeddable":true,"href":"https:\/\/wp.ufpel.edu.br\/ppgcamb\/wp-json\/wp\/v2\/comments?post=1636"}],"version-history":[{"count":9,"href":"https:\/\/wp.ufpel.edu.br\/ppgcamb\/wp-json\/wp\/v2\/pages\/1636\/revisions"}],"predecessor-version":[{"id":3900,"href":"https:\/\/wp.ufpel.edu.br\/ppgcamb\/wp-json\/wp\/v2\/pages\/1636\/revisions\/3900"}],"wp:attachment":[{"href":"https:\/\/wp.ufpel.edu.br\/ppgcamb\/wp-json\/wp\/v2\/media?parent=1636"}],"curies":[{"name":"wp","href":"https:\/\/api.w.org\/{rel}","templated":true}]}}