{"id":159,"date":"2016-10-31T18:07:58","date_gmt":"2016-10-31T20:07:58","guid":{"rendered":"https:\/\/wp.ufpel.edu.br\/ppgcamb\/?page_id=159"},"modified":"2025-04-15T13:40:46","modified_gmt":"2025-04-15T16:40:46","slug":"mapeamento-ambiental-para-identificacao-e-recuperacao-de-areas-degradadas","status":"publish","type":"page","link":"https:\/\/wp.ufpel.edu.br\/ppgcamb\/disciplinas\/optativas\/mapeamento-ambiental-para-identificacao-e-recuperacao-de-areas-degradadas\/","title":{"rendered":"Mapeamento Ambiental"},"content":{"rendered":"<p><strong>Carga Hor\u00e1ria<\/strong>: 68 horas<\/p>\n<p><strong>Cr\u00e9ditos<\/strong>: 4<\/p>\n<p><strong>C\u00f3digo:<\/strong> 1640270<\/p>\n<p><strong>Ementa<\/strong><\/p>\n<p>Introdu\u00e7\u00e3o a conceitos de cartografia, sensoriamento remoto, sistemas de informa\u00e7\u00e3o geogr\u00e1fica e levantamentos GNSS.<\/p>\n<p>Utiliza\u00e7\u00e3o de t\u00e9cnicas cartogr\u00e1ficas aplicadas ao mapeamento dos elementos do meio ambiente.<\/p>\n<p>A disponibiliza\u00e7\u00e3o, o compartilhamento e o acesso a dados e informa\u00e7\u00f5es geoespaciais.<\/p>\n<p>Aplica\u00e7\u00f5es de geotecnologias nas diferentes esferas do planejamento Municipal (Plano ambiental, diretor, de saneamento).<\/p>\n<p>Instrumentos de intera\u00e7\u00e3o e integra\u00e7\u00e3o de informa\u00e7\u00f5es como ferramenta de gest\u00e3o e sistemas de apoio a tomada de decis\u00e3o.<\/p>\n<p>Mapeamento ambiental para identifica\u00e7\u00e3o e recupera\u00e7\u00e3o de \u00e1reas degradadas.<\/p>\n<p><strong>\u00a0<\/strong><\/p>\n<p><strong>Bibliografia<\/strong><\/p>\n<p>Boletim de Ci\u00eanciasGeod\u00e9sicas UFPR. ISSN 1982-2170. Dispon\u00edvelem: &lt;http:\/\/ojs.c3sl.ufpr.br\/ojs2\/index.php\/bcg&gt;.<\/p>\n<p>BLASCHKE, T. &amp; KUX, H. (orgs.). (2005). SensoriamentoRemoto e SIG: novossistemassensores: m\u00e9todosinovadores. S\u00e3o Paulo: Oficina de Textos.<\/p>\n<p>CROSTA, A. P. (1992). Processamento Digital de Imagens de SensoriamentoRemoto. Campinas &#8211; SP. 170p.<\/p>\n<p>C\u00c2MARA, G. Introdu\u00e7\u00e3o \u00e0 Ci\u00eancia da geoinforma\u00e7\u00e3o. www.dpi.inpe.br\/gilberto\/livro.<\/p>\n<p>CENTENO, J.A.S. SensoriamentoRemoto e Processamento de ImagensDigitais. Ed. Curso de P\u00f3s-Gradua\u00e7\u00e3oemCi\u00eanciasGeod\u00e9sicas \u2013 UFPR. 2012<\/p>\n<p>FLORENZANO, Teresa Galloti. Inicia\u00e7\u00e3oemsensoriamentoremoto. S\u00e3o Paulo: Oficina de Textos, 2007. 100 p.<\/p>\n<p>INDE. Dispon\u00edvelem http:\/\/www.inde.gov.br\/. Acessoem: 20\/03\/2014.<\/p>\n<p>JENSEN, J. R. SensoriamentoRemoto do Ambiente: umaperspectivaemrecursosterrestres. 2ed. S\u00e3o Jos\u00e9 dos Campos: Par\u00eantese, 2009<\/p>\n<p>JENSEN, J. R.. Remote Sensing of the Environment: An Earth Resource Perspective. Englewood Cliffs, N.J.: Prentice Hall, 2000. 544 p.<\/p>\n<p>LEICK, Alfred. GPS satellitesurveying. 3. ed. Hoboken, New Jersey: John Wiley&amp; Sons, 2004. 435 p. ISBN 0471059307<\/p>\n<p>LOCH, Carlos. Interpreta\u00e7\u00e3o de imagensa\u00e9reas :no\u00e7\u00f5esb\u00e1sicas e algumasaplica\u00e7\u00f5esnoscamposprofissionais, A &#8211; 5.ed. rev. e atua \/ 2008<\/p>\n<p>LONGLEY, P.A.; GOODCHILD, M.F.; MAGUIRE, D.J. &amp; RHIND, D.W. 2001. Geographic information systems and Science. John Wiley &amp; Sons Ed., Inglaterra, 454p.<\/p>\n<p>MENDES, C.A.B. &amp; CIRILO, J.A. 2001. Geoprocessamentoemrecursosh\u00eddricos: princ\u00edpios, integra\u00e7\u00e3o e aplica\u00e7\u00f5es. ABRH ed., Porto Alegre (RS), 533p.<\/p>\n<p>MENEGUETTE, Arlete. Sistema de informa\u00e7\u00f5esgeogr\u00e1ficascomoumatecnologiaintegradora: contexto, conceitos e defini\u00e7\u00f5es. Dispon\u00edvelna Internet: http:\/\/www.unesp.br\/unidades. Agosto de 1999.<\/p>\n<p>MONICO, J.F.G. Posicionamento pelo NAVSTAR-GPS. Descri\u00e7\u00e3o, Fundamentos e Aplica\u00e7\u00f5es. S\u00e3o Paulo.: Editora UNESP, 2000<\/p>\n<p>MOREIRA, M. A.\u00a0 Fundamentos do sensoriamentoremoto e metodologias de aplica\u00e7\u00e3o. Instituto Nacional de PesquisasEspaciais &#8211; INPE, S\u00e3o Jos\u00e9 dos Campos, 2001.<\/p>\n<p>MOREIRA, Maur\u00edcio Alves. Fundamentos do sensoriamentoremoto e metodologias de aplica\u00e7\u00e3o. 4. ed. Vi\u00e7osa: UFV, 2011. 422 p.<\/p>\n<p>MOURA, A.C.M. Geoprocessamentonagest\u00e3o e planejamentourbano. Belo Horizonte: Ed. Da autora, 2003. 294pg.<\/p>\n<p>NOVO, Evlyn Marcia L. de Moraes. Sensoriamentoremoto: princ\u00edpios e aplica\u00e7\u00f5es. 3. ed. S\u00e3o Paulo: EdgardBl\u00fccher, 2008. 363 p.<\/p>\n<p>RevistaBrasileira de Cartografia. ISSN: 1808-0936. Dispon\u00edvelem&lt;http:\/\/www.lsie.unb.br\/rbc\/index.php\/rbc\/index&gt;.<\/p>\n<p>SILVA, Ardemiro de Barros. Sistemas de informa\u00e7\u00f5es geo-referenciadas: conceitos e fundamentos. Campinas: UNICAMP, 2003. 236 p<\/p>\n<p>KUX, H. &amp; BLASCHKE, T. 2007. SensoriamentoRemoto e SIG Avan\u00e7ados. Oficina de Textos. 304 p.<\/p>\n","protected":false},"excerpt":{"rendered":"<p>Carga Hor\u00e1ria: 68 horas Cr\u00e9ditos: 4 C\u00f3digo: 1640270 Ementa Introdu\u00e7\u00e3o a conceitos de cartografia, sensoriamento remoto, sistemas de informa\u00e7\u00e3o geogr\u00e1fica e levantamentos GNSS. Utiliza\u00e7\u00e3o de t\u00e9cnicas cartogr\u00e1ficas aplicadas ao mapeamento dos elementos do meio ambiente. A disponibiliza\u00e7\u00e3o, o compartilhamento e o acesso a dados e informa\u00e7\u00f5es geoespaciais. Aplica\u00e7\u00f5es de geotecnologias nas diferentes esferas do planejamento [&hellip;]<\/p>\n","protected":false},"author":707,"featured_media":0,"parent":30,"menu_order":0,"comment_status":"closed","ping_status":"closed","template":"","meta":{"footnotes":""},"class_list":["post-159","page","type-page","status-publish","hentry"],"_links":{"self":[{"href":"https:\/\/wp.ufpel.edu.br\/ppgcamb\/wp-json\/wp\/v2\/pages\/159","targetHints":{"allow":["GET"]}}],"collection":[{"href":"https:\/\/wp.ufpel.edu.br\/ppgcamb\/wp-json\/wp\/v2\/pages"}],"about":[{"href":"https:\/\/wp.ufpel.edu.br\/ppgcamb\/wp-json\/wp\/v2\/types\/page"}],"author":[{"embeddable":true,"href":"https:\/\/wp.ufpel.edu.br\/ppgcamb\/wp-json\/wp\/v2\/users\/707"}],"replies":[{"embeddable":true,"href":"https:\/\/wp.ufpel.edu.br\/ppgcamb\/wp-json\/wp\/v2\/comments?post=159"}],"version-history":[{"count":5,"href":"https:\/\/wp.ufpel.edu.br\/ppgcamb\/wp-json\/wp\/v2\/pages\/159\/revisions"}],"predecessor-version":[{"id":6034,"href":"https:\/\/wp.ufpel.edu.br\/ppgcamb\/wp-json\/wp\/v2\/pages\/159\/revisions\/6034"}],"up":[{"embeddable":true,"href":"https:\/\/wp.ufpel.edu.br\/ppgcamb\/wp-json\/wp\/v2\/pages\/30"}],"wp:attachment":[{"href":"https:\/\/wp.ufpel.edu.br\/ppgcamb\/wp-json\/wp\/v2\/media?parent=159"}],"curies":[{"name":"wp","href":"https:\/\/api.w.org\/{rel}","templated":true}]}}