{"id":150,"date":"2016-10-31T18:02:23","date_gmt":"2016-10-31T20:02:23","guid":{"rendered":"https:\/\/wp.ufpel.edu.br\/ppgcamb\/?page_id=150"},"modified":"2019-05-02T15:53:19","modified_gmt":"2019-05-02T18:53:19","slug":"recuperacao-de-areas-degradadas","status":"publish","type":"page","link":"https:\/\/wp.ufpel.edu.br\/ppgcamb\/disciplinas\/optativas\/recuperacao-de-areas-degradadas\/","title":{"rendered":"Recupera\u00e7\u00e3o de \u00c1reas Degradadas"},"content":{"rendered":"<p><strong>Carga Hor\u00e1ria<\/strong>: 68 horas<\/p>\n<p><strong>Cr\u00e9ditos<\/strong>: 4<\/p>\n<p><strong>C\u00f3digo: <\/strong>1640269<\/p>\n<p><strong>Ementa<\/strong><\/p>\n<p>Introdu\u00e7\u00e3o e conceitos de recupera\u00e7\u00e3o de \u00e1reas degradadas.<\/p>\n<p>Identifica\u00e7\u00e3o do problema: tipos de \u00e1reas degradadas, legisla\u00e7\u00e3o e normas.<\/p>\n<p>Conceitos e t\u00e9cnicas de remedia\u00e7\u00e3o.<\/p>\n<p>Conceitos e t\u00e9cnicas de biorremedia\u00e7\u00e3o.<\/p>\n<p>Conceitos e t\u00e9cnicas de fitorremedia\u00e7\u00e3o.<\/p>\n<p>Usos, aplica\u00e7\u00f5es e novas biotecnologias em recupera\u00e7\u00e3o de \u00e1reas degradadas.<\/p>\n<p>&nbsp;<\/p>\n<p><strong>Bibliografia<\/strong><\/p>\n<p>ADRIANO, D.C.; BOLLAG, J.M.; FRANKENBERGER, W.T.; SIMS, R.C. Bioremediation of contaminated soils. Madison, SSSA, 1999. 820p.<\/p>\n<p>ALEXANDER, M. Biodegradation and bioremediation. London: Academic Press, 1999. 453p.<\/p>\n<p>ALLSOP, D.; SEAL, K.; GAYLARDE, C. Introduction to biodeterioration. Cambridge, Cambridge University Press, 2004. 237p.<\/p>\n<p>BAKER, K.H.; HERSON, D.S. Bioremediation. New York, McGraw-Hill, 1994. 375p.<\/p>\n<p>CHAUDHRY, G.R. Biological degradation and bioremediation of toxic chemicals. Portland, Dioscorides Press, 1994. 515p.<\/p>\n<p>CRAWFORD, R.L.; CRAWFORD, D.L. Bioremediation &#8211; Principles and applications. Cambridge, Cambridge University Press, 1998. 401p.<\/p>\n<p>DAVIDE, A. C. Sele\u00e7\u00e3o de esp\u00e9cies para recupera\u00e7\u00e3o de \u00e1reas degradadas. Anais do Simp\u00f3sio de Recupera\u00e7\u00e3o de \u00c1reas Degradadas, Foz do Igua\u00e7u, 1994. p.113.<\/p>\n<p>GREEN, C., HOFFNAGLE, A. Phytoremediation field studies database for chlorinated solvents, pesticides, explosives, and metals. Washington, USEPA, 2004. 220p.<\/p>\n<p>FINGERMAN, M.; NAGABHUSHANAM, R. Bioremediation of aquatic and terrestrial ecosystems. Enfield: Science, 2005. 450p.<\/p>\n<p>HINCHEE, R.E., MEANS, J.L., BURRIS, D.R. Bioremediation of inorganics. Columbus, Batelle Press, 1995. 174p.<\/p>\n<p>HINCHEE, R.E., SAYLES, G.D., SKEEN, R.S. Biological unit process for hazardous waste treatment. Columbus, Batelle Press, 1995. 358p.<\/p>\n<p>HINCHEE, R.E., VOGEL, C.M., BROCKMAN, F.J. Microbial process for bioremediation. Columbus, Batelle Press, 1995. 361p.<\/p>\n<p>HINCHEE, R.E., HOEPPEL, R.E., ANDERSON, D.B. Bioremediation of recalcitrant organics. Columbus, Batelle Press, 1995. 368p.<\/p>\n<p>KADLEC, R. H.; WALLACE, S. D. Treatment wetlands. 2.ed. Boca Raton: CRC, 2009. 1085p.<\/p>\n<p>LEESON, A.; FOOTE, E.A.; BANKS, M.K.; MAGAR, V.S. Phytoremediation, wetlands and sediments. v.6. Columbus: Battelle, 2001. 383p.<\/p>\n<p>McCUTCHEON, S.C., SCHNOOR, J.L. Phytoremediation transformation and control of contaminants. New Jersy, Wiley-Interscience, Inc. 2003. 986p.<\/p>\n<p>MEANS, J.L.; HINCHEE, R.E. Emerging technology for bioremediation of metals. Boca Raton, CRC Press, 2000. 148p.<\/p>\n<p>NRMRL-USEPA. Introduction to phytoremediation. Cincinnati, Usepa, 2000. 155p.<\/p>\n","protected":false},"excerpt":{"rendered":"<p>Carga Hor\u00e1ria: 68 horas Cr\u00e9ditos: 4 C\u00f3digo: 1640269 Ementa Introdu\u00e7\u00e3o e conceitos de recupera\u00e7\u00e3o de \u00e1reas degradadas. Identifica\u00e7\u00e3o do problema: tipos de \u00e1reas degradadas, legisla\u00e7\u00e3o e normas. Conceitos e t\u00e9cnicas de remedia\u00e7\u00e3o. Conceitos e t\u00e9cnicas de biorremedia\u00e7\u00e3o. Conceitos e t\u00e9cnicas de fitorremedia\u00e7\u00e3o. Usos, aplica\u00e7\u00f5es e novas biotecnologias em recupera\u00e7\u00e3o de \u00e1reas degradadas. &nbsp; Bibliografia ADRIANO, [&hellip;]<\/p>\n","protected":false},"author":707,"featured_media":0,"parent":30,"menu_order":0,"comment_status":"closed","ping_status":"closed","template":"","meta":{"footnotes":""},"class_list":["post-150","page","type-page","status-publish","hentry"],"_links":{"self":[{"href":"https:\/\/wp.ufpel.edu.br\/ppgcamb\/wp-json\/wp\/v2\/pages\/150","targetHints":{"allow":["GET"]}}],"collection":[{"href":"https:\/\/wp.ufpel.edu.br\/ppgcamb\/wp-json\/wp\/v2\/pages"}],"about":[{"href":"https:\/\/wp.ufpel.edu.br\/ppgcamb\/wp-json\/wp\/v2\/types\/page"}],"author":[{"embeddable":true,"href":"https:\/\/wp.ufpel.edu.br\/ppgcamb\/wp-json\/wp\/v2\/users\/707"}],"replies":[{"embeddable":true,"href":"https:\/\/wp.ufpel.edu.br\/ppgcamb\/wp-json\/wp\/v2\/comments?post=150"}],"version-history":[{"count":3,"href":"https:\/\/wp.ufpel.edu.br\/ppgcamb\/wp-json\/wp\/v2\/pages\/150\/revisions"}],"predecessor-version":[{"id":1002,"href":"https:\/\/wp.ufpel.edu.br\/ppgcamb\/wp-json\/wp\/v2\/pages\/150\/revisions\/1002"}],"up":[{"embeddable":true,"href":"https:\/\/wp.ufpel.edu.br\/ppgcamb\/wp-json\/wp\/v2\/pages\/30"}],"wp:attachment":[{"href":"https:\/\/wp.ufpel.edu.br\/ppgcamb\/wp-json\/wp\/v2\/media?parent=150"}],"curies":[{"name":"wp","href":"https:\/\/api.w.org\/{rel}","templated":true}]}}