{"id":134,"date":"2016-10-31T17:49:40","date_gmt":"2016-10-31T19:49:40","guid":{"rendered":"https:\/\/wp.ufpel.edu.br\/ppgcamb\/?page_id=134"},"modified":"2019-05-02T15:50:17","modified_gmt":"2019-05-02T18:50:17","slug":"ferramentas-avancadas-para-atenuacao-do-impacto-ambiental-na-agricultura","status":"publish","type":"page","link":"https:\/\/wp.ufpel.edu.br\/ppgcamb\/disciplinas\/optativas\/ferramentas-avancadas-para-atenuacao-do-impacto-ambiental-na-agricultura\/","title":{"rendered":"Ferramentas Avan\u00e7adas Para Atenua\u00e7\u00e3o do Impacto Ambiental na Agricultura"},"content":{"rendered":"<p><strong>Carga Hor\u00e1ria<\/strong>: 68 horas<\/p>\n<p><strong>Cr\u00e9ditos<\/strong>: 4<\/p>\n<p><strong>C\u00f3digo: <\/strong>1640322<\/p>\n<p><strong>Ementa<\/strong><\/p>\n<p>Variabilidade e manejo da \u00e1gua de irriga\u00e7\u00e3o.<\/p>\n<p>Variabilidade na infesta\u00e7\u00e3o e controle de insetos e invasoras.<\/p>\n<p>Tratamento da variabilidade.<\/p>\n<p>Manejo e posse dos dados.<\/p>\n<p>Mapas de controle de aplica\u00e7\u00e3o \u2013 tecnologias de taxa vari\u00e1vel (TTV) e aplica\u00e7\u00e3o com taxa vari\u00e1vel (ATV).<\/p>\n<p>&nbsp;<\/p>\n<p><strong>Bibliografia<\/strong><\/p>\n<p>LUZ, M.L.G.S.; LUZ, C.A.S.; GADOTTI, G.I. <strong>Agricultura de precis\u00e3o<\/strong>. Pelotas: Editora e Gr\u00e1fica Universit\u00e1ria\/UFPel, 2014. 268p.<\/p>\n<p>BALASTREIRE, L.A. <strong>O estado-da-arte da agricultura de precis\u00e3o no Brasil.<\/strong> Piracicaba: ESALQ \/USP, 2000, 224p.<\/p>\n<p>FAULIN, G.D.C. <strong>Variabilidade espacial do teor de \u00e1gua e sua influ\u00eancia na condutividae el\u00e9trica do solo<\/strong>. 52f. Disserta\u00e7\u00e3o (Mestrado em Agronomia \u2013 M\u00e1quinas Agr\u00edcolas), USP\/ESALQ, Piracicaba, 2005.<\/p>\n<p>GIOTTO, E.; CARDOSO, C.D.V.; SEBEM, E.; GIOTTO, D.B.; KAYSER, L.P.; R\u00c9QUIA, G.H.; STEINMETZ, C.; PIRES, F.S.; CASSENOTE, V.; MOREIRA, C.M. <strong>A agricultura e precis\u00e3o com o sistema CR Campeiro 7<\/strong>: malha de amostragem. Cap\u00edtulo 2, Curso EAD-2013 e Desenvolvimento, UFSM, Centro de Ci\u00eancias Rurais, Departamento de Engenharia Rural, Santa Maria, 2013. 31p.<\/p>\n<p>MOLIN, J.P. \u00a0AMARAL, L.R., COLA\u00c7O, A.F. <strong>Agricultura de precis\u00e3o<\/strong>. S\u00e3o Paulo: Oficina de textos, 2015.<\/p>\n<p>MORGAN; M.; ESS, D.<strong>The precision-farming guide for agriculturists.<\/strong>Moline: Deere &amp; Company, 1997, 123p.<\/p>\n<p>PRECISION Agriculture in the 21<sup>st<\/sup> Century. Geospatial and information technologies in crop management.National Research Council. Washington, D.C.: National Academy Press, 1997, 149p.<\/p>\n","protected":false},"excerpt":{"rendered":"<p>Carga Hor\u00e1ria: 68 horas Cr\u00e9ditos: 4 C\u00f3digo: 1640322 Ementa Variabilidade e manejo da \u00e1gua de irriga\u00e7\u00e3o. Variabilidade na infesta\u00e7\u00e3o e controle de insetos e invasoras. Tratamento da variabilidade. Manejo e posse dos dados. Mapas de controle de aplica\u00e7\u00e3o \u2013 tecnologias de taxa vari\u00e1vel (TTV) e aplica\u00e7\u00e3o com taxa vari\u00e1vel (ATV). &nbsp; Bibliografia LUZ, M.L.G.S.; LUZ, [&hellip;]<\/p>\n","protected":false},"author":707,"featured_media":0,"parent":30,"menu_order":0,"comment_status":"closed","ping_status":"closed","template":"","meta":{"footnotes":""},"class_list":["post-134","page","type-page","status-publish","hentry"],"_links":{"self":[{"href":"https:\/\/wp.ufpel.edu.br\/ppgcamb\/wp-json\/wp\/v2\/pages\/134","targetHints":{"allow":["GET"]}}],"collection":[{"href":"https:\/\/wp.ufpel.edu.br\/ppgcamb\/wp-json\/wp\/v2\/pages"}],"about":[{"href":"https:\/\/wp.ufpel.edu.br\/ppgcamb\/wp-json\/wp\/v2\/types\/page"}],"author":[{"embeddable":true,"href":"https:\/\/wp.ufpel.edu.br\/ppgcamb\/wp-json\/wp\/v2\/users\/707"}],"replies":[{"embeddable":true,"href":"https:\/\/wp.ufpel.edu.br\/ppgcamb\/wp-json\/wp\/v2\/comments?post=134"}],"version-history":[{"count":7,"href":"https:\/\/wp.ufpel.edu.br\/ppgcamb\/wp-json\/wp\/v2\/pages\/134\/revisions"}],"predecessor-version":[{"id":992,"href":"https:\/\/wp.ufpel.edu.br\/ppgcamb\/wp-json\/wp\/v2\/pages\/134\/revisions\/992"}],"up":[{"embeddable":true,"href":"https:\/\/wp.ufpel.edu.br\/ppgcamb\/wp-json\/wp\/v2\/pages\/30"}],"wp:attachment":[{"href":"https:\/\/wp.ufpel.edu.br\/ppgcamb\/wp-json\/wp\/v2\/media?parent=134"}],"curies":[{"name":"wp","href":"https:\/\/api.w.org\/{rel}","templated":true}]}}