{"id":131,"date":"2016-10-31T17:47:38","date_gmt":"2016-10-31T19:47:38","guid":{"rendered":"https:\/\/wp.ufpel.edu.br\/ppgcamb\/?page_id=131"},"modified":"2019-05-02T15:52:27","modified_gmt":"2019-05-02T18:52:27","slug":"pericia-ambiental","status":"publish","type":"page","link":"https:\/\/wp.ufpel.edu.br\/ppgcamb\/disciplinas\/optativas\/pericia-ambiental\/","title":{"rendered":"Per\u00edcia Ambiental"},"content":{"rendered":"<p><strong>Carga Hor\u00e1ria<\/strong>: 34 horas<\/p>\n<p><strong>Cr\u00e9ditos<\/strong>: 2<\/p>\n<p><strong>C\u00f3digo: <\/strong>1640268<\/p>\n<p><strong>Ementa<\/strong><\/p>\n<p>Aplicac\u0327o\u0303es da peri\u0301cia ambiental.<\/p>\n<p>Ferramentas da peri\u0301cia ambiental.<\/p>\n<p>Ferramentas estati\u0301sticas.<\/p>\n<p>Ferramentas laboratoriais.<\/p>\n<p>Peri\u0301cia Ambiental Judicial: Jurisdic\u0327a\u0303o, ac\u0327a\u0303o e processo.<\/p>\n<p>Importa\u0302ncia e admissibilidade da peri\u0301cia ambiental.<\/p>\n<p>Direitos e deveres processuais dos peritos e assistentes te\u0301cnicos.<\/p>\n<p>Formulac\u0327a\u0303o e resposta de quesitos, suas modalidades e principais incidentes.<\/p>\n<p>Elaborac\u0327a\u0303o de laudos e pareceres.<\/p>\n<p>Peri\u0301cia Ambiental Securita\u0301ria: Me\u0301todos de peri\u0301cia ambiental.<\/p>\n<p>Responsabilidade civil na degradac\u0327a\u0303o, poluic\u0327a\u0303o e dano ambiental.<\/p>\n<p>Infrac\u0327o\u0303espassi\u0301veis de peri\u0301ciaecolo\u0301gica; Legislac\u0327a\u0303o.<\/p>\n<p>Seguro ambiental.<\/p>\n<p>Responsabilidade em danos causados por poluic\u0327a\u0303o como questa\u0303o internacional.<\/p>\n<p>Riscos e tipos de acidentes ambientais.<\/p>\n<p>&nbsp;<\/p>\n<p><strong>Bibliografia<\/strong><\/p>\n<p>GUERRA, Anto\u0302nio Jose\u0301 Teixeira CUNHA, Sandra Baptista; Avaliac\u0327a\u0303o e Peri\u0301cia ambiental. Rio de Janeiro:Bertrand Brasil, 2007.<\/p>\n<p>MacMaster, Greg, Environmental Forensicsand its EffectsonInvestigations, PageFreePublishing Inc., 2006.<\/p>\n<p>MARTINS JUNIOR, OSMAR PIRES, PERICIA AMBIENTAL E ASSISTENCIA TECNICA, 2006.<\/p>\n<p>Morrison, Robert D.; Murphy, Brian L., Environmental Forensics: ContaminantSpecificGuide, Academic Press, 2005.<\/p>\n<p>Murphy, Brian L.; Morrison, Robert D., Introductionto Environmental Forensics, SecondEdition, Academic Press, 2007.<\/p>\n<p>Sullivan, Patrick J.; Agardy, Franklin J.; Traub, Richard K., Practical Environmental Forensics: Processand Case Histories, Wiley, 2000.<\/p>\n<p>TOCHETTO, D. PERICIA AMBIENTAL CRIMINAL. 3a. Edi\u00e7\u00e3o. Campinas, SP: Milennium Editora, 2014.<\/p>\n<p>VENDRAME, ANTONIO CARLOS, PERI\u0301CIA AMBIENTAL &#8211; UMA ABORDAGEM MULTIDISCIPLINAR, 2006.<\/p>\n","protected":false},"excerpt":{"rendered":"<p>Carga Hor\u00e1ria: 34 horas Cr\u00e9ditos: 2 C\u00f3digo: 1640268 Ementa Aplicac\u0327o\u0303es da peri\u0301cia ambiental. Ferramentas da peri\u0301cia ambiental. Ferramentas estati\u0301sticas. Ferramentas laboratoriais. Peri\u0301cia Ambiental Judicial: Jurisdic\u0327a\u0303o, ac\u0327a\u0303o e processo. Importa\u0302ncia e admissibilidade da peri\u0301cia ambiental. Direitos e deveres processuais dos peritos e assistentes te\u0301cnicos. Formulac\u0327a\u0303o e resposta de quesitos, suas modalidades e principais incidentes. Elaborac\u0327a\u0303o de [&hellip;]<\/p>\n","protected":false},"author":707,"featured_media":0,"parent":30,"menu_order":0,"comment_status":"closed","ping_status":"closed","template":"","meta":{"footnotes":""},"class_list":["post-131","page","type-page","status-publish","hentry"],"_links":{"self":[{"href":"https:\/\/wp.ufpel.edu.br\/ppgcamb\/wp-json\/wp\/v2\/pages\/131","targetHints":{"allow":["GET"]}}],"collection":[{"href":"https:\/\/wp.ufpel.edu.br\/ppgcamb\/wp-json\/wp\/v2\/pages"}],"about":[{"href":"https:\/\/wp.ufpel.edu.br\/ppgcamb\/wp-json\/wp\/v2\/types\/page"}],"author":[{"embeddable":true,"href":"https:\/\/wp.ufpel.edu.br\/ppgcamb\/wp-json\/wp\/v2\/users\/707"}],"replies":[{"embeddable":true,"href":"https:\/\/wp.ufpel.edu.br\/ppgcamb\/wp-json\/wp\/v2\/comments?post=131"}],"version-history":[{"count":3,"href":"https:\/\/wp.ufpel.edu.br\/ppgcamb\/wp-json\/wp\/v2\/pages\/131\/revisions"}],"predecessor-version":[{"id":999,"href":"https:\/\/wp.ufpel.edu.br\/ppgcamb\/wp-json\/wp\/v2\/pages\/131\/revisions\/999"}],"up":[{"embeddable":true,"href":"https:\/\/wp.ufpel.edu.br\/ppgcamb\/wp-json\/wp\/v2\/pages\/30"}],"wp:attachment":[{"href":"https:\/\/wp.ufpel.edu.br\/ppgcamb\/wp-json\/wp\/v2\/media?parent=131"}],"curies":[{"name":"wp","href":"https:\/\/api.w.org\/{rel}","templated":true}]}}