{"id":1051,"date":"2019-05-02T16:28:08","date_gmt":"2019-05-02T19:28:08","guid":{"rendered":"https:\/\/wp.ufpel.edu.br\/ppgcamb\/?page_id=1051"},"modified":"2019-08-12T17:14:39","modified_gmt":"2019-08-12T20:14:39","slug":"edital-alunos-especiais-2019-1","status":"publish","type":"page","link":"https:\/\/wp.ufpel.edu.br\/ppgcamb\/editais\/editais-2019\/edital-alunos-especiais-2019-1\/","title":{"rendered":"Edital &#8211; alunos especiais 2019\/1"},"content":{"rendered":"<h2>Edital para aluno especial ingresso 2019-1<\/h2>\n<p><a href=\"https:\/\/wp.ufpel.edu.br\/ppgcamb\/files\/2019\/02\/SEI_UFPel-0427313-Edital-de-sele%C3%A7%C3%A3o-PRPPGI-aluno-especial-2019-1-1.pdf\">SEI_UFPel \u2013 0427313 \u2013 Edital de sele\u00e7\u00e3o PRPPGI aluno especial 2019-1<\/a><\/p>\n<p>A Entrega dos documentos para o Edital de sele\u00e7\u00e3o de aluno Especial, poder\u00e1 ser realizada na secretaria administrativa do Ceng, sala 305A, nos seguintes hor\u00e1rios:<\/p>\n<p>\u2013 dia 11\/03, das 7:30 \u00e0s 18:00;<\/p>\n<p>\u2013 dia 12\/03, das 7:30 \u00e0s 18:00;<\/p>\n<p>\u2013 dia 13\/03, das 7:30 \u00e0s 19:30;<\/p>\n<p>\u2013 dia 14\/03, das 7:30 \u00e0s 19:30.<\/p>\n<h2><strong>Resultado Homologa\u00e7\u00e3o Edital Alunos Especiais<\/strong><\/h2>\n<p><a href=\"https:\/\/wp.ufpel.edu.br\/ppgcamb\/files\/2019\/03\/Homologa%C3%A7%C3%A3o-Edital-Aluno-Especial.pdf\">Homologa\u00e7\u00e3o Edital Aluno Especial<\/a><\/p>\n<blockquote class=\"wp-embedded-content\" data-secret=\"tpoMnB1vfV\"><p><a href=\"https:\/\/wp.ufpel.edu.br\/ppgcamb\/formularios\/\">Formul\u00e1rios<\/a><\/p><\/blockquote>\n<p><iframe class=\"wp-embedded-content\" sandbox=\"allow-scripts\" security=\"restricted\" style=\"position: absolute; clip: rect(1px, 1px, 1px, 1px);\" title=\"&#8220;Formul\u00e1rios&#8221; &#8212; PPGCAmb\" src=\"https:\/\/wp.ufpel.edu.br\/ppgcamb\/formularios\/embed\/#?secret=acTdOInTSN#?secret=tpoMnB1vfV\" data-secret=\"tpoMnB1vfV\" width=\"500\" height=\"282\" frameborder=\"0\" marginwidth=\"0\" marginheight=\"0\" scrolling=\"no\"><\/iframe><\/p>\n","protected":false},"excerpt":{"rendered":"<p>Edital para aluno especial ingresso 2019-1 SEI_UFPel \u2013 0427313 \u2013 Edital de sele\u00e7\u00e3o PRPPGI aluno especial 2019-1 A Entrega dos documentos para o Edital de sele\u00e7\u00e3o de aluno Especial, poder\u00e1 ser realizada na secretaria administrativa do Ceng, sala 305A, nos seguintes hor\u00e1rios: \u2013 dia 11\/03, das 7:30 \u00e0s 18:00; \u2013 dia 12\/03, das 7:30 \u00e0s [&hellip;]<\/p>\n","protected":false},"author":707,"featured_media":0,"parent":1039,"menu_order":0,"comment_status":"closed","ping_status":"closed","template":"","meta":{"footnotes":""},"class_list":["post-1051","page","type-page","status-publish","hentry"],"_links":{"self":[{"href":"https:\/\/wp.ufpel.edu.br\/ppgcamb\/wp-json\/wp\/v2\/pages\/1051","targetHints":{"allow":["GET"]}}],"collection":[{"href":"https:\/\/wp.ufpel.edu.br\/ppgcamb\/wp-json\/wp\/v2\/pages"}],"about":[{"href":"https:\/\/wp.ufpel.edu.br\/ppgcamb\/wp-json\/wp\/v2\/types\/page"}],"author":[{"embeddable":true,"href":"https:\/\/wp.ufpel.edu.br\/ppgcamb\/wp-json\/wp\/v2\/users\/707"}],"replies":[{"embeddable":true,"href":"https:\/\/wp.ufpel.edu.br\/ppgcamb\/wp-json\/wp\/v2\/comments?post=1051"}],"version-history":[{"count":2,"href":"https:\/\/wp.ufpel.edu.br\/ppgcamb\/wp-json\/wp\/v2\/pages\/1051\/revisions"}],"predecessor-version":[{"id":1160,"href":"https:\/\/wp.ufpel.edu.br\/ppgcamb\/wp-json\/wp\/v2\/pages\/1051\/revisions\/1160"}],"up":[{"embeddable":true,"href":"https:\/\/wp.ufpel.edu.br\/ppgcamb\/wp-json\/wp\/v2\/pages\/1039"}],"wp:attachment":[{"href":"https:\/\/wp.ufpel.edu.br\/ppgcamb\/wp-json\/wp\/v2\/media?parent=1051"}],"curies":[{"name":"wp","href":"https:\/\/api.w.org\/{rel}","templated":true}]}}