{"id":1047,"date":"2019-05-02T16:28:32","date_gmt":"2019-05-02T19:28:32","guid":{"rendered":"https:\/\/wp.ufpel.edu.br\/ppgcamb\/?page_id=1047"},"modified":"2019-05-02T16:28:32","modified_gmt":"2019-05-02T19:28:32","slug":"editais-alunos-regulares-2019-1","status":"publish","type":"page","link":"https:\/\/wp.ufpel.edu.br\/ppgcamb\/editais\/editais-2019\/editais-alunos-regulares-2019-1\/","title":{"rendered":"Editais Alunos Regulares &#8211; 2019\/1"},"content":{"rendered":"<h2><strong>Edital 126\/18 Aluno Regular Ingresso 2019-1<\/strong><\/h2>\n<p><a href=\"https:\/\/wp.ufpel.edu.br\/ppgcamb\/files\/2019\/02\/Retifica%C3%A7%C3%A3o-da-homologa%C3%A7%C3%A3o-das-Inscri%C3%A7%C3%B5es-edital-126-18-2.pdf\">Retifica\u00e7\u00e3o da homologa\u00e7\u00e3o das Inscri\u00e7\u00f5es edital 126-18<\/a><\/p>\n<p><a href=\"https:\/\/wp.ufpel.edu.br\/ppgcamb\/files\/2019\/01\/Anteprojeto-regulares-2019-1.pdf\">Anteprojeto regulares 2019-1<\/a><\/p>\n<p><a href=\"https:\/\/wp.ufpel.edu.br\/ppgcamb\/files\/2018\/11\/SEI_UFPel-0366981-Edital-de-Retifica%C3%A7%C3%A3o-PRPPGI.pdf\">SEI_UFPel \u2013 0366981 \u2013 Edital de Retifica\u00e7\u00e3o PRPPGI<\/a><\/p>\n<p><a href=\"https:\/\/wp.ufpel.edu.br\/ppgcamb\/files\/2018\/11\/SEI_UFPel-0340506-Edital-de-sele%C3%A7%C3%A3o-PRPPGI.pdf\">SEI_UFPel \u2013 0340506 \u2013 Edital de sele\u00e7\u00e3o PRPPGI<\/a><\/p>\n<p><strong>Documentos anexos<\/strong><\/p>\n<p><a href=\"https:\/\/wp.ufpel.edu.br\/ppgcamb\/files\/2018\/11\/SEI_UFPel-0313132-PRPPGI-Formul%C3%A1rio-1-Inscri%C3%A7%C3%A3o.pdf\">SEI_UFPel \u2013 0313132 \u2013 PRPPGI Formul\u00e1rio 1 \u2013 Inscri\u00e7\u00e3oANEXO I<\/a><\/p>\n<p><a href=\"https:\/\/wp.ufpel.edu.br\/ppgcamb\/files\/2018\/11\/ANEXO-2-EDITAL-2019-1.doc\">ANEXO 2 EDITAL 2019-1<\/a><\/p>\n<p><a href=\"https:\/\/wp.ufpel.edu.br\/ppgcamb\/files\/2018\/11\/tabela_de_pontuacao_aluno_regular_2019_1ANEXO_4-1.pdf\">tabela_de_pontuacao_aluno_regular_2019_1ANEXO_3<\/a><\/p>\n<p>D\u00favidas e informa\u00e7\u00f5es sobre o edital pelo e-mail ppgcamb@gmail.com ou pelo telefone 3284-1696 das 14h \u00e0s 19h30min.<\/p>\n<h2><strong>Resultados da Prova para Sele\u00e7\u00e3o 2019\/1<\/strong><\/h2>\n<p><a href=\"https:\/\/wp.ufpel.edu.br\/ppgcamb\/files\/2019\/02\/Resultado-Prova-Sele%C3%A7%C3%A3o-2019.pdf\">Resultado Prova Sele\u00e7\u00e3o 2019<\/a><\/p>\n<p><a href=\"https:\/\/wp.ufpel.edu.br\/ppgcamb\/files\/2019\/02\/Prova-Mestrado-Ci%C3%AAncias-Ambientais-2019-Final.pdf\">Prova Mestrado Ci\u00eancias Ambientais 2019 Final<\/a><\/p>\n<p><a href=\"https:\/\/wp.ufpel.edu.br\/ppgcamb\/files\/2019\/02\/Gabarito.pdf\">Gabarito<\/a><\/p>\n<p><strong>Defesa dos Anteprojetos:\u00a0<\/strong>Todos os candidatos aprovados na prova de sele\u00e7\u00e3o dever\u00e3o estar na sala 306 do dia 20 de fevereiro \u00e0s 8h20min para a defesa dos anteprojetos.\u00a0Apertar no A3 no elevador na Cotada.<\/p>\n<p><strong>Resultado da an\u00e1lise dos t\u00edtulos:\u00a0<\/strong><a href=\"https:\/\/wp.ufpel.edu.br\/ppgcamb\/files\/2019\/02\/titulos2019.pdf\">titulos2019<\/a><\/p>\n<p><a href=\"https:\/\/wp.ufpel.edu.br\/ppgcamb\/files\/2019\/02\/Resultado-Projetos-1.pdf\">Resultado Projetos<\/a><\/p>\n<p><a href=\"https:\/\/wp.ufpel.edu.br\/ppgcamb\/files\/2019\/02\/Resultado-Final-edital-126-18.pdf\">Resultado Final edital 126-18<\/a><\/p>\n<h2><strong>Edital de Sele\u00e7\u00e3o de bolsista 2019<\/strong><\/h2>\n<p><a href=\"https:\/\/wp.ufpel.edu.br\/ppgcamb\/files\/2019\/02\/SEI_UFPel-0447829-PRPPGI-Minuta-Edital-de-Sele%C3%A7%C3%A3o-de-Bolsista-CAPES.pdf\">SEI_UFPel \u2013 0447829 \u2013 PRPPGI Minuta Edital de Sele\u00e7\u00e3o de Bolsista CAPES<\/a><\/p>\n<p><a href=\"https:\/\/wp.ufpel.edu.br\/ppgcamb\/files\/2019\/02\/plnailha-de-pontua%C3%A7%C3%A3o-anexo-3.pdf\">plnailha de pontua\u00e7\u00e3o -anexo 3<\/a><\/p>\n<p>Homologados Edital de Sele\u00e7\u00e3o Bolsista | EDITAL No 0447829\/2019<\/p>\n<div class=\"page\" title=\"Page 1\">\n<div class=\"section\">\n<div class=\"layoutArea\">\n<div class=\"column\">\n<ul>\n<li>Iludi Pitone Cardoso<\/li>\n<li>Ana Luiza Bertani Dall\u00e3gnol<\/li>\n<li>Vitor Alves Louren\u00e7o<\/li>\n<li>Louise Hoss<\/li>\n<\/ul>\n<p><a href=\"https:\/\/wp.ufpel.edu.br\/ppgcamb\/files\/2019\/03\/Sele%C3%A7%C3%A3o-bolsa-CApes.pdf\">Sele\u00e7\u00e3o bolsa Capes<\/a><\/p>\n<h2>Edital &#8211; 2019\/1 &#8211; Vagas remanescentes<\/h2>\n<p>Estamos abrindo um edital de vagas remanescentes do PPGCAmb de forma simplificada. Aos interessados solicitamos que leiam o edital.<\/p>\n<p><a href=\"https:\/\/wp.ufpel.edu.br\/ppgcamb\/files\/2019\/03\/SEI_UFPel-0467438-Edital-de-sele%C3%A7%C3%A3o-PRPPGI.pdf\">SEI_UFPel \u2013 0467438 \u2013 Edital de sele\u00e7\u00e3o PRPPGI<\/a><\/p>\n<p><a href=\"https:\/\/wp.ufpel.edu.br\/ppgcamb\/files\/2019\/03\/Tabela-de-Pontua%C3%A7%C3%A3o-PPGCAmb-Anexo-III.xls\">Tabela de Pontua\u00e7\u00e3o PPGCAmb \u2013 Anexo III<\/a><\/p>\n<p><a href=\"https:\/\/wp.ufpel.edu.br\/ppgcamb\/files\/2019\/03\/Modelo-Anteprojeto-regulares-2019-1.doc\">Modelo Anteprojeto regulares 2019-1<\/a><\/p>\n<p><a href=\"https:\/\/wp.ufpel.edu.br\/ppgcamb\/files\/2019\/04\/PPGCAMB-EDITAL-36_2019-HOMOLOGA%C3%87%C3%83O-DOS-INSCRITOS-04_04_19-1.pdf\">PPGCAMB EDITAL 36_2019 HOMOLOGA\u00c7\u00c3O DOS INSCRITOS 04_04_19<\/a><\/p>\n<p><a href=\"https:\/\/wp.ufpel.edu.br\/ppgcamb\/files\/2019\/04\/An%C3%A1lise-anteprojeto.pdf\">An\u00e1lise anteprojeto<\/a><\/p>\n<p><a href=\"https:\/\/wp.ufpel.edu.br\/ppgcamb\/files\/2019\/04\/Homologa%C3%A7%C3%A3o-Resultado-Final.pdf\">Homologa\u00e7\u00e3o Resultado Final<\/a><\/p>\n<p><strong>Defesa Anteprojeto:<\/strong>\u00a0dia 8\/4\/2019 \u00e0s 13h30min, na sala 306A. Os recursos audiovisuais estar\u00e3o liberados (datashow). N\u00e3o haver\u00e1 computador dispon\u00edvel.<\/p>\n<\/div>\n<\/div>\n<\/div>\n<\/div>\n","protected":false},"excerpt":{"rendered":"<p>Edital 126\/18 Aluno Regular Ingresso 2019-1 Retifica\u00e7\u00e3o da homologa\u00e7\u00e3o das Inscri\u00e7\u00f5es edital 126-18 Anteprojeto regulares 2019-1 SEI_UFPel \u2013 0366981 \u2013 Edital de Retifica\u00e7\u00e3o PRPPGI SEI_UFPel \u2013 0340506 \u2013 Edital de sele\u00e7\u00e3o PRPPGI Documentos anexos SEI_UFPel \u2013 0313132 \u2013 PRPPGI Formul\u00e1rio 1 \u2013 Inscri\u00e7\u00e3oANEXO I ANEXO 2 EDITAL 2019-1 tabela_de_pontuacao_aluno_regular_2019_1ANEXO_3 D\u00favidas e informa\u00e7\u00f5es sobre o edital [&hellip;]<\/p>\n","protected":false},"author":707,"featured_media":0,"parent":1039,"menu_order":0,"comment_status":"closed","ping_status":"closed","template":"","meta":{"footnotes":""},"class_list":["post-1047","page","type-page","status-publish","hentry"],"_links":{"self":[{"href":"https:\/\/wp.ufpel.edu.br\/ppgcamb\/wp-json\/wp\/v2\/pages\/1047","targetHints":{"allow":["GET"]}}],"collection":[{"href":"https:\/\/wp.ufpel.edu.br\/ppgcamb\/wp-json\/wp\/v2\/pages"}],"about":[{"href":"https:\/\/wp.ufpel.edu.br\/ppgcamb\/wp-json\/wp\/v2\/types\/page"}],"author":[{"embeddable":true,"href":"https:\/\/wp.ufpel.edu.br\/ppgcamb\/wp-json\/wp\/v2\/users\/707"}],"replies":[{"embeddable":true,"href":"https:\/\/wp.ufpel.edu.br\/ppgcamb\/wp-json\/wp\/v2\/comments?post=1047"}],"version-history":[{"count":1,"href":"https:\/\/wp.ufpel.edu.br\/ppgcamb\/wp-json\/wp\/v2\/pages\/1047\/revisions"}],"predecessor-version":[{"id":1054,"href":"https:\/\/wp.ufpel.edu.br\/ppgcamb\/wp-json\/wp\/v2\/pages\/1047\/revisions\/1054"}],"up":[{"embeddable":true,"href":"https:\/\/wp.ufpel.edu.br\/ppgcamb\/wp-json\/wp\/v2\/pages\/1039"}],"wp:attachment":[{"href":"https:\/\/wp.ufpel.edu.br\/ppgcamb\/wp-json\/wp\/v2\/media?parent=1047"}],"curies":[{"name":"wp","href":"https:\/\/api.w.org\/{rel}","templated":true}]}}

<h2><strong>Edital 126/18 Aluno Regular Ingresso 2019-1</strong></h2>
<p><a href="https://wp.ufpel.edu.br/ppgcamb/files/2019/02/Retifica%C3%A7%C3%A3o-da-homologa%C3%A7%C3%A3o-das-Inscri%C3%A7%C3%B5es-edital-126-18-2.pdf">Retificação da homologação das Inscrições edital 126-18</a></p>
<p><a href="https://wp.ufpel.edu.br/ppgcamb/files/2019/01/Anteprojeto-regulares-2019-1.pdf">Anteprojeto regulares 2019-1</a></p>
<p><a href="https://wp.ufpel.edu.br/ppgcamb/files/2018/11/SEI_UFPel-0366981-Edital-de-Retifica%C3%A7%C3%A3o-PRPPGI.pdf">SEI_UFPel – 0366981 – Edital de Retificação PRPPGI</a></p>
<p><a href="https://wp.ufpel.edu.br/ppgcamb/files/2018/11/SEI_UFPel-0340506-Edital-de-sele%C3%A7%C3%A3o-PRPPGI.pdf">SEI_UFPel – 0340506 – Edital de seleção PRPPGI</a></p>
<p><strong>Documentos anexos</strong></p>
<p><a href="https://wp.ufpel.edu.br/ppgcamb/files/2018/11/SEI_UFPel-0313132-PRPPGI-Formul%C3%A1rio-1-Inscri%C3%A7%C3%A3o.pdf">SEI_UFPel – 0313132 – PRPPGI Formulário 1 – InscriçãoANEXO I</a></p>
<p><a href="https://wp.ufpel.edu.br/ppgcamb/files/2018/11/ANEXO-2-EDITAL-2019-1.doc">ANEXO 2 EDITAL 2019-1</a></p>
<p><a href="https://wp.ufpel.edu.br/ppgcamb/files/2018/11/tabela_de_pontuacao_aluno_regular_2019_1ANEXO_4-1.pdf">tabela_de_pontuacao_aluno_regular_2019_1ANEXO_3</a></p>
<p>Dúvidas e informações sobre o edital pelo e-mail ppgcamb@gmail.com ou pelo telefone 3284-1696 das 14h às 19h30min.</p>
<h2><strong>Resultados da Prova para Seleção 2019/1</strong></h2>
<p><a href="https://wp.ufpel.edu.br/ppgcamb/files/2019/02/Resultado-Prova-Sele%C3%A7%C3%A3o-2019.pdf">Resultado Prova Seleção 2019</a></p>
<p><a href="https://wp.ufpel.edu.br/ppgcamb/files/2019/02/Prova-Mestrado-Ci%C3%AAncias-Ambientais-2019-Final.pdf">Prova Mestrado Ciências Ambientais 2019 Final</a></p>
<p><a href="https://wp.ufpel.edu.br/ppgcamb/files/2019/02/Gabarito.pdf">Gabarito</a></p>
<p><strong>Defesa dos Anteprojetos: </strong>Todos os candidatos aprovados na prova de seleção deverão estar na sala 306 do dia 20 de fevereiro às 8h20min para a defesa dos anteprojetos. Apertar no A3 no elevador na Cotada.</p>
<p><strong>Resultado da análise dos títulos: </strong><a href="https://wp.ufpel.edu.br/ppgcamb/files/2019/02/titulos2019.pdf">titulos2019</a></p>
<p><a href="https://wp.ufpel.edu.br/ppgcamb/files/2019/02/Resultado-Projetos-1.pdf">Resultado Projetos</a></p>
<p><a href="https://wp.ufpel.edu.br/ppgcamb/files/2019/02/Resultado-Final-edital-126-18.pdf">Resultado Final edital 126-18</a></p>
<h2><strong>Edital de Seleção de bolsista 2019</strong></h2>
<p><a href="https://wp.ufpel.edu.br/ppgcamb/files/2019/02/SEI_UFPel-0447829-PRPPGI-Minuta-Edital-de-Sele%C3%A7%C3%A3o-de-Bolsista-CAPES.pdf">SEI_UFPel – 0447829 – PRPPGI Minuta Edital de Seleção de Bolsista CAPES</a></p>
<p><a href="https://wp.ufpel.edu.br/ppgcamb/files/2019/02/plnailha-de-pontua%C3%A7%C3%A3o-anexo-3.pdf">plnailha de pontuação -anexo 3</a></p>
<p>Homologados Edital de Seleção Bolsista | EDITAL No 0447829/2019</p>
<div class="page" title="Page 1">
<div class="section">
<div class="layoutArea">
<div class="column">
<ul>
<li>Iludi Pitone Cardoso</li>
<li>Ana Luiza Bertani Dallãgnol</li>
<li>Vitor Alves Lourenço</li>
<li>Louise Hoss</li>
</ul>
<p><a href="https://wp.ufpel.edu.br/ppgcamb/files/2019/03/Sele%C3%A7%C3%A3o-bolsa-CApes.pdf">Seleção bolsa Capes</a></p>
<h2>Edital &#8211; 2019/1 &#8211; Vagas remanescentes</h2>
<p>Estamos abrindo um edital de vagas remanescentes do PPGCAmb de forma simplificada. Aos interessados solicitamos que leiam o edital.</p>
<p><a href="https://wp.ufpel.edu.br/ppgcamb/files/2019/03/SEI_UFPel-0467438-Edital-de-sele%C3%A7%C3%A3o-PRPPGI.pdf">SEI_UFPel – 0467438 – Edital de seleção PRPPGI</a></p>
<p><a href="https://wp.ufpel.edu.br/ppgcamb/files/2019/03/Tabela-de-Pontua%C3%A7%C3%A3o-PPGCAmb-Anexo-III.xls">Tabela de Pontuação PPGCAmb – Anexo III</a></p>
<p><a href="https://wp.ufpel.edu.br/ppgcamb/files/2019/03/Modelo-Anteprojeto-regulares-2019-1.doc">Modelo Anteprojeto regulares 2019-1</a></p>
<p><a href="https://wp.ufpel.edu.br/ppgcamb/files/2019/04/PPGCAMB-EDITAL-36_2019-HOMOLOGA%C3%87%C3%83O-DOS-INSCRITOS-04_04_19-1.pdf">PPGCAMB EDITAL 36_2019 HOMOLOGAÇÃO DOS INSCRITOS 04_04_19</a></p>
<p><a href="https://wp.ufpel.edu.br/ppgcamb/files/2019/04/An%C3%A1lise-anteprojeto.pdf">Análise anteprojeto</a></p>
<p><a href="https://wp.ufpel.edu.br/ppgcamb/files/2019/04/Homologa%C3%A7%C3%A3o-Resultado-Final.pdf">Homologação Resultado Final</a></p>
<p><strong>Defesa Anteprojeto:</strong> dia 8/4/2019 às 13h30min, na sala 306A. Os recursos audiovisuais estarão liberados (datashow). Não haverá computador disponível.</p>
</div>
</div>
</div>
</div>

<p>Edital 126/18 Aluno Regular Ingresso 2019-1 Retificação da homologação das Inscrições edital 126-18 Anteprojeto regulares 2019-1 SEI_UFPel – 0366981 – Edital de Retificação PRPPGI SEI_UFPel – 0340506 – Edital de seleção PRPPGI Documentos anexos SEI_UFPel – 0313132 – PRPPGI Formulário 1 – InscriçãoANEXO I ANEXO 2 EDITAL 2019-1 tabela_de_pontuacao_aluno_regular_2019_1ANEXO_3 Dúvidas e informações sobre o edital [&hellip;]</p>
