{"id":100,"date":"2016-10-31T17:28:14","date_gmt":"2016-10-31T19:28:14","guid":{"rendered":"https:\/\/wp.ufpel.edu.br\/ppgcamb\/?page_id=100"},"modified":"2019-05-02T15:47:55","modified_gmt":"2019-05-02T18:47:55","slug":"seminario-em-ciencia-ambiental","status":"publish","type":"page","link":"https:\/\/wp.ufpel.edu.br\/ppgcamb\/disciplinas\/obrigatorias\/seminario-em-ciencia-ambiental\/","title":{"rendered":"Semin\u00e1rio em Ci\u00eancia Ambiental"},"content":{"rendered":"<p><strong>Carga Hor\u00e1ria<\/strong>: 34 horas<\/p>\n<p><strong>Cr\u00e9ditos<\/strong>: 2<\/p>\n<p><strong>C\u00f3digo:<\/strong> 1640259<\/p>\n<p><strong>Ementa<\/strong><\/p>\n<p>Prepara\u00e7\u00e3o e apresenta\u00e7\u00e3o oral de semin\u00e1rio relacionado ao projeto de pesquisa ou aos resultados do trabalho da disserta\u00e7\u00e3o.<\/p>\n<p>Treinamento no uso de recursos audiovisuais para apresenta\u00e7\u00e3o de trabalhos cient\u00edficos.<\/p>\n<p>Exerc\u00edcio de arg\u00fci\u00e7\u00e3o t\u00e9cnico-cient\u00edfica com a plat\u00e9ia sobre o assunto do semin\u00e1rio.<\/p>\n<p>Oportunizar a apresenta\u00e7\u00e3o do trabalho de disserta\u00e7\u00e3o aos Professores e demais pessoas vinculadas ao Programa de p\u00f3s-gradua\u00e7\u00e3o em Ci\u00eancia Ambiental.<\/p>\n<p><strong>\u00a0<\/strong><\/p>\n<p><strong>Bibliografia<\/strong><\/p>\n<p>AQUINO, Italo de Souza. Como falar em encontros cient\u00edficos &#8211; do semin\u00e1rio em sala de aula a congressos internacionais. Jo\u00e3o Pessoa: Editora da UFPB, 2007.<\/p>\n<p>FOWLER, Kim. Giving Good Technical Presentations. IEEE Instrumentation &amp; Measurement Magazine, Vol. 3, NO. 1, p. 35-38, March 2000.<\/p>\n<p>HINDLE, Tim. Como fazer apresenta\u00e7\u00f5es. S\u00e3o Paulo: Publifolha, 1999.<\/p>\n<p>RAUBER JJ, SOARES M. Apresenta\u00e7\u00e3o de trabalhos cient\u00edficos: normas e orienta\u00e7\u00f5es pr\u00e1ticas. Passo Fundo, UPF, 2003.<\/p>\n","protected":false},"excerpt":{"rendered":"<p>Carga Hor\u00e1ria: 34 horas Cr\u00e9ditos: 2 C\u00f3digo: 1640259 Ementa Prepara\u00e7\u00e3o e apresenta\u00e7\u00e3o oral de semin\u00e1rio relacionado ao projeto de pesquisa ou aos resultados do trabalho da disserta\u00e7\u00e3o. Treinamento no uso de recursos audiovisuais para apresenta\u00e7\u00e3o de trabalhos cient\u00edficos. Exerc\u00edcio de arg\u00fci\u00e7\u00e3o t\u00e9cnico-cient\u00edfica com a plat\u00e9ia sobre o assunto do semin\u00e1rio. Oportunizar a apresenta\u00e7\u00e3o do trabalho [&hellip;]<\/p>\n","protected":false},"author":707,"featured_media":0,"parent":26,"menu_order":0,"comment_status":"closed","ping_status":"closed","template":"","meta":{"footnotes":""},"class_list":["post-100","page","type-page","status-publish","hentry"],"_links":{"self":[{"href":"https:\/\/wp.ufpel.edu.br\/ppgcamb\/wp-json\/wp\/v2\/pages\/100","targetHints":{"allow":["GET"]}}],"collection":[{"href":"https:\/\/wp.ufpel.edu.br\/ppgcamb\/wp-json\/wp\/v2\/pages"}],"about":[{"href":"https:\/\/wp.ufpel.edu.br\/ppgcamb\/wp-json\/wp\/v2\/types\/page"}],"author":[{"embeddable":true,"href":"https:\/\/wp.ufpel.edu.br\/ppgcamb\/wp-json\/wp\/v2\/users\/707"}],"replies":[{"embeddable":true,"href":"https:\/\/wp.ufpel.edu.br\/ppgcamb\/wp-json\/wp\/v2\/comments?post=100"}],"version-history":[{"count":6,"href":"https:\/\/wp.ufpel.edu.br\/ppgcamb\/wp-json\/wp\/v2\/pages\/100\/revisions"}],"predecessor-version":[{"id":986,"href":"https:\/\/wp.ufpel.edu.br\/ppgcamb\/wp-json\/wp\/v2\/pages\/100\/revisions\/986"}],"up":[{"embeddable":true,"href":"https:\/\/wp.ufpel.edu.br\/ppgcamb\/wp-json\/wp\/v2\/pages\/26"}],"wp:attachment":[{"href":"https:\/\/wp.ufpel.edu.br\/ppgcamb\/wp-json\/wp\/v2\/media?parent=100"}],"curies":[{"name":"wp","href":"https:\/\/api.w.org\/{rel}","templated":true}]}}