{"id":7253,"date":"2021-09-29T16:03:57","date_gmt":"2021-09-29T19:03:57","guid":{"rendered":"https:\/\/wp.ufpel.edu.br\/ppgbiotec\/?page_id=7253"},"modified":"2024-09-11T18:08:04","modified_gmt":"2024-09-11T21:08:04","slug":"tecnologica","status":"publish","type":"page","link":"https:\/\/wp.ufpel.edu.br\/ppgbiotec\/producao\/tecnologica\/","title":{"rendered":"Tecnol\u00f3gica"},"content":{"rendered":"<p><span style=\"color: #000000;\"><strong>Produ\u00e7\u00e3o tecnol\u00f3gica<\/strong>\u00a0do Programa de P\u00f3s-Gradua\u00e7\u00e3o em Biotecnologia<\/span><\/p>\n<ul>\n<li><span style=\"color: #000000;\">Patentes\u00a0<strong>depositadas\u00a0<\/strong>\u2013 INPI \u2013 Instituto Nacional da Propriedade Industrial<\/span><\/li>\n<\/ul>\n<p><a href=\"https:\/\/wp.ufpel.edu.br\/ppgbiotec\/producao\/tecnologica\/patentes-depositadas-ano-de-2024\/\"><span style=\"color: #000000;\">Patentes &#8211; ano de 2024<\/span><\/a><span style=\"color: #000000;\"> \u00a0 (<\/span><span style=\"font-size: 10pt;\"><em>parcial)<\/em><\/span><\/p>\n<p><a href=\"https:\/\/wp.ufpel.edu.br\/ppgbiotec\/patentes-depositadas-ano-de-2023\/\"><span style=\"color: #000000;\">Patentes &#8211; ano de 2023<\/span><\/a><\/p>\n<p><a href=\"https:\/\/wp.ufpel.edu.br\/ppgbiotec\/patentes-depositadas-ano-de-2022\/\"><span style=\"color: #000000;\">Patentes &#8211; ano de 2022<\/span><\/a><\/p>\n<p><a href=\"https:\/\/wp.ufpel.edu.br\/ppgbiotec\/producao\/tecnologica\/patentes-depositadas-ano-de-2021\/\"><span style=\"color: #000000;\">Patentes &#8211; ano de 2021<\/span><\/a><\/p>\n<p><span style=\"color: #000000;\"><a style=\"color: #000000;\" href=\"https:\/\/wp.ufpel.edu.br\/ppgbiotec\/producao\/tecnologica\/patentes-depositadas-ano-de-2020\" target=\"_blank\" rel=\"noopener\">Patentes \u2013 ano de 2020<\/a><\/span><\/p>\n<p><span style=\"color: #000000;\"><a style=\"color: #000000;\" href=\"https:\/\/wp.ufpel.edu.br\/ppgbiotec\/producao\/tecnologica\/patentes-depositadas-ano-de-2019\" target=\"_blank\" rel=\"noopener\">Patentes \u2013 ano de 2019<\/a><\/span><\/p>\n<p><span style=\"color: #000000;\"><a style=\"color: #000000;\" href=\"https:\/\/wp.ufpel.edu.br\/ppgbiotec\/producao\/tecnologica\/patente-depositadas-ano-de-2018\" target=\"_blank\" rel=\"noopener\">Patentes \u2013 ano de 2018<\/a><\/span><\/p>\n<p><span style=\"color: #000000;\"><a style=\"color: #000000;\" href=\"https:\/\/wp.ufpel.edu.br\/ppgbiotec\/producao\/tecnologica\/patentes-depositadas-ano-de-2017\" target=\"_blank\" rel=\"noopener\">Patentes \u2013 ano de 2017<\/a><\/span><\/p>\n<hr \/>\n<ul>\n<li><span style=\"color: #000000;\">Patentes\u00a0<strong>concedidas\u00a0<\/strong>\u2013 INPI \u2013 Instituto Nacional da Propriedade Industrial<\/span><\/li>\n<\/ul>\n<p><a href=\"https:\/\/wp.ufpel.edu.br\/ppgbiotec\/producao\/tecnologica\/patentes-concedidas-ano-de-2024\/\"><span style=\"color: #000000;\">Patentes &#8211; ano de 2024<\/span><\/a><span style=\"color: #000000;\">\u00a0\u00a0 <\/span><span style=\"color: #000000;\"> (<\/span><span style=\"color: #000000;\"><span style=\"font-size: 10pt;\"><em>parcial)<\/em><\/span><\/span><\/p>\n<p><span style=\"color: #000000;\"><a style=\"color: #000000;\" href=\"https:\/\/wp.ufpel.edu.br\/ppgbiotec\/patentes-concedidas-ano-de-2023\/\">Patentes &#8211; ano de 2023<\/a><\/span><\/p>\n<p><a href=\"https:\/\/wp.ufpel.edu.br\/ppgbiotec\/patentes-concedidas-ano-de-2022\/\"><span style=\"color: #000000;\">Patentes &#8211; ano de 2022<\/span><\/a><\/p>\n<p><a href=\"https:\/\/wp.ufpel.edu.br\/ppgbiotec\/producao\/tecnologica\/patentes-concedidas-ano-de-2021\/\"><span style=\"color: #000000;\">Patentes &#8211; ano de 2021<\/span><\/a><\/p>\n<p><span style=\"color: #000000;\"><a style=\"color: #000000;\" href=\"https:\/\/wp.ufpel.edu.br\/ppgbiotec\/producao\/tecnologica\/patentes-concedidas-ano-de-2017\" target=\"_blank\" rel=\"noopener\">Patentes \u2013 ano de 2017<\/a><\/span><\/p>\n<hr \/>\n<ul>\n<li><span style=\"color: #000000;\">Patentes\u00a0<strong>concedidas<\/strong>\u00a0\u2013 United States Patent and Trademark Office<\/span><\/li>\n<\/ul>\n<p><span style=\"color: #000000;\"><a style=\"color: #000000;\" href=\"https:\/\/wp.ufpel.edu.br\/ppgbiotec\/producao\/tecnologica\/patentes-concedidas-internacional-ano-de-2020\" target=\"_blank\" rel=\"noopener\">Patentes \u2013 ano de 2020<\/a><\/span><\/p>\n","protected":false},"excerpt":{"rendered":"<p>Produ\u00e7\u00e3o tecnol\u00f3gica\u00a0do Programa de P\u00f3s-Gradua\u00e7\u00e3o em Biotecnologia Patentes\u00a0depositadas\u00a0\u2013 INPI \u2013 Instituto Nacional da Propriedade Industrial Patentes &#8211; ano de 2024 \u00a0 (parcial) Patentes &#8211; ano de 2023 Patentes &#8211; ano de 2022 Patentes &#8211; ano de 2021 Patentes \u2013 ano de 2020 Patentes \u2013 ano de 2019 Patentes \u2013 ano de 2018 Patentes \u2013 ano [&hellip;]<\/p>\n","protected":false},"author":735,"featured_media":0,"parent":756,"menu_order":2,"comment_status":"closed","ping_status":"closed","template":"","meta":{"jetpack_post_was_ever_published":false,"footnotes":""},"class_list":["post-7253","page","type-page","status-publish","hentry"],"jetpack_sharing_enabled":true,"_links":{"self":[{"href":"https:\/\/wp.ufpel.edu.br\/ppgbiotec\/wp-json\/wp\/v2\/pages\/7253","targetHints":{"allow":["GET"]}}],"collection":[{"href":"https:\/\/wp.ufpel.edu.br\/ppgbiotec\/wp-json\/wp\/v2\/pages"}],"about":[{"href":"https:\/\/wp.ufpel.edu.br\/ppgbiotec\/wp-json\/wp\/v2\/types\/page"}],"author":[{"embeddable":true,"href":"https:\/\/wp.ufpel.edu.br\/ppgbiotec\/wp-json\/wp\/v2\/users\/735"}],"replies":[{"embeddable":true,"href":"https:\/\/wp.ufpel.edu.br\/ppgbiotec\/wp-json\/wp\/v2\/comments?post=7253"}],"version-history":[{"count":16,"href":"https:\/\/wp.ufpel.edu.br\/ppgbiotec\/wp-json\/wp\/v2\/pages\/7253\/revisions"}],"predecessor-version":[{"id":10493,"href":"https:\/\/wp.ufpel.edu.br\/ppgbiotec\/wp-json\/wp\/v2\/pages\/7253\/revisions\/10493"}],"up":[{"embeddable":true,"href":"https:\/\/wp.ufpel.edu.br\/ppgbiotec\/wp-json\/wp\/v2\/pages\/756"}],"wp:attachment":[{"href":"https:\/\/wp.ufpel.edu.br\/ppgbiotec\/wp-json\/wp\/v2\/media?parent=7253"}],"curies":[{"name":"wp","href":"https:\/\/api.w.org\/{rel}","templated":true}]}}