{"id":7235,"date":"2021-09-29T11:50:50","date_gmt":"2021-09-29T14:50:50","guid":{"rendered":"https:\/\/wp.ufpel.edu.br\/ppgbiotec\/?page_id=7235"},"modified":"2021-10-05T16:10:07","modified_gmt":"2021-10-05T19:10:07","slug":"livros-e-capitulos-ano-de-2019","status":"publish","type":"page","link":"https:\/\/wp.ufpel.edu.br\/ppgbiotec\/producao\/bibliografica\/livros-e-capitulos-ano-de-2019\/","title":{"rendered":"Livros e cap\u00edtulos &#8211; ano de 2019"},"content":{"rendered":"<p style=\"text-align: justify\"><span style=\"color: #000000;font-size: 10pt\">Pinto, Mara R\u00fabia Romeu ; Nunes, Aline ; Munaro, Deise ; Maraschin, Marcelo ; LEITE, F\u00e1bio Pereira Leivas. <strong>ALIMENTA\u00c7\u00c3O E NUTRI\u00c7\u00c3O DE ABELHAS Apis mellifera<\/strong>. A Interface do Conhecimento sobre Abelhas. 1ed.Ponta Grossa, PR: Atena Editora, 2019, v. , p. 13-24.<\/span><\/p>\n<hr \/>\n<p style=\"text-align: justify\"><span style=\"color: #000000;font-size: 10pt\">MACAGNAN, KARINE LASTE ; ALVES, MARIANE IGANSI ;\u00a0MOREIRA, ANGELITA DA SILVEIRA\u00a0. <strong>Approaches for Enhancing Extraction of Bacterial Polyhydroxyalkanoates for Industrial Applications<\/strong>. In: Vipin Chandra Kalia. (Org.). Biotechnological Applications of Polyhydroxyalkanoates. 1ed.Singapore: Springer Singapore, 2019, v. , p. 389-408.<\/span><\/p>\n<hr \/>\n<p style=\"text-align: justify\"><span style=\"color: #000000;font-size: 10pt\">RAMOS, D. F. ; Da Silva Pedro Eduardo. <strong>Manual para Inicia\u00e7\u00e3o Cient\u00edfica em Laborat\u00f3rios Biom\u00e9dicos<\/strong>. 1. ed. Rio Grande: Editora da FURG, 2019. 166p.<\/span><\/p>\n<hr \/>\n<p style=\"text-align: justify\"><span style=\"color: #000000;font-size: 10pt\">CUNHA, R. C.\u00a0; LIMA, D. D. ; SANTOS, A. C. ;\u00a0LEIVAS LEITE, FABIO PEREIRA\u00a0. <strong>POR QUE VACINAR CONTRA ADENITE EQUINA?<\/strong>. 1. ed. Pelotas: C\u00f3pias Santa Cruz, 2019. v. 1. 19p .<\/span><\/p>\n<hr \/>\n<p style=\"text-align: justify\"><span style=\"color: #000000;font-size: 10pt\">CUNHA, R. C.\u00a0; CSORDAS, B. G. ;\u00a0LEIVAS LEITE, FABIO PEREIRA\u00a0; ANDREOTTI, R. . <strong>Vacinas contra o carrapato-do-boi no Brasil<\/strong>. In: Renato Andreotti; Marcos Val\u00e9ri Garcia; Wilson Werner Koller. (Org.). Carrapatos na Cadeia Produtiva de Bovinos. 1ed.Campo Grande: Embrapa Gado de Corte, 2019, v. 1, p. 1-240.<\/span><\/p>\n<hr \/>\n<p style=\"text-align: justify\">\n","protected":false},"excerpt":{"rendered":"<p>Pinto, Mara R\u00fabia Romeu ; Nunes, Aline ; Munaro, Deise ; Maraschin, Marcelo ; LEITE, F\u00e1bio Pereira Leivas. ALIMENTA\u00c7\u00c3O E NUTRI\u00c7\u00c3O DE ABELHAS Apis mellifera. A Interface do Conhecimento sobre Abelhas. 1ed.Ponta Grossa, PR: Atena Editora, 2019, v. , p. 13-24. MACAGNAN, KARINE LASTE ; ALVES, MARIANE IGANSI ;\u00a0MOREIRA, ANGELITA DA SILVEIRA\u00a0. Approaches for Enhancing [&hellip;]<\/p>\n","protected":false},"author":735,"featured_media":0,"parent":7264,"menu_order":2,"comment_status":"closed","ping_status":"closed","template":"","meta":{"jetpack_post_was_ever_published":false,"footnotes":""},"class_list":["post-7235","page","type-page","status-publish","hentry"],"jetpack_sharing_enabled":true,"_links":{"self":[{"href":"https:\/\/wp.ufpel.edu.br\/ppgbiotec\/wp-json\/wp\/v2\/pages\/7235","targetHints":{"allow":["GET"]}}],"collection":[{"href":"https:\/\/wp.ufpel.edu.br\/ppgbiotec\/wp-json\/wp\/v2\/pages"}],"about":[{"href":"https:\/\/wp.ufpel.edu.br\/ppgbiotec\/wp-json\/wp\/v2\/types\/page"}],"author":[{"embeddable":true,"href":"https:\/\/wp.ufpel.edu.br\/ppgbiotec\/wp-json\/wp\/v2\/users\/735"}],"replies":[{"embeddable":true,"href":"https:\/\/wp.ufpel.edu.br\/ppgbiotec\/wp-json\/wp\/v2\/comments?post=7235"}],"version-history":[{"count":2,"href":"https:\/\/wp.ufpel.edu.br\/ppgbiotec\/wp-json\/wp\/v2\/pages\/7235\/revisions"}],"predecessor-version":[{"id":7238,"href":"https:\/\/wp.ufpel.edu.br\/ppgbiotec\/wp-json\/wp\/v2\/pages\/7235\/revisions\/7238"}],"up":[{"embeddable":true,"href":"https:\/\/wp.ufpel.edu.br\/ppgbiotec\/wp-json\/wp\/v2\/pages\/7264"}],"wp:attachment":[{"href":"https:\/\/wp.ufpel.edu.br\/ppgbiotec\/wp-json\/wp\/v2\/media?parent=7235"}],"curies":[{"name":"wp","href":"https:\/\/api.w.org\/{rel}","templated":true}]}}