{"id":6516,"date":"2021-08-05T01:17:21","date_gmt":"2021-08-05T04:17:21","guid":{"rendered":"https:\/\/wp.ufpel.edu.br\/ppgbiotec\/?page_id=6516"},"modified":"2021-10-05T16:22:26","modified_gmt":"2021-10-05T19:22:26","slug":"patentes-depositadas-ano-de-2020","status":"publish","type":"page","link":"https:\/\/wp.ufpel.edu.br\/ppgbiotec\/producao\/tecnologica\/patentes-depositadas-ano-de-2020\/","title":{"rendered":"Patentes depositadas &#8211; ano de 2020"},"content":{"rendered":"<p style=\"text-align: center\"><span style=\"color: #000000;font-size: 12pt\">Patentes <strong>depositadas<\/strong> no ano de 2020 &#8211; <span style=\"font-size: 12pt\">INPI &#8211; Instituto Nacional da Propriedade Industrial<\/span><\/span><\/p>\n<p style=\"text-align: justify\"><span style=\"color: #000000;font-size: 10pt\">SAVEGNAGO, L; BIRMANN, P. T. ; CASARIL, A. M. ; SMANIOTTO, THIAGO ; PESARICO, ANA PAULA ; CABALLERO, P. S. ; RODRIGUES, R. R. ; CONCEICAO, F. R. . <strong>A LEVEDURA KOMAGATAELLA PASTORIS KM71H COM ATIVIDADES PROBI\u00d3TICAS: UM TRATAMENTO PARA DEPRESS\u00c3O<\/strong>. 2020, Brasil.mPatente: Privil\u00e9gio de Inova\u00e7\u00e3o. N\u00famero do registro: BR 10 2020 013022 6, t\u00edtulo: &#8220;A LEVEDURA KOMAGATAELLA PASTORIS KM71H COM ATIVIDADES PROBI\u00d3TICAS: UM TRATAMENTO PARA DEPRESS\u00c3O&#8221;, Institui\u00e7\u00e3o de registro: INPI &#8211; Instituto Nacional da Propriedade Industrial. Dep\u00f3sito: 25\/06\/2020.<\/span><\/p>\n<hr \/>\n<p style=\"text-align: justify\"><span style=\"color: #000000;font-size: 10pt\">HARTWIG, D. D.; ALLEND, S. O. ; PANAGIO, L. A. ; NAKAZATO, G. ; REIS, G. F. ; PEREIRA ; CUNHA, K. F. ; GARCIA, M. O. ; SILVA, M. E. ; ALBERNAZ2, D. T. F. ; ISHIKAME, R. Y. . <strong>ANTIBACTERIANO \u00c0 BASE DE NANOPART\u00cdCULA DE PRATA BIOG\u00caNICA (BIO-AGNPS) E POLIMIXINA B PARA TRATAMENTO DE INFEC\u00c7\u00d5ES CAUSADAS POR<\/strong> Acinetobacter baumannii. 2020, Brasil. Patente: Privil\u00e9gio de Inova\u00e7\u00e3o. N\u00famero do registro: BR 10 2020 021522 1, t\u00edtulo: &#8220;Antibacteriano \u00e0 base de nanopart\u00edcula de prata biog\u00eanica (Bio-AgNPs) e polimixina B para tratamento de infec\u00e7\u00f5es causadas por Acinetobacter baumannii&#8221;, Institui\u00e7\u00e3o de registro: INPI &#8211; Instituto Nacional da Propriedade Industrial. Dep\u00f3sito: 20\/10\/2020.<\/span><\/p>\n<hr \/>\n<p style=\"text-align: justify\"><span style=\"color: #000000;font-size: 10pt\">PEREIRA, C.M.P.; SILVA, Caroline, C. ; PACHECO, Bruna Silveira ; BULHOSA, M. C. S. ; ASSUNCAO, R. E. L. ; KESSLER, F. ; YOYAMA, M. H. ; SILVA, A. C. A. . <strong>APLICA\u00c7\u00c3O DE AN\u00c1LOGOS MONOCARBON\u00cdLICOS DE CURCUMINA COMO AGENTES FOTOPROTETORES<\/strong>. 2020, Brasil. <\/span><span style=\"color: #000000;font-size: 10pt\">Patente: Privil\u00e9gio de Inova\u00e7\u00e3o. N\u00famero do registro: BR 10 2020 010602 3, t\u00edtulo: &#8220;APLICA\u00c7\u00c3O DE AN\u00c1LOGOS MONOCARBON\u00cdLICOS DE CURCUMINA COMO AGENTES FOTOPROTETORES&#8221;, Institui\u00e7\u00e3o de registro: INPI &#8211; Instituto Nacional da Propriedade Industrial. Dep\u00f3sito: 27\/05\/2020.<\/span><\/p>\n<hr \/>\n<p style=\"text-align: justify\"><span style=\"color: #000000;font-size: 10pt\">SEIXAS, FABIANA K; COLLARES, T ; BORBA, VICTORIA MASCARENHAS ; PEREIRA, C.M.P. ; PACHECO, BRUNA ; SOUSA, F. S. S. ; LOPES, ISADORA ANDR\u00c9 ; POLETTI, T. . <strong>ASSOCIA\u00c7\u00c3O DE AN\u00c1LOGOS DE CURCUMINA COM MYCOBACTERIUM BOVIS BCG RECOMBINANTE PARA TRATAMENTO DE C\u00c2NCER DE PELE MELANOMA.<\/strong> 2020, Brasil. Patente: Privil\u00e9gio de Inova\u00e7\u00e3o. N\u00famero do registro: BR 10 2020 013301 2, t\u00edtulo: &#8220;Associa\u00e7\u00e3o de an\u00e1logos de Curcumina com Mycobacterium bovis BCG recombinante para tratamento de c\u00e2ncer de pele melanoma.&#8221;, Institui\u00e7\u00e3o de registro: INPI &#8211; Instituto Nacional da Propriedade Industrial. Dep\u00f3sito: 29\/06\/2020.<\/span><\/p>\n<hr \/>\n<p style=\"text-align: justify\"><span style=\"color: #000000;font-size: 10pt\">LEITE, F.P.L.; PIRAINE, R. E. A. ; GONCALVES, V. S. ; SANTOS, F. D. S. ; SANTOS J\u00daNIOR, A. G. ; CUNHA, R. C ; ALBUQUERQUE, P. M. M. . <strong>CASSETE DE EXPRESS\u00c3O E VETOR PLASMIDIAL PARA YEAST SURFACE DISPLAY<\/strong>. 2020, Brasil. Patente: Privil\u00e9gio de Inova\u00e7\u00e3o. N\u00famero do registro: BR 10 2020 015161 4, t\u00edtulo: &#8220;CASSETE DE EXPRESS\u00c3O E VETOR PLASMIDIAL PARA YEAST SURFACE DISPLAY&#8221;, Institui\u00e7\u00e3o de registro: INPI &#8211; Instituto Nacional da Propriedade Industrial. Dep\u00f3sito: 24\/07\/2020.<\/span><\/p>\n<hr \/>\n<p style=\"text-align: justify\"><span style=\"color: #000000;font-size: 10pt\">BORSUK, SIBELE; PINHO, R. B. ; SILVA, M. T. O. ; FONSECA, B. R. ; BRENNER, G. . <strong>COMPOSI\u00c7\u00c3O DE BACTERINA RECOMBINANTE DE Escherichia coli PARA USO COMO VACINA PARA LINFADENITE CASEOSA<\/strong>. 2020, Brasil. Patente: Privil\u00e9gio de Inova\u00e7\u00e3o. N\u00famero do registro: BR 10 2020 005422 8, t\u00edtulo: &#8220;COMPOSI\u00c7\u00c3O DE BACTERINA RECOMBINANTE DE Escherichia coli PARA USO COMO VACINA PARA LINFADENITE CASEOSA&#8221;, Institui\u00e7\u00e3o de registro: INPI &#8211; Instituto Nacional da Propriedade Industrial. Dep\u00f3sito: 18\/03\/2020.<\/span><\/p>\n<hr \/>\n<p style=\"text-align: justify\"><span style=\"color: #000000;font-size: 10pt\">NASCENTE, PATR\u00cdCIA S. ; JARRA, M. C. ; SILVA, A. C. A. ; GONCALVES, C. ; PEREIRA, C.M.P. ; SANTOS, P. R. ; BIAJOLI, A. F. ; ARAUJO, L. M. ; BORJA, L. S. . <strong>COMPOSTOS DE BIGINELLI FRENTE A BACT\u00c9RIAS MULTIRRESISTENTES A ANTIBI\u00d3TICOS CONVENCIONAIS<\/strong>. 2020, Brasil. <\/span><span style=\"color: #000000;font-size: 10pt\">Patente: Privil\u00e9gio de Inova\u00e7\u00e3o. N\u00famero do registro: BR 10 2020 021653 8, t\u00edtulo: &#8220;COMPOSTOS DE BIGINELLI FRENTE A BACT\u00c9RIAS MULTIRRESISTENTES A ANTIBI\u00d3TICOS CONVENCIONAIS&#8221;, Institui\u00e7\u00e3o de registro: INPI &#8211; Instituto Nacional da Propriedade Industrial. Dep\u00f3sito: 22\/10\/2020.<\/span><\/p>\n<hr \/>\n<p style=\"text-align: justify\"><span style=\"color: #000000;font-size: 10pt\">PEREIRA, C.M.P.; SILVA, A. C. A. ; NICOLODI, CAROLINE ; ROS, B. N. ; BORJA, L. S. ; PASSOS, LUAN F. ; ARAUJO, L. M. ; POLETTI, T.; RITTER, M. ; NASCENTE, PATR\u00cdCIA S. . <strong>DIIDROPIRIMIDINONAS FLUORESCENTES COMO REVELADORES DE IMPRESS\u00d5ES DIGITAIS LATENTES<\/strong>. 2020, Brasil. <\/span><span style=\"color: #000000;font-size: 10pt\">Patente: Privil\u00e9gio de Inova\u00e7\u00e3o. N\u00famero do registro: BR 10 2020 008612 0, t\u00edtulo: &#8220;DIIDROPIRIMIDINONAS FLUORESCENTES COMO REVELADORES DE IMPRESS\u00d5ES DIGITAIS LATENTES&#8221;, Institui\u00e7\u00e3o de registro: INPI &#8211; Instituto Nacional da Propriedade Industrial. Dep\u00f3sito: 29\/04\/2020.<\/span><\/p>\n<hr \/>\n<p style=\"text-align: justify\"><span style=\"color: #000000;font-size: 10pt\">SAVEGNAGO, LUCIELLI; SMANIOTTO, THIAGO \u00c2NGELO ; GOMES, C. B. ; BIRMANN, P. T. ; CASARIL, A ; ALVES, DIEGO . <strong>EFEITO ANTIDEPRESSIVO DE UMA TRIAZOIL-ZIDOVUDINA<\/strong>. 2020, Brasil. Patente: Privil\u00e9gio de Inova\u00e7\u00e3o. N\u00famero do registro: BR 10 2020 013407 8, t\u00edtulo: &#8220;EFEITO ANTIDEPRESSIVO DE UMA TRIAZOIL-ZIDOVUDINA&#8221;, Institui\u00e7\u00e3o de registro: INPI &#8211; Instituto Nacional da Propriedade Industrial. Dep\u00f3sito: 30\/06\/2020.<\/span><\/p>\n<hr \/>\n<p style=\"text-align: justify\"><span style=\"color: #000000;font-size: 10pt\">HARTWIG, D. D.; SEIXAS NETO, A. C. P. ; FREITAS, S. B. ; CARDOSO, T. L. ; OLIVEIRA, T. L. ; SIMAO, H. Q. . <strong>ENSAIO SOROL\u00d3GICO UTILIZANDO O ANT\u00cdGENO RECOMBINANTE ERPY-LIKE PARA DIAGN\u00d3STICO DA LEPTOSPIROSE EM HUMANOS<\/strong>. 2020, Brasil. Patente: Privil\u00e9gio de Inova\u00e7\u00e3o. N\u00famero do registro: BR 10 2020 015434 6, t\u00edtulo: &#8220;Ensaio sorol\u00f3gico utilizando o ant\u00edgeno recombinante ErpY-like para diagn\u00f3stico da leptospirose em humanos&#8221;, Institui\u00e7\u00e3o de registro: INPI &#8211; Instituto Nacional da Propriedade Industrial. Dep\u00f3sito: 29\/07\/2020.<\/span><\/p>\n<hr \/>\n<p style=\"text-align: justify\"><span style=\"color: #000000;font-size: 10pt\">HARTWIG, D. D.; AMARAL, S. C. ; FREITAS, S. B. ; ALLEND, S. O. ; PEREIRA, D. B. . <strong>FORMULA\u00c7\u00c3O ANTIBI\u00d3TICA PARA BACT\u00c9RIAS MULTIRRESISTENTES<\/strong>. 2020, Brasil. Patente: Privil\u00e9gio de Inova\u00e7\u00e3o. N\u00famero do registro: BR 10 2020 012839 6, t\u00edtulo: &#8220;Formula\u00e7\u00e3o antibi\u00f3tica para bact\u00e9rias multirresistentes&#8221;, Institui\u00e7\u00e3o de registro: INPI &#8211; Instituto Nacional da Propriedade Industrial. Dep\u00f3sito: 23\/06\/2020.<\/span><\/p>\n<hr \/>\n<p style=\"text-align: justify\"><span style=\"color: #000000;font-size: 10pt\">HARTWIG, D. D.; PEREIRA ; VALENTE, J. S. S. ; BOTTON, S. A. ; PANAGIO, L. A. ; NAKAZATO, G. ; REIS, G. F. . <strong>FORMULA\u00c7\u00d5ES CONTENDO NANOPART\u00cdCULAS BIOG\u00caNICAS DE PRATA NO TRATAMENTO DA PITIOSE<\/strong>. 2020, Brasil. Patente: Privil\u00e9gio de Inova\u00e7\u00e3o. N\u00famero do registro: BR 10 2020 021487 0, t\u00edtulo: &#8220;Formula\u00e7\u00f5es contendo nanopart\u00edculas biog\u00eanicas de prata no tratamento da pitiose&#8221;, Institui\u00e7\u00e3o de registro: INPI &#8211; Instituto Nacional da Propriedade Industrial. Dep\u00f3sito: 20\/10\/2020.<\/span><\/p>\n<hr \/>\n<p><span style=\"color: #000000;font-size: 10pt\">Leite, F.P.L.; PIRAINE, R. E. A. ; GONCALVES, V. S. ; Santos, F.D.S ; SANTOS J\u00daNIOR, A. G. ; CUNHA, R. C ; ALBUQUERQUE, P. M. M. . <strong>LEVEDURA EXPRESSANDO PROTE\u00cdNA RECOMBINANTE DE BOHV-5 POR YEAST SURFACE DISPLAY<\/strong>. 2020, Brasil. Patente: Privil\u00e9gio de Inova\u00e7\u00e3o. N\u00famero do registro: BR 10 2020 015032 4, t\u00edtulo: &#8220;LEVEDURA EXPRESSANDO PROTE\u00cdNA RECOMBINANTE DE BOHV-5 POR YEAST SURFACE DISPLAY&#8221;, Institui\u00e7\u00e3o de registro: INPI &#8211; Instituto Nacional da Propriedade Industrial. Dep\u00f3sito: 23\/07\/2020.<\/span><\/p>\n<hr \/>\n<p style=\"text-align: justify\"><span style=\"color: #000000;font-size: 10pt\">PEREIRA, C. M. P.; ROS, B. N. ; BECK, Paulo ; MARIOTTI, KRISTIANE ; ROSA, M. P. ; POLETTI, TAIS ; PASSOS, LUAN F. . <strong>LIGNINA COMO REVELADOR DE IMPRESS\u00d5ES DIGITAIS LATENTES<\/strong>. 2020, Brasil. Patente: Privil\u00e9gio de Inova\u00e7\u00e3o. N\u00famero do registro: BR 10 2020 005369 8, t\u00edtulo: &#8220;LIGNINA COMO REVELADOR DE IMPRESS\u00d5ES DIGITAIS LATENTES&#8221;, Institui\u00e7\u00e3o de registro: INPI &#8211; Instituto Nacional da Propriedade Industrial. Dep\u00f3sito: 18\/03\/2020.<\/span><\/p>\n<hr \/>\n<p style=\"text-align: justify\"><span style=\"color: #000000;font-size: 10pt\">CARLOS CASTILHO BARROS (BARROS CC); SCHADOCK, I . <strong>M\u00c9TODO DE GENOTIPAGEM DO POLIMORFISMO RS1799722 DO GENE BDKRB2<\/strong>. 2020, Brasil. Patente: Privil\u00e9gio de Inova\u00e7\u00e3o. N\u00famero do registro: BR 10 2020 018371 0, t\u00edtulo: &#8220;M\u00e9todo de genotipagem do polimorfismo rs1799722 do gene BDKRB2&#8221;, Institui\u00e7\u00e3o de registro: INPI &#8211; Instituto Nacional da Propriedade Industrial. Dep\u00f3sito: 09\/09\/2020.<\/span><\/p>\n<hr \/>\n<p style=\"text-align: justify\"><span style=\"color: #000000;font-size: 10pt\">CARLOS CASTILHO BARROS (BARROS CC); SCHADOCK, INES . <strong>M\u00c9TODO PARA GENOTIPAGEM DO POLIMORFISMO RS4253778 DO GENE PPARA<\/strong>. 2020, Brasil. Patente: Privil\u00e9gio de Inova\u00e7\u00e3o. N\u00famero do registro: BR 10 2020 020264 2, t\u00edtulo: &#8220;M\u00e9todo para genotipagem do polimorfismo rs4253778 do gene PPARA&#8221;, Institui\u00e7\u00e3o de registro: INPI &#8211; Instituto Nacional da Propriedade Industrial. Dep\u00f3sito: 17\/07\/2020.<\/span><\/p>\n<hr \/>\n<p style=\"text-align: justify\"><span style=\"color: #000000;font-size: 10pt\">PIENIZ, S. ; ROSOLEN, MICHELE DUTRA ; BORDINI, F. W. ; DIAZ, P. ; LUZ, G. Q. ; Fiorentini, A. M. ; CONCEI\u00c7\u00c3O, FABRICIO R ; SILVA, W. P. . <strong>MICROC\u00c1PSULA SIMBI\u00d3TICA DE LIBERA\u00c7\u00c3O CONTROLADA E ALTA RESIST\u00caNCIA T\u00c9RMICA<\/strong>. 2020, Brasil. Patente: Privil\u00e9gio de Inova\u00e7\u00e3o. N\u00famero do registro: BR 10 2020 014450 2, t\u00edtulo: &#8220;MICROC\u00c1PSULA SIMBI\u00d3TICA DE LIBERA\u00c7\u00c3O CONTROLADA E ALTA RESIST\u00caNCIA T\u00c9RMICA&#8221;, Institui\u00e7\u00e3o de registro: INPI &#8211; Instituto Nacional da Propriedade Industrial. Dep\u00f3sito: 15\/07\/2020. Institui\u00e7\u00e3o(\u00f5es) financiadora(s): UFPel; CNPq; CAPES.<\/span><\/p>\n<hr \/>\n<p style=\"text-align: justify\"><span style=\"color: #000000;font-size: 10pt\">HARTWIG, D. D.; OLIVEIRA, T.L. <strong>. NANOVACINA DE DNA PARA CONTROLE DA LEPTOSPIROSE<\/strong>. 2020, Brasil. Patente: Privil\u00e9gio de Inova\u00e7\u00e3o. N\u00famero do registro: BR 10 2020 015441 9, t\u00edtulo: &#8220;Nanovacina de DNA para controle da leptospirose&#8221;, Institui\u00e7\u00e3o de registro: INPI &#8211; Instituto Nacional da Propriedade Industrial. Dep\u00f3sito: 29\/07\/2020.<\/span><\/p>\n<hr \/>\n<p style=\"text-align: justify\"><span style=\"color: #000000;font-size: 10pt\">COLLARES, T. ; Seixas, F.K. ; PASCHOAL, J. D. ; LENARDAO, E. J. ; PERIN, G. ; ALVES, Diego ; JACOB, R.G ; SEGATTO, N. ; SAVEGNAGO, L ; Casaril, A ; Sousa, F.S.S . <strong>PROCESSO DE SUPLEMENTA\u00c7\u00c3O DE MEIOS PARA MATURA\u00c7\u00c3O OOCIT\u00c1RIA IN VITRO COM 3-(4- CLOROFENILSELENIL)-1-METIL-1H-INDOL (CMI)<\/strong>. 2020, Brasil. Patente: Privil\u00e9gio de Inova\u00e7\u00e3o. N\u00famero do registro: BR 10 2020 003268 2, t\u00edtulo: &#8220;PROCESSO DE SUPLEMENTA\u00c7\u00c3O DE MEIOS PARA MATURA\u00c7\u00c3O OOCIT\u00c1RIA IN VITRO COM 3-(4- CLOROFENILSELENIL)-1-METIL-1H-INDOL (CMI)&#8221;, Institui\u00e7\u00e3o de registro: INPI &#8211; Instituto Nacional da Propriedade Industrial. Dep\u00f3sito: 17\/02\/2020.<\/span><\/p>\n<hr \/>\n<p style=\"text-align: justify\"><span style=\"color: #000000;font-size: 10pt\">BARROS, C. C.; Schadock, I ; MARTEN, T. . <strong>PROTE\u00cdNA RECOMBINANTE CAPAZ DE INIBIR A FORMA\u00c7\u00c3O DE NOVOS VASOS SANGU\u00cdNEOS<\/strong>. 2020, Brasil. Patente: Privil\u00e9gio de Inova\u00e7\u00e3o. N\u00famero do registro: BR 10 2020 015226 2, t\u00edtulo: &#8220;Prote\u00edna recombinante capaz de inibir a forma\u00e7\u00e3o de novos vasos sangu\u00edneos&#8221;, Institui\u00e7\u00e3o de registro: INPI &#8211; Instituto Nacional da Propriedade Industrial. Dep\u00f3sito: 27\/07\/2020.<\/span><\/p>\n<hr \/>\n<p style=\"text-align: justify\"><span style=\"color: #000000;font-size: 10pt\">\u00a0BERNEIRA, L. M. ; SILVA, C. C. ; PEREIRA, C. M. P. ; FREITAS, S. C. ; SANTOS, M. A. Z. ; ORTIZ, R. S. ; BALOTA, J. M. ; CAMPOS, V. F. ; FREITAG, R. A. ; CARRENO, N. L. V. ; PASSOS, L. F. . <strong>PROTOCOLO DE EXTRA\u00c7\u00c3O DE PRINC\u00cdPIOS ATIVOS EM FORMULA\u00c7\u00d5ES DE AGROQU\u00cdMICOS APLICANDO IRRADIA\u00c7\u00c3O DE MICRO-ONDAS<\/strong>. 2020, Brasil. Patente: Privil\u00e9gio de Inova\u00e7\u00e3o. N\u00famero do registro: BR 10 2020 015460 5, t\u00edtulo: &#8220;PROTOCOLO DE EXTRA\u00c7\u00c3O DE PRINC\u00cdPIOS ATIVOS EM FORMULA\u00c7\u00d5ES DE AGROQU\u00cdMICOS APLICANDO IRRADIA\u00c7\u00c3O DE MICRO-ONDAS&#8221;, Institui\u00e7\u00e3o de registro: INPI &#8211; Instituto Nacional da Propriedade Industrial. Dep\u00f3sito: 29\/07\/2020.<\/span><\/p>\n<hr \/>\n<p style=\"text-align: justify\"><span style=\"color: #000000;font-size: 10pt\">PINTO, L. S.; SOUSA, G. F. ; NEIS, A. ; AMARAL, D. S. ; FREITAS, A. C. O. ; MASCARENHAS, L. S. ; SANTOS, :. M. C. N. . <strong>SEQU\u00caNCIA DE DNA PARA PRODU\u00c7\u00c3O DE LECTINA RECOMBINANTE rBvL-I E UTILIZA\u00c7\u00c3O PARA O CONTROLE DE FUNGOS FITOPATOG\u00caNICOS<\/strong>. 2020, Brasil. Patente: Privil\u00e9gio de Inova\u00e7\u00e3o. N\u00famero do registro: BR 10 2020 016025 7, t\u00edtulo: &#8220;SEQU\u00caNCIA DE DNA PARA PRODU\u00c7\u00c3O DE LECTINA RECOMBINANTE rBvL-I E UTILIZA\u00c7\u00c3O PARA O CONTROLE DE FUNGOS FITOPATOG\u00caNICOS&#8221;, Institui\u00e7\u00e3o de registro: INPI &#8211; Instituto Nacional da Propriedade Industrial. Dep\u00f3sito: 06\/08\/2020.<\/span><\/p>\n<hr \/>\n<p style=\"text-align: justify\"><span style=\"color: #000000;font-size: 10pt\">BARBOSA, A. A. ; DODE, L. B. ; Corr\u00eaa, M. N. ; SANTOS, C. E. ; ROLIM, C. K. B. ; SILVEIRA, R. ; FREITAS, K. C. ; OLIVEIRA FILHO, A. . <strong>SOLU\u00c7\u00d5ES FILMOG\u00caNICAS PARA PROFILAXIA DE AFEC\u00c7\u00d5ES PODAIS EM RUMINANTES<\/strong>. 2020, Brasil. Patente: Privil\u00e9gio de Inova\u00e7\u00e3o. N\u00famero do registro: BR 10 2020 023942 2, t\u00edtulo: &#8220;SOLU\u00c7\u00d5ES FILMOG\u00caNICAS PARA PROFILAXIA DE AFEC\u00c7\u00d5ES PODAIS EM RUMINANTES&#8221;, Institui\u00e7\u00e3o de registro: INPI &#8211; Instituto Nacional da Propriedade Industrial. Dep\u00f3sito: 24\/11\/2020.<\/span><\/p>\n<hr \/>\n<p style=\"text-align: justify\"><span style=\"color: #000000;font-size: 10pt\">BORSUK, S.; SILVA, M. T. O. ; PINHO, R. B. ; SCHOLL, N. R. ; MORON, L. D. ; LOPES, A. S. ; ALVES, M. S. D. . <strong>UTILIZA\u00c7\u00c3O DE QUIMERA RECOMBINANTE NAS FORMAS PURIFICADA E N\u00c3O PURIFICADA PARA COMPOSI\u00c7\u00c3O DE VACINA RECOMBINANTE CONTRA A LINFADENITE CASEOSA<\/strong>. 2020, Brasil. Patente: Privil\u00e9gio de Inova\u00e7\u00e3o. N\u00famero do registro: BR 10 2020 006421 5, t\u00edtulo: &#8220;UTILIZA\u00c7\u00c3O DE QUIMERA RECOMBINANTE NAS FORMAS PURIFICADA E N\u00c3O PURIFICADA PARA COMPOSI\u00c7\u00c3O DE VACINA RECOMBINANTE CONTRA A LINFADENITE CASEOSA&#8221;, Institui\u00e7\u00e3o de registro: INPI &#8211; Instituto Nacional da Propriedade Industrial. Dep\u00f3sito: 30\/03\/2020.<\/span><\/p>\n<hr \/>\n<p style=\"text-align: justify\"><span style=\"color: #000000;font-size: 10pt\">BORSUK, S.; LOPES, A. S. ; REMI\u00c3O, MARIANA H\u00c4RTER ; SILVA, M. T. O. ; PINHO, R. B. ; SEIXAS, Fabiana K ; COLLARES, T. ; ALVES, M. S. D. ; SCHOLL, N. R. ; MORON, L. D. . <strong>UTILIZA\u00c7\u00c3O DOS CORANTES CALCE\u00cdNA-AM E HOMOD\u00cdMERO DE ET\u00cdDIO PARA FINS DE AN\u00c1LISE DE VIABILIDADE CELULAR E CITOTOXICIDADE EM PARASITOLOGIA<\/strong>. 2020, Brasil. Patente: Privil\u00e9gio de Inova\u00e7\u00e3o. N\u00famero do registro: BR 10 2020 014984 9, t\u00edtulo: &#8220;Utiliza\u00e7\u00e3o dos corantes Calce\u00edna-AM e Homod\u00edmero de et\u00eddio para fins de an\u00e1lise de viabilidade celular e citotoxicidade em parasitologia&#8221;, Institui\u00e7\u00e3o de registro: INPI &#8211; Instituto Nacional da Propriedade Industrial. Dep\u00f3sito: 23\/07\/2020.<\/span><\/p>\n<hr \/>\n<p style=\"text-align: justify\">\n","protected":false},"excerpt":{"rendered":"<p>Patentes depositadas no ano de 2020 &#8211; INPI &#8211; Instituto Nacional da Propriedade Industrial SAVEGNAGO, L; BIRMANN, P. T. ; CASARIL, A. M. ; SMANIOTTO, THIAGO ; PESARICO, ANA PAULA ; CABALLERO, P. S. ; RODRIGUES, R. R. ; CONCEICAO, F. R. . A LEVEDURA KOMAGATAELLA PASTORIS KM71H COM ATIVIDADES PROBI\u00d3TICAS: UM TRATAMENTO PARA DEPRESS\u00c3O. [&hellip;]<\/p>\n","protected":false},"author":735,"featured_media":0,"parent":7253,"menu_order":1,"comment_status":"closed","ping_status":"closed","template":"","meta":{"jetpack_post_was_ever_published":false,"footnotes":""},"class_list":["post-6516","page","type-page","status-publish","hentry"],"jetpack_sharing_enabled":true,"_links":{"self":[{"href":"https:\/\/wp.ufpel.edu.br\/ppgbiotec\/wp-json\/wp\/v2\/pages\/6516","targetHints":{"allow":["GET"]}}],"collection":[{"href":"https:\/\/wp.ufpel.edu.br\/ppgbiotec\/wp-json\/wp\/v2\/pages"}],"about":[{"href":"https:\/\/wp.ufpel.edu.br\/ppgbiotec\/wp-json\/wp\/v2\/types\/page"}],"author":[{"embeddable":true,"href":"https:\/\/wp.ufpel.edu.br\/ppgbiotec\/wp-json\/wp\/v2\/users\/735"}],"replies":[{"embeddable":true,"href":"https:\/\/wp.ufpel.edu.br\/ppgbiotec\/wp-json\/wp\/v2\/comments?post=6516"}],"version-history":[{"count":5,"href":"https:\/\/wp.ufpel.edu.br\/ppgbiotec\/wp-json\/wp\/v2\/pages\/6516\/revisions"}],"predecessor-version":[{"id":7245,"href":"https:\/\/wp.ufpel.edu.br\/ppgbiotec\/wp-json\/wp\/v2\/pages\/6516\/revisions\/7245"}],"up":[{"embeddable":true,"href":"https:\/\/wp.ufpel.edu.br\/ppgbiotec\/wp-json\/wp\/v2\/pages\/7253"}],"wp:attachment":[{"href":"https:\/\/wp.ufpel.edu.br\/ppgbiotec\/wp-json\/wp\/v2\/media?parent=6516"}],"curies":[{"name":"wp","href":"https:\/\/api.w.org\/{rel}","templated":true}]}}