{"id":635,"date":"2017-04-18T10:48:02","date_gmt":"2017-04-18T13:48:02","guid":{"rendered":"https:\/\/wp.ufpel.edu.br\/ppgbiotec\/?page_id=635"},"modified":"2023-06-15T16:31:08","modified_gmt":"2023-06-15T19:31:08","slug":"diploma","status":"publish","type":"page","link":"https:\/\/wp.ufpel.edu.br\/ppgbiotec\/diploma\/","title":{"rendered":"Emiss\u00e3o do Diploma"},"content":{"rendered":"<p style=\"text-align: justify;\"><span style=\"color: #000000; font-family: georgia, palatino, serif; font-size: 12pt;\">Os documentos necess\u00e1rios para a emiss\u00e3o do diploma s\u00e3o:<\/span><\/p>\n<ul>\n<li><span style=\"color: #000000; font-family: georgia, palatino, serif; font-size: 12pt;\">carteira de identidade ( frente e verso, leg\u00edvel e que seja poss\u00edvel identificar o aluno pela foto );<\/span><\/li>\n<li><span style=\"color: #000000; font-family: georgia, palatino, serif; font-size: 12pt;\">certid\u00e3o mais recente (nascimento ou casamento, no caso de troca de nome e que conste local de nascimento, leg\u00edvel);<\/span><\/li>\n<li><span style=\"color: #000000; font-family: georgia, palatino, serif; font-size: 12pt;\">diploma da gradua\u00e7\u00e3o (frente e verso) &#8211; <em>para alunos do mestrado e do doutorado<\/em>;<\/span><\/li>\n<li><span style=\"font-family: georgia, palatino, serif; font-size: 12pt; color: #000000;\">diploma do mestrado (frente e verso) &#8211; <em>para alunos do doutorado<\/em>.<\/span><\/li>\n<\/ul>\n<p style=\"text-align: justify;\"><span style=\"font-family: georgia, palatino, serif; font-size: 12pt; color: #000000;\"><em><strong>Obs:<\/strong> Enviar todos os documentos em .pdf<\/em><\/span><\/p>\n<p style=\"text-align: justify;\"><span style=\"color: #000000; font-family: georgia, palatino, serif; font-size: 12pt;\"><strong>Alunos estrangeiros:<\/strong><\/span><\/p>\n<p style=\"text-align: justify;\"><span style=\"color: #000000; font-family: georgia, palatino, serif; font-size: 12pt;\">Al\u00e9m dos documentos acima, s\u00e3o necess\u00e1rios:<\/span><\/p>\n<ul>\n<li style=\"text-align: justify;\"><span style=\"color: #000000; font-family: georgia, palatino, serif; font-size: 12pt;\">Passaporte, com vencimento posterior a data da conclus\u00e3o do curso (leg\u00edvel);<\/span><\/li>\n<li style=\"text-align: justify;\"><span style=\"color: #000000; font-family: georgia, palatino, serif; font-size: 12pt;\">Documento atualizado de perman\u00eancia no Brasil (RNE) com vencimento posterior a data da conclus\u00e3o do curso.<\/span><\/li>\n<\/ul>\n<p><span style=\"font-family: georgia, palatino, serif; font-size: 12pt; color: #000000;\"><em><strong>Obs:<\/strong> Enviar todos os documentos em .pdf<\/em><\/span><\/p>\n","protected":false},"excerpt":{"rendered":"<p>Os documentos necess\u00e1rios para a emiss\u00e3o do diploma s\u00e3o: carteira de identidade ( frente e verso, leg\u00edvel e que seja poss\u00edvel identificar o aluno pela foto ); certid\u00e3o mais recente (nascimento ou casamento, no caso de troca de nome e que conste local de nascimento, leg\u00edvel); diploma da gradua\u00e7\u00e3o (frente e verso) &#8211; para alunos [&hellip;]<\/p>\n","protected":false},"author":735,"featured_media":0,"parent":0,"menu_order":12,"comment_status":"closed","ping_status":"closed","template":"","meta":{"jetpack_post_was_ever_published":false,"footnotes":""},"class_list":["post-635","page","type-page","status-publish","hentry"],"jetpack_sharing_enabled":true,"_links":{"self":[{"href":"https:\/\/wp.ufpel.edu.br\/ppgbiotec\/wp-json\/wp\/v2\/pages\/635","targetHints":{"allow":["GET"]}}],"collection":[{"href":"https:\/\/wp.ufpel.edu.br\/ppgbiotec\/wp-json\/wp\/v2\/pages"}],"about":[{"href":"https:\/\/wp.ufpel.edu.br\/ppgbiotec\/wp-json\/wp\/v2\/types\/page"}],"author":[{"embeddable":true,"href":"https:\/\/wp.ufpel.edu.br\/ppgbiotec\/wp-json\/wp\/v2\/users\/735"}],"replies":[{"embeddable":true,"href":"https:\/\/wp.ufpel.edu.br\/ppgbiotec\/wp-json\/wp\/v2\/comments?post=635"}],"version-history":[{"count":15,"href":"https:\/\/wp.ufpel.edu.br\/ppgbiotec\/wp-json\/wp\/v2\/pages\/635\/revisions"}],"predecessor-version":[{"id":9117,"href":"https:\/\/wp.ufpel.edu.br\/ppgbiotec\/wp-json\/wp\/v2\/pages\/635\/revisions\/9117"}],"wp:attachment":[{"href":"https:\/\/wp.ufpel.edu.br\/ppgbiotec\/wp-json\/wp\/v2\/media?parent=635"}],"curies":[{"name":"wp","href":"https:\/\/api.w.org\/{rel}","templated":true}]}}