{"id":588,"date":"2017-04-17T13:55:11","date_gmt":"2017-04-17T16:55:11","guid":{"rendered":"https:\/\/wp.ufpel.edu.br\/ppgbiotec\/?page_id=588"},"modified":"2026-03-25T14:02:58","modified_gmt":"2026-03-25T17:02:58","slug":"exame-de-qualificacao","status":"publish","type":"page","link":"https:\/\/wp.ufpel.edu.br\/ppgbiotec\/exame-de-qualificacao\/","title":{"rendered":"Exame de qualifica\u00e7\u00e3o &#8211; Doutorado"},"content":{"rendered":"<p style=\"text-align: justify;\"><span style=\"color: #000000; font-family: georgia, palatino, serif; font-size: 12pt;\">O(a) aluno(a) de doutorado submeter-se-\u00e1 ao exame de qualifica\u00e7\u00e3o como requisito para obten\u00e7\u00e3o do grau de Doutor(a) em Ci\u00eancias.<\/span><\/p>\n<p style=\"text-align: justify;\"><span style=\"color: #000000; font-family: georgia, palatino, serif; font-size: 12pt;\">O exame de qualifica\u00e7\u00e3o requer que o(a) aluno(a):<\/span><br \/>\n<span style=\"color: #000000; font-family: georgia, palatino, serif; font-size: 12pt;\"> I. tenha completado 70% do n\u00famero m\u00ednimo de cr\u00e9ditos exigidos no Programa;<\/span><br \/>\n<span style=\"color: #000000; font-family: georgia, palatino, serif; font-size: 12pt;\"> II. n\u00e3o tenha disciplina pendente com conceito D;<\/span><br \/>\n<span style=\"color: #000000; font-family: georgia, palatino, serif; font-size: 12pt;\"> III. realize o exame no m\u00e1ximo at\u00e9 24 (vinte e quatro) meses ap\u00f3s a 1\u00aa matr\u00edcula;<\/span><br \/>\n<span style=\"color: #000000; font-family: georgia, palatino, serif; font-size: 12pt;\"> IV. encaminhe solicita\u00e7\u00e3o de qualifica\u00e7\u00e3o, com a autoriza\u00e7\u00e3o do(a) orientador(a), constando de sugest\u00e3o de data e forma\u00e7\u00e3o de banca, ao colegiado.<\/span><\/p>\n<p style=\"text-align: justify;\"><span style=\"font-family: georgia, palatino, serif; font-size: 12pt; color: #000000;\">A banca do exame de qualifica\u00e7\u00e3o ser\u00e1 constitu\u00edda pelo(a) orientador(a), por 2 (dois) ou mais examinadores e por no m\u00ednimo 1 suplente. Os membros da comiss\u00e3o de acompanhamento podem constituir a banca, dos quais pelo menos 1 (um) deve ser externo ao Programa.<\/span><\/p>\n<p><span style=\"font-family: georgia, palatino, serif; color: #000000;\"><em><strong>Orienta\u00e7\u00f5es para agendamento da defesa<\/strong><\/em><\/span><\/p>\n<p><span style=\"font-family: georgia, palatino, serif; color: #000000;\">Enviar a secretaria do PPGBiotec, at\u00e9 a data limite definida no calend\u00e1rio acad\u00eamico do Programa, os seguintes documentos:<\/span><\/p>\n<ul>\n<li><span style=\"font-family: georgia, palatino, serif; color: #000000;\">Formul\u00e1rio de nomea\u00e7\u00e3o de banca, dispon\u00edvel a seguir\u00a0<em>(<a style=\"color: #000000;\" href=\"https:\/\/wp.ufpel.edu.br\/ppgbiotec\/files\/2023\/05\/Nomeacao-de-banca-retificacao.docx\" target=\"_blank\" rel=\"noopener\">Nomea\u00e7\u00e3o-de-banca\u00a0<\/a>),\u00a0<\/em>com todas as informa\u00e7\u00f5es preenchidas, assinado pelo(a) orientador(a) e em .pdf;<\/span><\/li>\n<li><span style=\"color: #000000; font-family: georgia, palatino, serif; font-size: 12pt;\"><a style=\"color: #000000;\" href=\"https:\/\/wp.ufpel.edu.br\/ppgbiotec\/files\/2017\/04\/Relat\u00f3rio-do-exame-de-qualifica\u00e7\u00e3o-1.doc\">Relat\u00f3rio do exame de qualifica\u00e7\u00e3o<\/a>,<\/span> <span style=\"font-family: georgia, palatino, serif; color: #000000;\">em .pdf.<\/span><\/li>\n<\/ul>\n<p><span style=\"font-family: georgia, palatino, serif; color: #000000;\">Ap\u00f3s o envio dos documentos, o Programa encaminhar\u00e1 para aprecia\u00e7\u00e3o e parecer do relator e do colegiado.<\/span><\/p>\n<p><span style=\"font-family: georgia, palatino, serif; color: #000000;\">Ap\u00f3s autoriza\u00e7\u00e3o da defesa pelo relator e pelo colegiado, o Programa encaminhar\u00e1 por e-mail, para os membros da banca, o convite, o relat\u00f3rio de qualifica\u00e7\u00e3o e a portaria interna e caso necess\u00e1rio, o termo de sigilo.<\/span><\/p>\n<p style=\"text-align: justify;\"><span style=\"color: #000000; font-family: georgia, palatino, serif; font-size: 12pt;\"><strong>Obs:<\/strong> Ap\u00f3s o Exame de Qualifica\u00e7\u00e3o e a realiza\u00e7\u00e3o das corre\u00e7\u00f5es sugeridas pela banca, o(a) discente dever\u00e1 enviar ao PPGBiotec com c\u00f3pia para o(a) orientador(a), o relat\u00f3rio ap\u00f3s defesa.<\/span><\/p>\n<p>&nbsp;<\/p>\n<p>&nbsp;<\/p>\n<p>&nbsp;<\/p>\n<p>&nbsp;<\/p>\n<p>&nbsp;<\/p>\n","protected":false},"excerpt":{"rendered":"<p>O(a) aluno(a) de doutorado submeter-se-\u00e1 ao exame de qualifica\u00e7\u00e3o como requisito para obten\u00e7\u00e3o do grau de Doutor(a) em Ci\u00eancias. O exame de qualifica\u00e7\u00e3o requer que o(a) aluno(a): I. tenha completado 70% do n\u00famero m\u00ednimo de cr\u00e9ditos exigidos no Programa; II. n\u00e3o tenha disciplina pendente com conceito D; III. realize o exame no m\u00e1ximo at\u00e9 24 [&hellip;]<\/p>\n","protected":false},"author":735,"featured_media":0,"parent":0,"menu_order":9,"comment_status":"closed","ping_status":"closed","template":"","meta":{"jetpack_post_was_ever_published":false,"footnotes":""},"class_list":["post-588","page","type-page","status-publish","hentry"],"jetpack_sharing_enabled":true,"_links":{"self":[{"href":"https:\/\/wp.ufpel.edu.br\/ppgbiotec\/wp-json\/wp\/v2\/pages\/588","targetHints":{"allow":["GET"]}}],"collection":[{"href":"https:\/\/wp.ufpel.edu.br\/ppgbiotec\/wp-json\/wp\/v2\/pages"}],"about":[{"href":"https:\/\/wp.ufpel.edu.br\/ppgbiotec\/wp-json\/wp\/v2\/types\/page"}],"author":[{"embeddable":true,"href":"https:\/\/wp.ufpel.edu.br\/ppgbiotec\/wp-json\/wp\/v2\/users\/735"}],"replies":[{"embeddable":true,"href":"https:\/\/wp.ufpel.edu.br\/ppgbiotec\/wp-json\/wp\/v2\/comments?post=588"}],"version-history":[{"count":3,"href":"https:\/\/wp.ufpel.edu.br\/ppgbiotec\/wp-json\/wp\/v2\/pages\/588\/revisions"}],"predecessor-version":[{"id":11893,"href":"https:\/\/wp.ufpel.edu.br\/ppgbiotec\/wp-json\/wp\/v2\/pages\/588\/revisions\/11893"}],"wp:attachment":[{"href":"https:\/\/wp.ufpel.edu.br\/ppgbiotec\/wp-json\/wp\/v2\/media?parent=588"}],"curies":[{"name":"wp","href":"https:\/\/api.w.org\/{rel}","templated":true}]}}