{"id":583,"date":"2017-04-17T12:31:16","date_gmt":"2017-04-17T15:31:16","guid":{"rendered":"https:\/\/wp.ufpel.edu.br\/ppgbiotec\/?page_id=583"},"modified":"2026-03-25T09:23:07","modified_gmt":"2026-03-25T12:23:07","slug":"aproveitamento-de-creditos","status":"publish","type":"page","link":"https:\/\/wp.ufpel.edu.br\/ppgbiotec\/aproveitamento-de-creditos\/","title":{"rendered":"Aproveitamento de cr\u00e9ditos"},"content":{"rendered":"<p style=\"text-align: justify;\"><span style=\"color: #000000; font-family: georgia, palatino, serif; font-size: 12pt;\">O Colegiado poder\u00e1 aceitar o aproveitamento de cr\u00e9ditos obtidos em disciplinas de outros cursos de P\u00f3s-Gradua\u00e7\u00e3o, desde que estejam relacionados \u00e0 \u00e1rea de forma\u00e7\u00e3o do aluno no Programa.<\/span><br \/>\n<span style=\"color: #000000; font-family: georgia, palatino, serif; font-size: 12pt;\"> Os cr\u00e9ditos mencionados acima somente ser\u00e3o aceitos se tiverem sido obtidos h\u00e1 at\u00e9 5 (cinco) anos da data de solicita\u00e7\u00e3o.<\/span><br \/>\n<span style=\"color: #000000; font-family: georgia, palatino, serif; font-size: 12pt;\"> Somente poder\u00e3o ser aproveitados cr\u00e9ditos e\/ou disciplinas cujos conceitos sejam A, B ou equivalente, obtidos em Programas \u201cstricto sensu\u201d recomendados pela CAPES, no caso de cr\u00e9ditos obtidos no Brasil.<\/span><\/p>\n<p style=\"text-align: justify;\"><span style=\"color: #000000; font-family: georgia, palatino, serif; font-size: 12pt;\">Para solicita\u00e7\u00e3o de aproveitamento de cr\u00e9ditos dever\u00e1 ser enviado ao PPGBiotec, para aprecia\u00e7\u00e3o do colegiado, os seguintes documentos:<\/span><\/p>\n<ul>\n<li style=\"text-align: justify;\"><span style=\"color: #000000; font-family: georgia, palatino, serif; font-size: 12pt;\">Programa anal\u00edtico <strong>ou<\/strong> ementa da(s) disciplina(s);<\/span><\/li>\n<li style=\"text-align: justify;\"><span style=\"color: #000000; font-family: georgia, palatino, serif; font-size: 12pt;\">Hist\u00f3rico escolar <strong>ou<\/strong> atestado (com semestre\/ano de realiza\u00e7\u00e3o da disciplina, conceito, cr\u00e9ditos e carga hor\u00e1ria TEP);<\/span><\/li>\n<li style=\"text-align: justify;\"><span style=\"font-family: georgia, palatino, serif; color: #000000;\"><a style=\"color: #000000;\" href=\"https:\/\/wp.ufpel.edu.br\/ppgbiotec\/files\/2017\/04\/Formul\u00e1rio-para-solicita\u00e7\u00e3o-de-aproveitamento-de-cr\u00e9ditos.doc\">Formul\u00e1rio aproveitamento de cr\u00e9ditos.<\/a><\/span><\/li>\n<\/ul>\n","protected":false},"excerpt":{"rendered":"<p>O Colegiado poder\u00e1 aceitar o aproveitamento de cr\u00e9ditos obtidos em disciplinas de outros cursos de P\u00f3s-Gradua\u00e7\u00e3o, desde que estejam relacionados \u00e0 \u00e1rea de forma\u00e7\u00e3o do aluno no Programa. Os cr\u00e9ditos mencionados acima somente ser\u00e3o aceitos se tiverem sido obtidos h\u00e1 at\u00e9 5 (cinco) anos da data de solicita\u00e7\u00e3o. Somente poder\u00e3o ser aproveitados cr\u00e9ditos e\/ou disciplinas [&hellip;]<\/p>\n","protected":false},"author":735,"featured_media":0,"parent":0,"menu_order":3,"comment_status":"closed","ping_status":"closed","template":"","meta":{"jetpack_post_was_ever_published":false,"footnotes":""},"class_list":["post-583","page","type-page","status-publish","hentry"],"jetpack_sharing_enabled":true,"_links":{"self":[{"href":"https:\/\/wp.ufpel.edu.br\/ppgbiotec\/wp-json\/wp\/v2\/pages\/583","targetHints":{"allow":["GET"]}}],"collection":[{"href":"https:\/\/wp.ufpel.edu.br\/ppgbiotec\/wp-json\/wp\/v2\/pages"}],"about":[{"href":"https:\/\/wp.ufpel.edu.br\/ppgbiotec\/wp-json\/wp\/v2\/types\/page"}],"author":[{"embeddable":true,"href":"https:\/\/wp.ufpel.edu.br\/ppgbiotec\/wp-json\/wp\/v2\/users\/735"}],"replies":[{"embeddable":true,"href":"https:\/\/wp.ufpel.edu.br\/ppgbiotec\/wp-json\/wp\/v2\/comments?post=583"}],"version-history":[{"count":3,"href":"https:\/\/wp.ufpel.edu.br\/ppgbiotec\/wp-json\/wp\/v2\/pages\/583\/revisions"}],"predecessor-version":[{"id":11877,"href":"https:\/\/wp.ufpel.edu.br\/ppgbiotec\/wp-json\/wp\/v2\/pages\/583\/revisions\/11877"}],"wp:attachment":[{"href":"https:\/\/wp.ufpel.edu.br\/ppgbiotec\/wp-json\/wp\/v2\/media?parent=583"}],"curies":[{"name":"wp","href":"https:\/\/api.w.org\/{rel}","templated":true}]}}