{"id":5794,"date":"2021-03-26T21:02:46","date_gmt":"2021-03-27T00:02:46","guid":{"rendered":"https:\/\/wp.ufpel.edu.br\/ppgbiotec\/?page_id=5794"},"modified":"2023-11-17T20:33:45","modified_gmt":"2023-11-17T23:33:45","slug":"acoes-covid-19","status":"publish","type":"page","link":"https:\/\/wp.ufpel.edu.br\/ppgbiotec\/acoes-covid-19\/","title":{"rendered":"A\u00e7\u00f5es COVID-19"},"content":{"rendered":"<p><span style=\"color: #000000;\">A\u00e7\u00f5es desenvolvidas pelo Programa de P\u00f3s-gradua\u00e7\u00e3o em Biotecnologia, durante a COVID-19.<\/span><\/p>\n<p><span style=\"color: #000000;\">1- <a style=\"color: #000000;\" href=\"https:\/\/wp.ufpel.edu.br\/ppgbiotec\/2021\/01\/18\/docentes-do-ppgbiotec-prof-antonio-costa-de-oliveira-e-prof-odir-antonio-dellagostin-participam-da-reuniao-da-cntbio\">Docentes do PPGBiotec, Prof. Antonio Costa de Oliveira e Prof. Odir Antonio Dellagostin participam da Reuni\u00e3o da CNTBio.<\/a><\/span><\/p>\n<p><span style=\"color: #000000;\">2- <a style=\"color: #000000;\" href=\"https:\/\/wp.ufpel.edu.br\/ppgbiotec\/2020\/12\/24\/o-ppgbiotec-aprova-dois-projetos-no-programa-pesquisa-para-o-sus-da-fapergs\">O PPGBiotec aprova dois projetos no Programa Pesquisa para o SUS da FAPERGS.<\/a><\/span><\/p>\n<p><span style=\"color: #000000;\">3-<a style=\"color: #000000;\" href=\"https:\/\/wp.ufpel.edu.br\/ppgbiotec\/2020\/12\/15\/pesquisadores-do-cdtec-ufpel-desenvolvem-dispositivo-portatil-para-diagnostico-da-covid-19\">Pesquisadores do CDTec\/UFPel desenvolvem dispositivo port\u00e1til para diagn\u00f3stico da COVID-19<\/a><\/span><\/p>\n<p><span style=\"color: #000000;\">4- <a style=\"color: #000000;\" href=\"https:\/\/wp.ufpel.edu.br\/ppgbiotec\/2020\/11\/09\/grupo-de-pesquisa-do-laboratorio-de-microbiologia-do-ppgbiotec-desenvolve-uma-terapia-contra-covid-19-utilizando-soro-hiperimune-equino\">Grupo de pesquisa do laborat\u00f3rio de Microbiologia do PPGBiotec, desenvolve uma terapia contra COVID-19 utilizando soro hiperimune equino.<\/a><\/span><\/p>\n<p><span style=\"color: #000000;\">5- <a style=\"color: #000000;\" href=\"https:\/\/wp.ufpel.edu.br\/ppgbiotec\/2020\/10\/16\/pesquisadores-do-ppgbiotec-ufpel-desenvolvem-moleculas-inovadoras-para-combate-a-covid-19\">Pesquisadores do PPGBiotec\/UFPel desenvolvem mol\u00e9culas inovadoras para combate \u00e0 Covid-19<\/a><\/span><\/p>\n<p><span style=\"color: #000000;\">6- <a style=\"color: #000000;\" href=\"https:\/\/wp.ufpel.edu.br\/ppgbiotec\/2020\/09\/09\/unidade-de-diagnostico-molecular-covid-19-ultrapassa-a-marca-de-mil-testes\">Unidade de Diagn\u00f3stico Molecular COVID-19 ultrapassa a marca de mil testes.<\/a><\/span><\/p>\n<p><span style=\"color: #000000;\">7- <a style=\"color: #000000;\" href=\"\/\/wp.ufpel.edu.br\/ppgbiotec\/2020\/06\/22\/o-ppgbiotec-foi-contemplado-no-edital-capes-no-09-2020-de-selecao-emergencial-prevencao-e-combate-a-surtos-endemias-epidemias-e-pandemias\">O PPGBiotec foi contemplado no Edital CAPES n\u00ba 09\/2020 de Sele\u00e7\u00e3o Emergencial &#8220;PREVEN\u00c7\u00c3O E COMBATE A SURTOS, ENDEMIAS, EPIDEMIAS E PANDEMIAS&#8221;.<\/a><\/span><\/p>\n<p><span style=\"color: #000000;\">8- <a style=\"color: #000000;\" href=\"https:\/\/wp.ufpel.edu.br\/ppgbiotec\/2020\/05\/04\/docentes-do-ppgbiotec-tem-projetos-de-pesquisa-sobre-covid-19-aprovados-pela-fapergs\">Docentes do PPGBiotec t\u00eam projetos de pesquisa sobre Covid-19 aprovados pela FAPERGS<\/a><\/span><\/p>\n<p><span style=\"color: #000000;\">9- <a style=\"color: #000000;\" href=\"https:\/\/wp.ufpel.edu.br\/ppgbiotec\/2020\/04\/06\/ufpel-fara-testes-de-rt-pcr-para-covid-19\">UFPel far\u00e1 testes de RT-PCR para COVID-19<\/a><\/span><\/p>\n<p><span style=\"color: #000000;\">10- <a style=\"color: #000000;\" href=\"https:\/\/wp.ufpel.edu.br\/ppgbiotec\/2020\/04\/02\/grupo-de-pesquisadores-do-programa-de-pos-graduacao-em-biotecnologia-desenvolve-pesquisa-para-diagnostico-sorologico-da-covid-19\">Grupo de pesquisadores do Programa de P\u00f3s-Gradua\u00e7\u00e3o em Biotecnologia desenvolve pesquisa para diagn\u00f3stico sorol\u00f3gico da COVID-19<\/a><\/span><\/p>\n<p><span style=\"color: #000000;\">11- <a style=\"color: #000000;\" href=\"https:\/\/wp.ufpel.edu.br\/ppgbiotec\/2021\/06\/01\/unidade-de-diagnostico-molecular-covid-19-inicia-testes-de-identificacao-de-variantes-do-coronavirus\">Unidade de Diagn\u00f3stico Molecular COVID-19 inicia testes de identifica\u00e7\u00e3o de variantes do coronav\u00edrus.<\/a><\/span><\/p>\n<p><span style=\"color: #000000;\">12- <a style=\"color: #000000;\" href=\"https:\/\/wp.ufpel.edu.br\/ppgbiotec\/2021\/09\/13\/projeto-oncobank-oncovid-desenvolvido-pelo-pesquisador-professor-tiago-collares-inicia-no-hospital-escola\">Projeto Oncobank Oncovid, desenvolvido pelo pesquisador professor Tiago Collares, inicia no Hospital Escola.<\/a><\/span><\/p>\n<p>&nbsp;<\/p>\n<p>&nbsp;<\/p>\n","protected":false},"excerpt":{"rendered":"<p>A\u00e7\u00f5es desenvolvidas pelo Programa de P\u00f3s-gradua\u00e7\u00e3o em Biotecnologia, durante a COVID-19. 1- Docentes do PPGBiotec, Prof. Antonio Costa de Oliveira e Prof. Odir Antonio Dellagostin participam da Reuni\u00e3o da CNTBio. 2- O PPGBiotec aprova dois projetos no Programa Pesquisa para o SUS da FAPERGS. 3-Pesquisadores do CDTec\/UFPel desenvolvem dispositivo port\u00e1til para diagn\u00f3stico da COVID-19 4- [&hellip;]<\/p>\n","protected":false},"author":735,"featured_media":0,"parent":0,"menu_order":0,"comment_status":"closed","ping_status":"closed","template":"","meta":{"jetpack_post_was_ever_published":false,"footnotes":""},"class_list":["post-5794","page","type-page","status-publish","hentry"],"jetpack_sharing_enabled":true,"_links":{"self":[{"href":"https:\/\/wp.ufpel.edu.br\/ppgbiotec\/wp-json\/wp\/v2\/pages\/5794","targetHints":{"allow":["GET"]}}],"collection":[{"href":"https:\/\/wp.ufpel.edu.br\/ppgbiotec\/wp-json\/wp\/v2\/pages"}],"about":[{"href":"https:\/\/wp.ufpel.edu.br\/ppgbiotec\/wp-json\/wp\/v2\/types\/page"}],"author":[{"embeddable":true,"href":"https:\/\/wp.ufpel.edu.br\/ppgbiotec\/wp-json\/wp\/v2\/users\/735"}],"replies":[{"embeddable":true,"href":"https:\/\/wp.ufpel.edu.br\/ppgbiotec\/wp-json\/wp\/v2\/comments?post=5794"}],"version-history":[{"count":25,"href":"https:\/\/wp.ufpel.edu.br\/ppgbiotec\/wp-json\/wp\/v2\/pages\/5794\/revisions"}],"predecessor-version":[{"id":9550,"href":"https:\/\/wp.ufpel.edu.br\/ppgbiotec\/wp-json\/wp\/v2\/pages\/5794\/revisions\/9550"}],"wp:attachment":[{"href":"https:\/\/wp.ufpel.edu.br\/ppgbiotec\/wp-json\/wp\/v2\/media?parent=5794"}],"curies":[{"name":"wp","href":"https:\/\/api.w.org\/{rel}","templated":true}]}}