{"id":5702,"date":"2021-03-26T18:39:53","date_gmt":"2021-03-26T21:39:53","guid":{"rendered":"https:\/\/wp.ufpel.edu.br\/ppgbiotec\/?page_id=5702"},"modified":"2021-09-28T14:10:53","modified_gmt":"2021-09-28T17:10:53","slug":"ensino","status":"publish","type":"page","link":"https:\/\/wp.ufpel.edu.br\/ppgbiotec\/infraestrutura\/ensino\/","title":{"rendered":"Ensino"},"content":{"rendered":"<p><span style=\"color: #000000\">Infraestrutura de <strong>Ensino<\/strong><\/span><\/p>\n<ul>\n<li><span style=\"color: #000000\"><a style=\"color: #000000\" href=\"https:\/\/wp.ufpel.edu.br\/ppgbiotec\/infraestrutura\/laboratorio-de-bioinformatica\/\" target=\"_blank\" rel=\"noopener noreferrer\">Laborat\u00f3rio de Bioinform\u00e1tica<\/a><\/span><\/li>\n<li><span style=\"color: #000000\"><a style=\"color: #000000\" href=\"https:\/\/wp.ufpel.edu.br\/ppgbiotec\/infraestrutura\/sala-watson-crick\" target=\"_blank\" rel=\"noopener noreferrer\">Laborat\u00f3rio Watson &amp; Crick<\/a><\/span><\/li>\n<li><span style=\"color: #000000\"><a style=\"color: #000000\" href=\"https:\/\/wp.ufpel.edu.br\/ppgbiotec\/infraestrutura\/ensino\/sala-do-ppgbiotec\" target=\"_blank\" rel=\"noopener noreferrer\">Sala do PPGBiotec<\/a><\/span><\/li>\n<li><span style=\"color: #000000\"><a style=\"color: #000000\" href=\"https:\/\/wp.ufpel.edu.br\/ppgbiotec\/infraestrutura\/sala-de-estudos-reuniao\" target=\"_blank\" rel=\"noopener noreferrer\">Sala de Estudos\/Reuni\u00e3o<\/a><\/span><\/li>\n<\/ul>\n","protected":false},"excerpt":{"rendered":"<p>Infraestrutura de Ensino Laborat\u00f3rio de Bioinform\u00e1tica Laborat\u00f3rio Watson &amp; Crick Sala do PPGBiotec Sala de Estudos\/Reuni\u00e3o<\/p>\n","protected":false},"author":735,"featured_media":0,"parent":3551,"menu_order":2,"comment_status":"closed","ping_status":"closed","template":"","meta":{"jetpack_post_was_ever_published":false,"footnotes":""},"class_list":["post-5702","page","type-page","status-publish","hentry"],"jetpack_sharing_enabled":true,"_links":{"self":[{"href":"https:\/\/wp.ufpel.edu.br\/ppgbiotec\/wp-json\/wp\/v2\/pages\/5702","targetHints":{"allow":["GET"]}}],"collection":[{"href":"https:\/\/wp.ufpel.edu.br\/ppgbiotec\/wp-json\/wp\/v2\/pages"}],"about":[{"href":"https:\/\/wp.ufpel.edu.br\/ppgbiotec\/wp-json\/wp\/v2\/types\/page"}],"author":[{"embeddable":true,"href":"https:\/\/wp.ufpel.edu.br\/ppgbiotec\/wp-json\/wp\/v2\/users\/735"}],"replies":[{"embeddable":true,"href":"https:\/\/wp.ufpel.edu.br\/ppgbiotec\/wp-json\/wp\/v2\/comments?post=5702"}],"version-history":[{"count":5,"href":"https:\/\/wp.ufpel.edu.br\/ppgbiotec\/wp-json\/wp\/v2\/pages\/5702\/revisions"}],"predecessor-version":[{"id":7196,"href":"https:\/\/wp.ufpel.edu.br\/ppgbiotec\/wp-json\/wp\/v2\/pages\/5702\/revisions\/7196"}],"up":[{"embeddable":true,"href":"https:\/\/wp.ufpel.edu.br\/ppgbiotec\/wp-json\/wp\/v2\/pages\/3551"}],"wp:attachment":[{"href":"https:\/\/wp.ufpel.edu.br\/ppgbiotec\/wp-json\/wp\/v2\/media?parent=5702"}],"curies":[{"name":"wp","href":"https:\/\/api.w.org\/{rel}","templated":true}]}}