{"id":5507,"date":"2021-02-19T17:47:42","date_gmt":"2021-02-19T20:47:42","guid":{"rendered":"https:\/\/wp.ufpel.edu.br\/ppgbiotec\/?page_id=5507"},"modified":"2021-04-22T09:11:34","modified_gmt":"2021-04-22T12:11:34","slug":"processo-seletivo-2021-1","status":"publish","type":"page","link":"https:\/\/wp.ufpel.edu.br\/ppgbiotec\/processo-seletivo-2021-1\/","title":{"rendered":"Processo seletivo 2021\/1"},"content":{"rendered":"<ul>\n<li><a href=\"https:\/\/wp.ufpel.edu.br\/ppgbiotec\/files\/2020\/12\/SEI_UFPel-1155913-Edital-de-selecao-PRPPGI.pdf\"><span style=\"color: #000000\">Edital n\u00ba 138\/2020<\/span><\/a><\/li>\n<li><span style=\"color: #000000\"><a style=\"color: #000000\" href=\"https:\/\/wp.ufpel.edu.br\/ppgbiotec\/files\/2020\/12\/SEI_UFPel-1175189-Edital-de-Retificacao-PRPPGI.pdf\">Edital de Retifica\u00e7\u00e3o n\u00ba 02\/2021<\/a>\u00a0<span style=\"color: #0000ff\"><em><span style=\"font-size: 10pt\">Divulgado em 08\/01\/2021\u00a0 \u00a0\u00a0<\/span>\u00a0<\/em><\/span><\/span><\/li>\n<li><span style=\"color: #000000\"><a style=\"color: #000000\" href=\"https:\/\/wp.ufpel.edu.br\/ppgbiotec\/files\/2021\/01\/SEI_UFPel-1187386-Edital-de-Retificacao-PRPPGI2.pdf\">Edital de Retifica\u00e7\u00e3o n\u00ba 05\/2021\u00a0<\/a>\u00a0\u00a0<span style=\"color: #0000ff;font-size: 10pt\"><em>Divulgado em 27\/01\/2021\u00a0\u00a0\u00a0 \u00a0\u00a0<\/em><\/span><\/span><\/li>\n<li><span style=\"color: #000000\"><a style=\"color: #000000\" href=\"https:\/\/wp.ufpel.edu.br\/ppgbiotec\/files\/2020\/07\/Formul%C3%A1rio-de-inscri%C3%A7%C3%A3o-3.doc\" target=\"_blank\" rel=\"noopener noreferrer\">Formul\u00e1rio 1 (inscri\u00e7\u00e3o)<\/a><\/span><\/li>\n<li><span style=\"color: #000000\"><a style=\"color: #000000\" href=\"https:\/\/wp.ufpel.edu.br\/ppgbiotec\/files\/2019\/11\/Planilha-Bloqueada.xls\" target=\"_blank\" rel=\"noopener noreferrer\">Planilha de avalia\u00e7\u00e3o do Curriculum Vitae (CV Lattes)<\/a><\/span><\/li>\n<li><span style=\"color: #000000\"><a style=\"color: #000000\" href=\"https:\/\/wp.ufpel.edu.br\/ppgbiotec\/files\/2020\/12\/Manual-CV-2021-atualizado.pdf\">Instru\u00e7\u00f5es para preenchimento da planilha de avalia\u00e7\u00e3o do CV e apresenta\u00e7\u00e3o dos documentos comprobat\u00f3rios-<\/a> \u00a0<span style=\"color: #0000ff;font-size: 10pt\"><em>Atualizado em 04\/01\/2021 \u2013 item Envio da documenta\u00e7\u00e3o<\/em><\/span><\/span><\/li>\n<li><span style=\"color: #000000\"><a style=\"color: #000000\" href=\"https:\/\/wp.ufpel.edu.br\/ppgbiotec\/files\/2020\/07\/Declara%C3%A7%C3%A3o-de-Etnia.docx\" target=\"_blank\" rel=\"noopener noreferrer\">Declara\u00e7\u00e3o de etnia<\/a><\/span><\/li>\n<li><span style=\"color: #000000\"><a style=\"color: #000000\" href=\"https:\/\/wp.ufpel.edu.br\/ppgbiotec\/files\/2021\/01\/Resultado-preliminar_-Homologac%CC%A7a%CC%83o-das-inscric%CC%A7o%CC%83es_MESTRADO.pdf\">Resultado preliminar_ Homologac\u0327a\u0303o das inscric\u0327o\u0303es_<strong>MESTRADO<\/strong><\/a>\u00a0<span style=\"color: #0000ff;font-size: 10pt\"><em>Divulgado em 03\/02\/2021 \u00e0s 12 horas<\/em><\/span><\/span><\/li>\n<li><span style=\"color: #000000\"><a style=\"color: #000000\" href=\"https:\/\/wp.ufpel.edu.br\/ppgbiotec\/files\/2021\/01\/Resultado-preliminar_Homologac%CC%A7a%CC%83o-das-inscric%CC%A7o%CC%83es_DOUTORADO.pdf\">Resultado preliminar_Homologac\u0327a\u0303o das inscric\u0327o\u0303es_<strong>DOUTORADO<\/strong><\/a>\u00a0<span style=\"color: #0000ff;font-size: 10pt\"><em>Divulgado em 03\/02\/2021 \u00e0s 12 horas<\/em><\/span><\/span><\/li>\n<li><span style=\"color: #000000\"><a style=\"color: #000000\" href=\"https:\/\/wp.ufpel.edu.br\/ppgbiotec\/files\/2021\/01\/Resultado-Final_-Homologac%CC%A7a%CC%83o-das-inscric%CC%A7o%CC%83es_MESTRADO.pdf\">Resultado Final_ Homologac\u0327a\u0303o das inscric\u0327o\u0303es_<strong>MESTRADO<\/strong><\/a>\u00a0<span style=\"color: #0000ff;font-size: 10pt\"><em>Divulgado em 06\/02\/2021 \u00e0s 14 horas<\/em><\/span><\/span><\/li>\n<li><span style=\"color: #000000\"><a style=\"color: #000000\" href=\"https:\/\/wp.ufpel.edu.br\/ppgbiotec\/files\/2021\/01\/Resultado-Final_Homologac%CC%A7a%CC%83o-das-inscric%CC%A7o%CC%83es_DOUTORADO.pdf\">Resultado Final_Homologac\u0327a\u0303o das inscric\u0327o\u0303es<\/a><strong><a style=\"color: #000000\" href=\"https:\/\/wp.ufpel.edu.br\/ppgbiotec\/files\/2021\/01\/Resultado-Final_Homologac%CC%A7a%CC%83o-das-inscric%CC%A7o%CC%83es_DOUTORADO.pdf\">_DOUTORADO<\/a><\/strong>\u00a0<span style=\"color: #0000ff;font-size: 10pt\"><em>Divulgado em 06\/02\/2021 \u00e0s 14 horas<\/em><\/span><\/span><\/li>\n<li><span style=\"color: #000000\"><a style=\"color: #000000\" href=\"https:\/\/wp.ufpel.edu.br\/ppgbiotec\/files\/2021\/02\/Retificacao_Resultado-Final_-Homologacao-das-inscricoes_MESTRADO.pdf\">Retifica\u00e7\u00e3o_Resultado Final_ Homologa\u00e7\u00e3o das inscri\u00e7\u00f5es_<strong>MESTRADO<\/strong><\/a>\u00a0<span style=\"color: #0000ff;font-size: 10pt\"><em>Divulgado em 12\/02\/2021 \u00e0s 23 horas<\/em><\/span><\/span><\/li>\n<li><span style=\"color: #000000\"><a style=\"color: #000000\" href=\"https:\/\/wp.ufpel.edu.br\/ppgbiotec\/files\/2021\/02\/Resultado-Preliminar_-1a-fase_MESTRADO.pdf\">Resultado Preliminar_ 1\u00aa fase_<strong>MESTRADO<\/strong><\/a>\u00a0<span style=\"color: #0000ff;font-size: 10pt\"><em>Divulgado em 15\/02\/2021 \u00e0s 14h45min<\/em><\/span><\/span><\/li>\n<li><span style=\"color: #000000\"><a style=\"color: #000000\" href=\"https:\/\/wp.ufpel.edu.br\/ppgbiotec\/files\/2021\/02\/Resultado-Preliminar_1a-fase_DOUTORADO-2.pdf\">Resultado Preliminar_1\u00aa fase_<strong>DOUTORADO<\/strong><\/a>\u00a0<span style=\"color: #0000ff;font-size: 10pt\"><em>Divulgado em 15\/02\/2021 \u00e0s 14h45min \u2013 Atualizado \u00e0s 20 horas<\/em><\/span><\/span><\/li>\n<li><span style=\"color: #000000\"><a style=\"color: #000000\" href=\"https:\/\/wp.ufpel.edu.br\/ppgbiotec\/files\/2021\/02\/Resultado-Final_-1a-fase_MESTRADO.pdf\">Resultado Final_ 1\u00aa fase_<strong>MESTRADO<\/strong><\/a>\u00a0<span style=\"font-size: 10pt;color: #0000ff\"><em>Divulgado em 19\/02\/2021 \u00e0s 17h40min<\/em><\/span><\/span><\/li>\n<li><span style=\"color: #000000\"><a style=\"color: #000000\" href=\"https:\/\/wp.ufpel.edu.br\/ppgbiotec\/files\/2021\/02\/Resultado-Final_1a-fase_DOUTORADO.pdf\">Resultado Final_1\u00aa fase_<strong>DOUTORADO<\/strong><\/a>\u00a0<span style=\"color: #0000ff;font-size: 10pt\"><em>Divulgado em 19\/02\/2021 \u00e0s 17h40min<\/em><\/span><\/span><\/li>\n<li><a href=\"https:\/\/wp.ufpel.edu.br\/ppgbiotec\/files\/2021\/02\/Resultado-Final_MESTRADO-2.pdf\"><span style=\"color: #000000\">Resultado Final_<strong>MESTRADO<\/strong><\/span><\/a><span style=\"color: #000000\"><strong>\u00a0<\/strong>\u00a0\u00a0<span style=\"font-size: 10pt;color: #0000ff\"><em>Divulgado em 26\/02\/2021 \u00e0s 16h30min<\/em><\/span><\/span><\/li>\n<li><span style=\"color: #000000\"><a style=\"color: #000000\" href=\"https:\/\/wp.ufpel.edu.br\/ppgbiotec\/files\/2021\/02\/Resultado-Final_DOUTORADO-1.pdf\">Resultado Final_<strong>DOUTORADO<\/strong><\/a>\u00a0 \u00a0<span style=\"color: #0000ff;font-size: 10pt\"><em>Divulgado em 26\/02\/2021 \u00e0s 16h30min<\/em><\/span><\/span><\/li>\n<\/ul>\n<p>&nbsp;<\/p>\n","protected":false},"excerpt":{"rendered":"<p>Edital n\u00ba 138\/2020 Edital de Retifica\u00e7\u00e3o n\u00ba 02\/2021\u00a0Divulgado em 08\/01\/2021\u00a0 \u00a0\u00a0\u00a0 Edital de Retifica\u00e7\u00e3o n\u00ba 05\/2021\u00a0\u00a0\u00a0Divulgado em 27\/01\/2021\u00a0\u00a0\u00a0 \u00a0\u00a0 Formul\u00e1rio 1 (inscri\u00e7\u00e3o) Planilha de avalia\u00e7\u00e3o do Curriculum Vitae (CV Lattes) Instru\u00e7\u00f5es para preenchimento da planilha de avalia\u00e7\u00e3o do CV e apresenta\u00e7\u00e3o dos documentos comprobat\u00f3rios- \u00a0Atualizado em 04\/01\/2021 \u2013 item Envio da documenta\u00e7\u00e3o Declara\u00e7\u00e3o de etnia [&hellip;]<\/p>\n","protected":false},"author":735,"featured_media":0,"parent":0,"menu_order":0,"comment_status":"closed","ping_status":"closed","template":"","meta":{"jetpack_post_was_ever_published":false,"footnotes":""},"class_list":["post-5507","page","type-page","status-publish","hentry"],"jetpack_sharing_enabled":true,"_links":{"self":[{"href":"https:\/\/wp.ufpel.edu.br\/ppgbiotec\/wp-json\/wp\/v2\/pages\/5507","targetHints":{"allow":["GET"]}}],"collection":[{"href":"https:\/\/wp.ufpel.edu.br\/ppgbiotec\/wp-json\/wp\/v2\/pages"}],"about":[{"href":"https:\/\/wp.ufpel.edu.br\/ppgbiotec\/wp-json\/wp\/v2\/types\/page"}],"author":[{"embeddable":true,"href":"https:\/\/wp.ufpel.edu.br\/ppgbiotec\/wp-json\/wp\/v2\/users\/735"}],"replies":[{"embeddable":true,"href":"https:\/\/wp.ufpel.edu.br\/ppgbiotec\/wp-json\/wp\/v2\/comments?post=5507"}],"version-history":[{"count":4,"href":"https:\/\/wp.ufpel.edu.br\/ppgbiotec\/wp-json\/wp\/v2\/pages\/5507\/revisions"}],"predecessor-version":[{"id":5960,"href":"https:\/\/wp.ufpel.edu.br\/ppgbiotec\/wp-json\/wp\/v2\/pages\/5507\/revisions\/5960"}],"wp:attachment":[{"href":"https:\/\/wp.ufpel.edu.br\/ppgbiotec\/wp-json\/wp\/v2\/media?parent=5507"}],"curies":[{"name":"wp","href":"https:\/\/api.w.org\/{rel}","templated":true}]}}