{"id":5171,"date":"2020-07-23T19:19:17","date_gmt":"2020-07-23T22:19:17","guid":{"rendered":"https:\/\/wp.ufpel.edu.br\/ppgbiotec\/?page_id=5171"},"modified":"2026-04-24T16:34:28","modified_gmt":"2026-04-24T19:34:28","slug":"comissao-coordenadora","status":"publish","type":"page","link":"https:\/\/wp.ufpel.edu.br\/ppgbiotec\/comissao-colegiado\/comissao-coordenadora\/","title":{"rendered":"Comiss\u00e3o Coordenadora"},"content":{"rendered":"<p><span style=\"color: #000000;\">A Comiss\u00e3o Coordenadora \u00e9 composta por um(a) Coordenador(a) e um(a) Coordenador(a) Adjunto(a).<\/span><\/p>\n<p><span style=\"color: #000000;\">Composi\u00e7\u00e3o da Comiss\u00e3o Coordenadora no per\u00edodo de 2026 a 2028 &#8211; (Per\u00edodo de 18\/04\/2026 a 21\/04\/2028)<\/span><\/p>\n<ul class=\"wpipessoa-lista\"><li class=\"wpipessoa-post clearfix\"><div class=\"wpipessoa-thumb\"><a href=\"https:\/\/wp.ufpel.edu.br\/ppgbiotec\/pessoas\/prof-dr-frederico-schmitt-kremer\/\"><img width=\"200\" height=\"200\" src=\"https:\/\/wp.ufpel.edu.br\/ppgbiotec\/files\/2021\/02\/servletrecuperafoto-200x200.jpg\" class=\"attachment-thumbnail size-thumbnail wp-post-image\" alt=\"\" srcset=\"https:\/\/wp.ufpel.edu.br\/ppgbiotec\/files\/2021\/02\/servletrecuperafoto-200x200.jpg 200w, https:\/\/wp.ufpel.edu.br\/ppgbiotec\/files\/2021\/02\/servletrecuperafoto-400x400.jpg 400w, https:\/\/wp.ufpel.edu.br\/ppgbiotec\/files\/2021\/02\/servletrecuperafoto.jpg 461w\" sizes=\"(max-width: 200px) 100vw, 200px\" data-attachment-id=\"8978\" data-permalink=\"https:\/\/wp.ufpel.edu.br\/ppgbiotec\/?attachment_id=8978\" data-orig-file=\"https:\/\/wp.ufpel.edu.br\/ppgbiotec\/files\/2021\/02\/servletrecuperafoto.jpg\" data-orig-size=\"461,461\" data-comments-opened=\"0\" data-image-meta=\"{&quot;aperture&quot;:&quot;0&quot;,&quot;credit&quot;:&quot;&quot;,&quot;camera&quot;:&quot;&quot;,&quot;caption&quot;:&quot;&quot;,&quot;created_timestamp&quot;:&quot;0&quot;,&quot;copyright&quot;:&quot;&quot;,&quot;focal_length&quot;:&quot;0&quot;,&quot;iso&quot;:&quot;0&quot;,&quot;shutter_speed&quot;:&quot;0&quot;,&quot;title&quot;:&quot;&quot;,&quot;orientation&quot;:&quot;0&quot;}\" data-image-title=\"servletrecuperafoto\" data-image-description=\"\" data-image-caption=\"\" data-medium-file=\"https:\/\/wp.ufpel.edu.br\/ppgbiotec\/files\/2021\/02\/servletrecuperafoto-400x400.jpg\" data-large-file=\"https:\/\/wp.ufpel.edu.br\/ppgbiotec\/files\/2021\/02\/servletrecuperafoto.jpg\" \/><\/a><\/div><div class=\"wpipessoa-info\"><div class=\"wpipessoa-nome\"><a href=\"https:\/\/wp.ufpel.edu.br\/ppgbiotec\/pessoas\/prof-dr-frederico-schmitt-kremer\/\">Prof. Dr. Frederico Schmitt Kremer<\/a><\/div><div class=\"wpipessoa-funcao\">Coordenador do Programa de P\u00f3s-gradua\u00e7\u00e3o em Biotecnologia<\/div><div class=\"wpipessoa-lattes\"><a href=\"http:\/\/lattes.cnpq.br\/6065261074656602\" target=\"_blank\">Lattes<\/a><\/div><div class=\"wpipessoa-email\"><a href=\"fred.s.kremer@gmail.com\" target=\"_blank\">fred.s.kremer@gmail.com<\/a><\/div><\/div><\/li><li class=\"wpipessoa-post clearfix\"><div class=\"wpipessoa-thumb\"><a href=\"https:\/\/wp.ufpel.edu.br\/ppgbiotec\/pessoas\/vanessa-galli\/\"><img width=\"200\" height=\"200\" src=\"https:\/\/wp.ufpel.edu.br\/ppgbiotec\/files\/2025\/04\/WhatsApp-Image-2025-04-14-at-10.53.06-400x324-1-200x200.jpeg\" class=\"attachment-thumbnail size-thumbnail wp-post-image\" alt=\"\" data-attachment-id=\"11095\" data-permalink=\"https:\/\/wp.ufpel.edu.br\/ppgbiotec\/programa\/membros-da-academia-brasileira-de-ciencias-abc\/whatsapp-image-2025-04-14-at-10-53-06-400x324\/\" data-orig-file=\"https:\/\/wp.ufpel.edu.br\/ppgbiotec\/files\/2025\/04\/WhatsApp-Image-2025-04-14-at-10.53.06-400x324-1.jpeg\" data-orig-size=\"400,324\" data-comments-opened=\"0\" data-image-meta=\"{&quot;aperture&quot;:&quot;0&quot;,&quot;credit&quot;:&quot;&quot;,&quot;camera&quot;:&quot;&quot;,&quot;caption&quot;:&quot;&quot;,&quot;created_timestamp&quot;:&quot;0&quot;,&quot;copyright&quot;:&quot;&quot;,&quot;focal_length&quot;:&quot;0&quot;,&quot;iso&quot;:&quot;0&quot;,&quot;shutter_speed&quot;:&quot;0&quot;,&quot;title&quot;:&quot;&quot;,&quot;orientation&quot;:&quot;0&quot;}\" data-image-title=\"WhatsApp-Image-2025-04-14-at-10.53.06-400&amp;#215;324\" data-image-description=\"\" data-image-caption=\"\" data-medium-file=\"https:\/\/wp.ufpel.edu.br\/ppgbiotec\/files\/2025\/04\/WhatsApp-Image-2025-04-14-at-10.53.06-400x324-1.jpeg\" data-large-file=\"https:\/\/wp.ufpel.edu.br\/ppgbiotec\/files\/2025\/04\/WhatsApp-Image-2025-04-14-at-10.53.06-400x324-1.jpeg\" \/><\/a><\/div><div class=\"wpipessoa-info\"><div class=\"wpipessoa-nome\"><a href=\"https:\/\/wp.ufpel.edu.br\/ppgbiotec\/pessoas\/vanessa-galli\/\">Prof.\u00aa Dr.\u00aa Vanessa Galli<\/a><\/div><div class=\"wpipessoa-funcao\">Coordenadora adjunta do Programa de P\u00f3s-gradua\u00e7\u00e3o em Biotecnologia<\/div><div class=\"wpipessoa-lattes\"><a href=\"http:\/\/lattes.cnpq.br\/0681826427201399\" target=\"_blank\">Lattes<\/a><\/div><div class=\"wpipessoa-email\"><a href=\"vane.galli@yahoo.com.br\" target=\"_blank\">vane.galli@yahoo.com.br<\/a><\/div><\/div><\/li><\/ul>\n<hr \/>\n<p><strong><span style=\"font-size: 10pt; color: #000000;\">Consulta hist\u00f3rica<\/span><\/strong><\/p>\n<ul>\n<li><span style=\"font-size: 10pt; color: #000000;\">Comiss\u00e3o Coordenadora &#8211; Gest\u00e3o 2024-2026<\/span><\/li>\n<\/ul>\n<p><span style=\"font-size: 10pt; color: #000000;\">Prof. \u00aa Dr.\u00aa Sibele Borsuk &#8211; Coordenadora\u00a0<\/span><\/p>\n<p><span style=\"font-size: 10pt; color: #000000;\">Prof. Dr. Frederico Schmitt Kremer &#8211; Coordenador adjunto<\/span><\/p>\n<ul>\n<li><span style=\"font-size: 10pt; color: #000000;\">Comiss\u00e3o Coordenadora &#8211; Gest\u00e3o 2022-2024<\/span><\/li>\n<\/ul>\n<p><span style=\"font-size: 10pt; color: #000000;\">Prof. \u00aa Dr.\u00aa Sibele Borsuk &#8211; Coordenadora\u00a0<\/span><\/p>\n<p><span style=\"font-size: 10pt; color: #000000;\">Prof. Ph.D. F\u00e1bio Pereira Leivas Leite &#8211; Coordenador adjunto<\/span><\/p>\n<ul>\n<li><span style=\"font-size: 10pt; color: #000000;\">Comiss\u00e3o Coordenadora &#8211; Gest\u00e3o 2020-2022<\/span><\/li>\n<\/ul>\n<p><span style=\"font-size: 10pt; color: #000000;\">Prof.\u00aa Dr.\u00aa Fabiana K\u00f6mmling Seixas \u2013 Coordenadora\u00a0<\/span><\/p>\n<p><span style=\"font-size: 10pt; color: #000000;\">Prof. \u00aa Dr.\u00aa Sibele Borsuk &#8211; Coordenadora adjunta<\/span><\/p>\n<ul>\n<li><span style=\"font-size: 10pt; color: #000000;\">Comiss\u00e3o Coordenadora &#8211; Gest\u00e3o 2019-2020<\/span><\/li>\n<\/ul>\n<p><span style=\"font-size: 10pt; color: #000000;\">Prof.\u00aa Dr.\u00aa Lucielli Savegnago \u2013 Coordenadora\u00a0<\/span><\/p>\n<p><span style=\"font-size: 10pt; color: #000000;\">Prof.\u00aa Dr.\u00aa Fabiana K\u00f6mmling Seixas \u2013 Coordenadora adjunta<\/span><\/p>\n<ul>\n<li><span style=\"font-size: 10pt; color: #000000;\">Comiss\u00e3o Coordenadora &#8211; Gest\u00e3o 2017-2019<\/span><\/li>\n<\/ul>\n<p><span style=\"font-size: 10pt; color: #000000;\">Prof.\u00aa Dr.\u00aa Lucielli Savegnago \u2013 Coordenadora\u00a0<\/span><\/p>\n<p><span style=\"font-size: 10pt; color: #000000;\">Prof. Dr. Luciano da Silva Pinto \u2013 Coordenador adjunto<\/span><\/p>\n<ul>\n<li><span style=\"font-size: 10pt; color: #000000;\">Comiss\u00e3o Coordenadora &#8211; Gest\u00e3o 2015-2017<\/span><\/li>\n<\/ul>\n<p><span style=\"font-size: 10pt; color: #000000;\">Prof. Dr. Tiago Veiras Collares \u2013 Coordenador<\/span><\/p>\n<p><span style=\"font-size: 10pt; color: #000000;\">Prof.\u00aa Dr.\u00aa Lucielli Savegnago \u2013 Coordenadora adjunta<\/span><\/p>\n<ul>\n<li><span style=\"font-size: 10pt; color: #000000;\">Comiss\u00e3o Coordenadora &#8211; Gest\u00e3o 2013-2015<\/span><\/li>\n<\/ul>\n<p><span style=\"font-size: 10pt; color: #000000;\">Prof. Dr. Fabricio Rochedo Concei\u00e7\u00e3o \u2013 Coordenador<\/span><\/p>\n<p><span style=\"font-size: 10pt; color: #000000;\">Prof. Ph.D. Alan John Alexander McBride \u2013 Coordenador adjunto<\/span><\/p>\n<ul>\n<li><span style=\"font-size: 10pt; color: #000000;\">Comiss\u00e3o Coordenadora &#8211; Gest\u00e3o 2012-2013<\/span><\/li>\n<\/ul>\n<p><span style=\"font-size: 10pt; color: #000000;\">Prof.\u00aa Dr.\u00aa Fabiana K\u00f6mmling Seixas \u2013 Coordenadora<\/span><\/p>\n<p><span style=\"font-size: 10pt; color: #000000;\">Prof. Dr. Fabricio Rochedo Concei\u00e7\u00e3o \u2013 Coordenador adjunto<\/span><\/p>\n<ul>\n<li><span style=\"font-size: 10pt; color: #000000;\">Comiss\u00e3o Coordenadora &#8211; Gest\u00e3o 2010-2012<\/span><\/li>\n<\/ul>\n<p><span style=\"font-size: 10pt; color: #000000;\">Prof. Ph.D. Fabio Pereira Leivas Leite \u2013 Coordenador<\/span><\/p>\n<p><span style=\"font-size: 10pt; color: #000000;\">Prof.\u00aa Dr.\u00aa Fabiana K\u00f6mmling Seixas \u2013 Coordenadora adjunta<\/span><\/p>\n<ul>\n<li><span style=\"font-size: 10pt; color: #000000;\">Comiss\u00e3o Coordenadora &#8211; Gest\u00e3o 2007-2010<\/span><\/li>\n<\/ul>\n<p><span style=\"font-size: 10pt; color: #000000;\">Prof. Ph.D. Odir Ant\u00f4nio Dellagostin \u2013 Coorden<em>ador<\/em><\/span><\/p>\n","protected":false},"excerpt":{"rendered":"<div class=\"wpipessoa-lista wpipessoa-info\"><\/div>\n","protected":false},"author":735,"featured_media":0,"parent":5573,"menu_order":1,"comment_status":"closed","ping_status":"closed","template":"","meta":{"jetpack_post_was_ever_published":false,"footnotes":""},"class_list":["post-5171","page","type-page","status-publish","hentry"],"jetpack_sharing_enabled":true,"_links":{"self":[{"href":"https:\/\/wp.ufpel.edu.br\/ppgbiotec\/wp-json\/wp\/v2\/pages\/5171","targetHints":{"allow":["GET"]}}],"collection":[{"href":"https:\/\/wp.ufpel.edu.br\/ppgbiotec\/wp-json\/wp\/v2\/pages"}],"about":[{"href":"https:\/\/wp.ufpel.edu.br\/ppgbiotec\/wp-json\/wp\/v2\/types\/page"}],"author":[{"embeddable":true,"href":"https:\/\/wp.ufpel.edu.br\/ppgbiotec\/wp-json\/wp\/v2\/users\/735"}],"replies":[{"embeddable":true,"href":"https:\/\/wp.ufpel.edu.br\/ppgbiotec\/wp-json\/wp\/v2\/comments?post=5171"}],"version-history":[{"count":4,"href":"https:\/\/wp.ufpel.edu.br\/ppgbiotec\/wp-json\/wp\/v2\/pages\/5171\/revisions"}],"predecessor-version":[{"id":12023,"href":"https:\/\/wp.ufpel.edu.br\/ppgbiotec\/wp-json\/wp\/v2\/pages\/5171\/revisions\/12023"}],"up":[{"embeddable":true,"href":"https:\/\/wp.ufpel.edu.br\/ppgbiotec\/wp-json\/wp\/v2\/pages\/5573"}],"wp:attachment":[{"href":"https:\/\/wp.ufpel.edu.br\/ppgbiotec\/wp-json\/wp\/v2\/media?parent=5171"}],"curies":[{"name":"wp","href":"https:\/\/api.w.org\/{rel}","templated":true}]}}