{"id":4487,"date":"2019-08-19T15:27:55","date_gmt":"2019-08-19T18:27:55","guid":{"rendered":"https:\/\/wp.ufpel.edu.br\/ppgbiotec\/?page_id=4487"},"modified":"2021-03-26T20:47:30","modified_gmt":"2021-03-26T23:47:30","slug":"simposio-de-biotecnologia","status":"publish","type":"page","link":"https:\/\/wp.ufpel.edu.br\/ppgbiotec\/insercao-social\/simposio-de-biotecnologia\/","title":{"rendered":"Simp\u00f3sio de Biotecnologia"},"content":{"rendered":"<p style=\"text-align: justify\"><span style=\"color: #000000\">O Simp\u00f3sio de Biotecnologia \u00e9 um evento de car\u00e1ter cient\u00edfico e multidisciplinar organizado pelos alunos do Curso de Bacharelado em Biotecnologia, juntamente com os discentes do Programa de P\u00f3s-Gradua\u00e7\u00e3o em Biotecnologia, da Universidade Federal de Pelotas, sob coordena\u00e7\u00e3o das professoras Priscila Marques Moura de Leon, Patr\u00edcia Diaz de Oliveira e Vanessa Galli. Este evento visa a divulga\u00e7\u00e3o do conhecimento cient\u00edfico, integrando diversas \u00e1reas da biotecnologia e proporcionando uma discuss\u00e3o enriquecedora em um ambiente propicio para novas ideias e oportunidades.<\/span><\/p>\n<p style=\"text-align: justify\"><span style=\"color: #000000\"><a style=\"color: #000000\" href=\"https:\/\/wp.ufpel.edu.br\/ppgbiotec\/insercao-social\/simposio-de-biotecnologia\/i-simposio-de-biotecnologia-pesquisa-e-desafios-para-inovacao\" target=\"_blank\" rel=\"noopener noreferrer\">I Simp\u00f3sio de Biotecnologia \u2013 Pesquisa e Desafios para Inova\u00e7\u00e3o<\/a><\/span><\/p>\n<p style=\"text-align: justify\"><span style=\"color: #000000\"><a style=\"color: #000000\" href=\"https:\/\/wp.ufpel.edu.br\/ppgbiotec\/insercao-social\/simposio-de-biotecnologia\/ii-simposio-de-biotecnologia-informacao-e-tecnologia\" target=\"_blank\" rel=\"noopener noreferrer\">II Simp\u00f3sio de Biotecnologia \u2013 Informa\u00e7\u00e3o e Tecnologia<\/a><\/span><\/p>\n<p style=\"text-align: justify\"><span style=\"color: #000000\"><a style=\"color: #000000\" href=\"https:\/\/wp.ufpel.edu.br\/ppgbiotec\/insercao-social\/simposio-de-biotecnologia\/iii-simposio-de-biotecnologia-da-pesquisa-a-aplicacao\">III Simp\u00f3sio de Biotecnologia \u2013 Da pesquisa \u00e0 Aplica\u00e7\u00e3o<\/a><\/span><\/p>\n<p style=\"text-align: justify\"><span style=\"color: #000000\"><a style=\"color: #000000\" href=\"https:\/\/wp.ufpel.edu.br\/ppgbiotec\/insercao-social\/simposio-de-biotecnologia\/iv-simposio-de-biotecnologia-mercado-e-inovacao\">IV Simp\u00f3sio de Biotecnologia \u2013 Mercado e Inova\u00e7\u00e3o<\/a><\/span><\/p>\n<p style=\"text-align: justify\"><span style=\"color: #000000\"><a style=\"color: #000000\" href=\"https:\/\/wp.ufpel.edu.br\/ppgbiotec\/insercao-social\/simposio-de-biotecnologia\/v-simposio-de-biotecnologia-o-potencial-da-inovacao-cientifica\">V Simp\u00f3sio de Biotecnologia \u2013 O Potencial da Inova\u00e7\u00e3o Cient\u00edfica<\/a><\/span><\/p>\n<p style=\"text-align: justify\"><span style=\"color: #000000\">VI Simp\u00f3sio de Biotecnologia \u2013 Campo, Bancada e Ind\u00fastria<\/span><\/p>\n<p style=\"text-align: justify\"><span style=\"color: #000000\">VII Simp\u00f3sio de Biotecnologia \u2013 Integra\u00e7\u00e3o entre gradua\u00e7\u00e3o e p\u00f3s-gradua\u00e7\u00e3o<\/span><\/p>\n","protected":false},"excerpt":{"rendered":"<p>O Simp\u00f3sio de Biotecnologia \u00e9 um evento de car\u00e1ter cient\u00edfico e multidisciplinar organizado pelos alunos do Curso de Bacharelado em Biotecnologia, juntamente com os discentes do Programa de P\u00f3s-Gradua\u00e7\u00e3o em Biotecnologia, da Universidade Federal de Pelotas, sob coordena\u00e7\u00e3o das professoras Priscila Marques Moura de Leon, Patr\u00edcia Diaz de Oliveira e Vanessa Galli. Este evento visa [&hellip;]<\/p>\n","protected":false},"author":735,"featured_media":0,"parent":3874,"menu_order":4,"comment_status":"closed","ping_status":"closed","template":"","meta":{"jetpack_post_was_ever_published":false,"footnotes":""},"class_list":["post-4487","page","type-page","status-publish","hentry"],"jetpack_sharing_enabled":true,"_links":{"self":[{"href":"https:\/\/wp.ufpel.edu.br\/ppgbiotec\/wp-json\/wp\/v2\/pages\/4487","targetHints":{"allow":["GET"]}}],"collection":[{"href":"https:\/\/wp.ufpel.edu.br\/ppgbiotec\/wp-json\/wp\/v2\/pages"}],"about":[{"href":"https:\/\/wp.ufpel.edu.br\/ppgbiotec\/wp-json\/wp\/v2\/types\/page"}],"author":[{"embeddable":true,"href":"https:\/\/wp.ufpel.edu.br\/ppgbiotec\/wp-json\/wp\/v2\/users\/735"}],"replies":[{"embeddable":true,"href":"https:\/\/wp.ufpel.edu.br\/ppgbiotec\/wp-json\/wp\/v2\/comments?post=4487"}],"version-history":[{"count":6,"href":"https:\/\/wp.ufpel.edu.br\/ppgbiotec\/wp-json\/wp\/v2\/pages\/4487\/revisions"}],"predecessor-version":[{"id":5787,"href":"https:\/\/wp.ufpel.edu.br\/ppgbiotec\/wp-json\/wp\/v2\/pages\/4487\/revisions\/5787"}],"up":[{"embeddable":true,"href":"https:\/\/wp.ufpel.edu.br\/ppgbiotec\/wp-json\/wp\/v2\/pages\/3874"}],"wp:attachment":[{"href":"https:\/\/wp.ufpel.edu.br\/ppgbiotec\/wp-json\/wp\/v2\/media?parent=4487"}],"curies":[{"name":"wp","href":"https:\/\/api.w.org\/{rel}","templated":true}]}}

Simpósio de Biotecnologia

<p style="text-align: justify"><span style="color: #000000">O Simpósio de Biotecnologia é um evento de caráter científico e multidisciplinar organizado pelos alunos do Curso de Bacharelado em Biotecnologia, juntamente com os discentes do Programa de Pós-Graduação em Biotecnologia, da Universidade Federal de Pelotas, sob coordenação das professoras Priscila Marques Moura de Leon, Patrícia Diaz de Oliveira e Vanessa Galli. Este evento visa a divulgação do conhecimento científico, integrando diversas áreas da biotecnologia e proporcionando uma discussão enriquecedora em um ambiente propicio para novas ideias e oportunidades.</span></p>
<p style="text-align: justify"><span style="color: #000000"><a style="color: #000000" href="https://wp.ufpel.edu.br/ppgbiotec/insercao-social/simposio-de-biotecnologia/i-simposio-de-biotecnologia-pesquisa-e-desafios-para-inovacao" target="_blank" rel="noopener noreferrer">I Simpósio de Biotecnologia – Pesquisa e Desafios para Inovação</a></span></p>
<p style="text-align: justify"><span style="color: #000000"><a style="color: #000000" href="https://wp.ufpel.edu.br/ppgbiotec/insercao-social/simposio-de-biotecnologia/ii-simposio-de-biotecnologia-informacao-e-tecnologia" target="_blank" rel="noopener noreferrer">II Simpósio de Biotecnologia – Informação e Tecnologia</a></span></p>
<p style="text-align: justify"><span style="color: #000000"><a style="color: #000000" href="https://wp.ufpel.edu.br/ppgbiotec/insercao-social/simposio-de-biotecnologia/iii-simposio-de-biotecnologia-da-pesquisa-a-aplicacao">III Simpósio de Biotecnologia – Da pesquisa à Aplicação</a></span></p>
<p style="text-align: justify"><span style="color: #000000"><a style="color: #000000" href="https://wp.ufpel.edu.br/ppgbiotec/insercao-social/simposio-de-biotecnologia/iv-simposio-de-biotecnologia-mercado-e-inovacao">IV Simpósio de Biotecnologia – Mercado e Inovação</a></span></p>
<p style="text-align: justify"><span style="color: #000000"><a style="color: #000000" href="https://wp.ufpel.edu.br/ppgbiotec/insercao-social/simposio-de-biotecnologia/v-simposio-de-biotecnologia-o-potencial-da-inovacao-cientifica">V Simpósio de Biotecnologia – O Potencial da Inovação Científica</a></span></p>
<p style="text-align: justify"><span style="color: #000000">VI Simpósio de Biotecnologia – Campo, Bancada e Indústria</span></p>
<p style="text-align: justify"><span style="color: #000000">VII Simpósio de Biotecnologia – Integração entre graduação e pós-graduação</span></p>

<p>O Simpósio de Biotecnologia é um evento de caráter científico e multidisciplinar organizado pelos alunos do Curso de Bacharelado em Biotecnologia, juntamente com os discentes do Programa de Pós-Graduação em Biotecnologia, da Universidade Federal de Pelotas, sob coordenação das professoras Priscila Marques Moura de Leon, Patrícia Diaz de Oliveira e Vanessa Galli. Este evento visa [&hellip;]</p>
