{"id":4424,"date":"2019-08-19T13:20:47","date_gmt":"2019-08-19T16:20:47","guid":{"rendered":"https:\/\/wp.ufpel.edu.br\/ppgbiotec\/?page_id=4424"},"modified":"2022-08-05T16:48:15","modified_gmt":"2022-08-05T19:48:15","slug":"ii-mostra-academica","status":"publish","type":"page","link":"https:\/\/wp.ufpel.edu.br\/ppgbiotec\/mostra-academica\/ii-mostra-academica\/","title":{"rendered":"II Mostra Acad\u00eamica"},"content":{"rendered":"<p style=\"text-align: center;\"><span style=\"color: #000000;\"><strong><em>II Mostra Acad\u00eamica<\/em><\/strong><\/span><\/p>\n<p style=\"text-align: center;\"><span style=\"color: #000000;\"><em>Data: 02 a 06 de julho de 2018<\/em><\/span><\/p>\n<p style=\"text-align: center;\"><span style=\"color: #000000;\"><em>Local: Sagu\u00e3o do Instituto Federal Sul-Rio-Grandense \u2013 IFSul<\/em><\/span><\/p>\n<p style=\"text-align: justify;\"><span style=\"color: #000000;\">No evento pesquisadores e alunos do Programa da P\u00f3s-Gradua\u00e7\u00e3o em Biotecnologia (PPGBiotec \u2013 UFPel), participam tanto na avalia\u00e7\u00e3o dos resumos submetidos como na submiss\u00e3o de resumos.<\/span><\/p>\n<p style=\"text-align: justify;\"><span style=\"color: #000000;\"><a style=\"color: #000000;\" href=\"https:\/\/wp.ufpel.edu.br\/ppgbiotec\/files\/2019\/08\/Anais-II-Mostra-cient\u00edfica.pdf\"><span style=\"color: #000000;\">Anais 2018 \u2013 II Mostra Cient\u00edfica<\/span><\/a><\/span><\/p>\n<p><img data-attachment-id=\"4427\" data-permalink=\"https:\/\/wp.ufpel.edu.br\/ppgbiotec\/mostra-academica\/ii-mostra-academica\/mostra-2-400x266\/\" data-orig-file=\"https:\/\/wp.ufpel.edu.br\/ppgbiotec\/files\/2019\/08\/Mostra-2-400x266.jpg\" data-orig-size=\"400,266\" data-comments-opened=\"0\" data-image-meta=\"{&quot;aperture&quot;:&quot;0&quot;,&quot;credit&quot;:&quot;&quot;,&quot;camera&quot;:&quot;&quot;,&quot;caption&quot;:&quot;&quot;,&quot;created_timestamp&quot;:&quot;0&quot;,&quot;copyright&quot;:&quot;&quot;,&quot;focal_length&quot;:&quot;0&quot;,&quot;iso&quot;:&quot;0&quot;,&quot;shutter_speed&quot;:&quot;0&quot;,&quot;title&quot;:&quot;&quot;,&quot;orientation&quot;:&quot;0&quot;}\" data-image-title=\"Mostra-2-400&amp;#215;266\" data-image-description=\"\" data-image-caption=\"\" data-medium-file=\"https:\/\/wp.ufpel.edu.br\/ppgbiotec\/files\/2019\/08\/Mostra-2-400x266-400x266.jpg\" data-large-file=\"https:\/\/wp.ufpel.edu.br\/ppgbiotec\/files\/2019\/08\/Mostra-2-400x266.jpg\" class=\"alignleft wp-image-4427\" src=\"https:\/\/wp.ufpel.edu.br\/ppgbiotec\/files\/2019\/08\/Mostra-2-400x266-400x266.jpg\" alt=\"\" width=\"237\" height=\"158\" \/><\/p>\n<p><img data-attachment-id=\"4428\" data-permalink=\"https:\/\/wp.ufpel.edu.br\/ppgbiotec\/mostra-academica\/ii-mostra-academica\/mostra-3-400x266\/\" data-orig-file=\"https:\/\/wp.ufpel.edu.br\/ppgbiotec\/files\/2019\/08\/Mostra-3-400x266.jpg\" data-orig-size=\"400,266\" data-comments-opened=\"0\" data-image-meta=\"{&quot;aperture&quot;:&quot;0&quot;,&quot;credit&quot;:&quot;&quot;,&quot;camera&quot;:&quot;&quot;,&quot;caption&quot;:&quot;&quot;,&quot;created_timestamp&quot;:&quot;0&quot;,&quot;copyright&quot;:&quot;&quot;,&quot;focal_length&quot;:&quot;0&quot;,&quot;iso&quot;:&quot;0&quot;,&quot;shutter_speed&quot;:&quot;0&quot;,&quot;title&quot;:&quot;&quot;,&quot;orientation&quot;:&quot;0&quot;}\" data-image-title=\"Mostra-3-400&amp;#215;266\" data-image-description=\"\" data-image-caption=\"\" data-medium-file=\"https:\/\/wp.ufpel.edu.br\/ppgbiotec\/files\/2019\/08\/Mostra-3-400x266-400x266.jpg\" data-large-file=\"https:\/\/wp.ufpel.edu.br\/ppgbiotec\/files\/2019\/08\/Mostra-3-400x266.jpg\" class=\"alignleft wp-image-4428\" src=\"https:\/\/wp.ufpel.edu.br\/ppgbiotec\/files\/2019\/08\/Mostra-3-400x266-400x266.jpg\" alt=\"\" width=\"237\" height=\"158\" \/><img data-attachment-id=\"4429\" data-permalink=\"https:\/\/wp.ufpel.edu.br\/ppgbiotec\/mostra-academica\/ii-mostra-academica\/mostra-4-400x266\/\" data-orig-file=\"https:\/\/wp.ufpel.edu.br\/ppgbiotec\/files\/2019\/08\/Mostra-4-400x266.jpg\" data-orig-size=\"400,266\" data-comments-opened=\"0\" data-image-meta=\"{&quot;aperture&quot;:&quot;0&quot;,&quot;credit&quot;:&quot;&quot;,&quot;camera&quot;:&quot;&quot;,&quot;caption&quot;:&quot;&quot;,&quot;created_timestamp&quot;:&quot;0&quot;,&quot;copyright&quot;:&quot;&quot;,&quot;focal_length&quot;:&quot;0&quot;,&quot;iso&quot;:&quot;0&quot;,&quot;shutter_speed&quot;:&quot;0&quot;,&quot;title&quot;:&quot;&quot;,&quot;orientation&quot;:&quot;0&quot;}\" data-image-title=\"Mostra-4-400&amp;#215;266\" data-image-description=\"\" data-image-caption=\"\" data-medium-file=\"https:\/\/wp.ufpel.edu.br\/ppgbiotec\/files\/2019\/08\/Mostra-4-400x266-400x266.jpg\" data-large-file=\"https:\/\/wp.ufpel.edu.br\/ppgbiotec\/files\/2019\/08\/Mostra-4-400x266.jpg\" class=\"alignleft wp-image-4429\" src=\"https:\/\/wp.ufpel.edu.br\/ppgbiotec\/files\/2019\/08\/Mostra-4-400x266-400x266.jpg\" alt=\"\" width=\"237\" height=\"158\" \/><\/p>\n<p>&nbsp;<\/p>\n","protected":false},"excerpt":{"rendered":"<p>II Mostra Acad\u00eamica Data: 02 a 06 de julho de 2018 Local: Sagu\u00e3o do Instituto Federal Sul-Rio-Grandense \u2013 IFSul No evento pesquisadores e alunos do Programa da P\u00f3s-Gradua\u00e7\u00e3o em Biotecnologia (PPGBiotec \u2013 UFPel), participam tanto na avalia\u00e7\u00e3o dos resumos submetidos como na submiss\u00e3o de resumos. Anais 2018 \u2013 II Mostra Cient\u00edfica &nbsp;<\/p>\n","protected":false},"author":735,"featured_media":0,"parent":4412,"menu_order":2,"comment_status":"closed","ping_status":"closed","template":"","meta":{"jetpack_post_was_ever_published":false,"footnotes":""},"class_list":["post-4424","page","type-page","status-publish","hentry"],"jetpack_sharing_enabled":true,"_links":{"self":[{"href":"https:\/\/wp.ufpel.edu.br\/ppgbiotec\/wp-json\/wp\/v2\/pages\/4424","targetHints":{"allow":["GET"]}}],"collection":[{"href":"https:\/\/wp.ufpel.edu.br\/ppgbiotec\/wp-json\/wp\/v2\/pages"}],"about":[{"href":"https:\/\/wp.ufpel.edu.br\/ppgbiotec\/wp-json\/wp\/v2\/types\/page"}],"author":[{"embeddable":true,"href":"https:\/\/wp.ufpel.edu.br\/ppgbiotec\/wp-json\/wp\/v2\/users\/735"}],"replies":[{"embeddable":true,"href":"https:\/\/wp.ufpel.edu.br\/ppgbiotec\/wp-json\/wp\/v2\/comments?post=4424"}],"version-history":[{"count":19,"href":"https:\/\/wp.ufpel.edu.br\/ppgbiotec\/wp-json\/wp\/v2\/pages\/4424\/revisions"}],"predecessor-version":[{"id":8038,"href":"https:\/\/wp.ufpel.edu.br\/ppgbiotec\/wp-json\/wp\/v2\/pages\/4424\/revisions\/8038"}],"up":[{"embeddable":true,"href":"https:\/\/wp.ufpel.edu.br\/ppgbiotec\/wp-json\/wp\/v2\/pages\/4412"}],"wp:attachment":[{"href":"https:\/\/wp.ufpel.edu.br\/ppgbiotec\/wp-json\/wp\/v2\/media?parent=4424"}],"curies":[{"name":"wp","href":"https:\/\/api.w.org\/{rel}","templated":true}]}}