{"id":4115,"date":"2019-08-06T13:21:23","date_gmt":"2019-08-06T16:21:23","guid":{"rendered":"https:\/\/wp.ufpel.edu.br\/ppgbiotec\/?page_id=4115"},"modified":"2019-08-06T13:25:42","modified_gmt":"2019-08-06T16:25:42","slug":"projeto-de-pesquisa-sistema-unificado","status":"publish","type":"page","link":"https:\/\/wp.ufpel.edu.br\/ppgbiotec\/cadastro-de-projeto-de-pesquisa\/projeto-de-pesquisa-sistema-unificado\/","title":{"rendered":"Projeto de Pesquisa (Sistema Unificado)"},"content":{"rendered":"<p style=\"text-align: justify\"><span style=\"color: #000000\">O Sistema Unificado de Projetos foi institu\u00eddo pela Resolu\u00e7\u00e3o n\u00b0 10 de 2015, que disp\u00f5e sobre o regulamento dos programas e projetos acad\u00eamicos com o prop\u00f3sito de articular um trabalho indissoci\u00e1vel entre o Ensino, a Pesquisa e a Extens\u00e3o.<\/span><\/p>\n<p style=\"text-align: justify\"><span style=\"color: #000000\">O cadastro de projetos unificados com \u00eanfase em extens\u00e3o est\u00e1 sendo feito atrav\u00e9s do COBALTO desde 2017. O cadastro de projetos unificados com \u00eanfase em Pesquisa e Ensino s\u00f3 s\u00e3o permitidos quando existirem recursos financeiros que ser\u00e3o geridos pela Funda\u00e7\u00e3o, neste caso o(a) coordenador(a) do projeto deve entrar em contato com a Pr\u00f3-Reitoria espec\u00edfica e solicitar maiores esclarecimentos.<\/span><\/p>\n","protected":false},"excerpt":{"rendered":"<p>O Sistema Unificado de Projetos foi institu\u00eddo pela Resolu\u00e7\u00e3o n\u00b0 10 de 2015, que disp\u00f5e sobre o regulamento dos programas e projetos acad\u00eamicos com o prop\u00f3sito de articular um trabalho indissoci\u00e1vel entre o Ensino, a Pesquisa e a Extens\u00e3o. O cadastro de projetos unificados com \u00eanfase em extens\u00e3o est\u00e1 sendo feito atrav\u00e9s do COBALTO desde [&hellip;]<\/p>\n","protected":false},"author":735,"featured_media":0,"parent":4103,"menu_order":0,"comment_status":"closed","ping_status":"closed","template":"","meta":{"jetpack_post_was_ever_published":false,"footnotes":""},"class_list":["post-4115","page","type-page","status-publish","hentry"],"jetpack_sharing_enabled":true,"_links":{"self":[{"href":"https:\/\/wp.ufpel.edu.br\/ppgbiotec\/wp-json\/wp\/v2\/pages\/4115","targetHints":{"allow":["GET"]}}],"collection":[{"href":"https:\/\/wp.ufpel.edu.br\/ppgbiotec\/wp-json\/wp\/v2\/pages"}],"about":[{"href":"https:\/\/wp.ufpel.edu.br\/ppgbiotec\/wp-json\/wp\/v2\/types\/page"}],"author":[{"embeddable":true,"href":"https:\/\/wp.ufpel.edu.br\/ppgbiotec\/wp-json\/wp\/v2\/users\/735"}],"replies":[{"embeddable":true,"href":"https:\/\/wp.ufpel.edu.br\/ppgbiotec\/wp-json\/wp\/v2\/comments?post=4115"}],"version-history":[{"count":1,"href":"https:\/\/wp.ufpel.edu.br\/ppgbiotec\/wp-json\/wp\/v2\/pages\/4115\/revisions"}],"predecessor-version":[{"id":4117,"href":"https:\/\/wp.ufpel.edu.br\/ppgbiotec\/wp-json\/wp\/v2\/pages\/4115\/revisions\/4117"}],"up":[{"embeddable":true,"href":"https:\/\/wp.ufpel.edu.br\/ppgbiotec\/wp-json\/wp\/v2\/pages\/4103"}],"wp:attachment":[{"href":"https:\/\/wp.ufpel.edu.br\/ppgbiotec\/wp-json\/wp\/v2\/media?parent=4115"}],"curies":[{"name":"wp","href":"https:\/\/api.w.org\/{rel}","templated":true}]}}