{"id":4051,"date":"2019-08-05T16:30:32","date_gmt":"2019-08-05T19:30:32","guid":{"rendered":"https:\/\/wp.ufpel.edu.br\/ppgbiotec\/?page_id=4051"},"modified":"2022-08-05T16:44:03","modified_gmt":"2022-08-05T19:44:03","slug":"ii-ciclo-de-palestras-de-gestao-e-empreendedorismo","status":"publish","type":"page","link":"https:\/\/wp.ufpel.edu.br\/ppgbiotec\/insercao-social\/ciclo-de-palestras-de-gestao-e-empreendedorismo\/ii-ciclo-de-palestras-de-gestao-e-empreendedorismo\/","title":{"rendered":"II Ciclo de Palestras de Gest\u00e3o e Empreendedorismo"},"content":{"rendered":"<p style=\"text-align: center;\"><span style=\"color: #000000;\"><strong><em>II Ciclo de Palestras de Gest\u00e3o e Empreendedorismo<\/em><\/strong><\/span><\/p>\n<p style=\"text-align: center;\"><span style=\"color: #000000;\"><em>Data: 30 de novembro de 2018<\/em><\/span><\/p>\n<p style=\"text-align: center;\"><span style=\"color: #000000;\"><em>Local: Pelotas Parque Tecnol\u00f3gico<\/em><\/span><\/p>\n<p><span style=\"color: #000000;\"><strong><img data-attachment-id=\"4353\" data-permalink=\"https:\/\/wp.ufpel.edu.br\/ppgbiotec\/insercao-social\/ciclo-de-palestras-de-gestao-e-empreendedorismo\/ii-ciclo-de-palestras-de-gestao-e-empreendedorismo\/capturar-400x331\/\" data-orig-file=\"https:\/\/wp.ufpel.edu.br\/ppgbiotec\/files\/2019\/08\/Capturar-400x331.jpg\" data-orig-size=\"400,331\" data-comments-opened=\"0\" data-image-meta=\"{&quot;aperture&quot;:&quot;0&quot;,&quot;credit&quot;:&quot;&quot;,&quot;camera&quot;:&quot;&quot;,&quot;caption&quot;:&quot;&quot;,&quot;created_timestamp&quot;:&quot;0&quot;,&quot;copyright&quot;:&quot;&quot;,&quot;focal_length&quot;:&quot;0&quot;,&quot;iso&quot;:&quot;0&quot;,&quot;shutter_speed&quot;:&quot;0&quot;,&quot;title&quot;:&quot;&quot;,&quot;orientation&quot;:&quot;0&quot;}\" data-image-title=\"Capturar-400&amp;#215;331\" data-image-description=\"\" data-image-caption=\"\" data-medium-file=\"https:\/\/wp.ufpel.edu.br\/ppgbiotec\/files\/2019\/08\/Capturar-400x331-400x331.jpg\" data-large-file=\"https:\/\/wp.ufpel.edu.br\/ppgbiotec\/files\/2019\/08\/Capturar-400x331.jpg\" class=\"alignleft wp-image-4353 \" src=\"https:\/\/wp.ufpel.edu.br\/ppgbiotec\/files\/2019\/08\/Capturar-400x331-400x331.jpg\" alt=\"\" width=\"264\" height=\"218\" \/>PROGRAMA\u00c7\u00c3O<\/strong><\/span><br \/>\n<span style=\"color: #000000;\">14h Credenciamento<\/span><br \/>\n<span style=\"color: #000000;\">14:30 Glauco Munsberg \u2013 Indeorum: Uma startup de data science que nasceu na UFPel<\/span><br \/>\n<span style=\"color: #000000;\">15h Marcio Corr\u00eaa \u2013 Empreendedorismo no setor p\u00fablico e privado: uma \u201cferramenta\u201d para alavancagem de carreira<\/span><br \/>\n<span style=\"color: #000000;\">15:30 Intervalo<\/span><br \/>\n<span style=\"color: #000000;\">16h Samuel Ongaratto &#8211; Comportamento Empreendedor<\/span><br \/>\n<span style=\"color: #000000;\">16:30 Mesa redonda \u2013 Empresas Juniores da UFPel<\/span><br \/>\n<span style=\"color: #000000;\">17h Renan Piraine \u2013 Yeastech: Biotecnologia na produ\u00e7\u00e3o de fermentos<\/span><\/p>\n<p><span style=\"color: #000000;\">Entre os palestrantes, est\u00e1 o professor Dr. Marcio Corr\u00eaa, docente do PPGBiotec e o discente do doutorado em Biotecnologia Renan Piraine.<\/span><\/p>\n<p>&nbsp;<\/p>\n<p style=\"text-align: center;\"><img data-attachment-id=\"4057\" data-permalink=\"https:\/\/wp.ufpel.edu.br\/ppgbiotec\/insercao-social\/ciclo-de-palestras-de-gestao-e-empreendedorismo\/ii-ciclo-de-palestras-de-gestao-e-empreendedorismo\/47280791_1760303590765402_3911494534000803840_o-copia-400x267\/\" data-orig-file=\"https:\/\/wp.ufpel.edu.br\/ppgbiotec\/files\/2019\/08\/47280791_1760303590765402_3911494534000803840_o-Copia-400x267.jpg\" data-orig-size=\"400,267\" data-comments-opened=\"0\" data-image-meta=\"{&quot;aperture&quot;:&quot;0&quot;,&quot;credit&quot;:&quot;&quot;,&quot;camera&quot;:&quot;&quot;,&quot;caption&quot;:&quot;&quot;,&quot;created_timestamp&quot;:&quot;0&quot;,&quot;copyright&quot;:&quot;&quot;,&quot;focal_length&quot;:&quot;0&quot;,&quot;iso&quot;:&quot;0&quot;,&quot;shutter_speed&quot;:&quot;0&quot;,&quot;title&quot;:&quot;&quot;,&quot;orientation&quot;:&quot;0&quot;}\" data-image-title=\"47280791_1760303590765402_3911494534000803840_o-Copia-400&amp;#215;267\" data-image-description=\"\" data-image-caption=\"\" data-medium-file=\"https:\/\/wp.ufpel.edu.br\/ppgbiotec\/files\/2019\/08\/47280791_1760303590765402_3911494534000803840_o-Copia-400x267-400x267.jpg\" data-large-file=\"https:\/\/wp.ufpel.edu.br\/ppgbiotec\/files\/2019\/08\/47280791_1760303590765402_3911494534000803840_o-Copia-400x267.jpg\" class=\"alignnone size-thumbnail wp-image-4057\" src=\"https:\/\/wp.ufpel.edu.br\/ppgbiotec\/files\/2019\/08\/47280791_1760303590765402_3911494534000803840_o-Copia-400x267-200x200.jpg\" alt=\"\" width=\"200\" height=\"200\" \/> <img data-attachment-id=\"4053\" data-permalink=\"https:\/\/wp.ufpel.edu.br\/ppgbiotec\/insercao-social\/ciclo-de-palestras-de-gestao-e-empreendedorismo\/ii-ciclo-de-palestras-de-gestao-e-empreendedorismo\/47088758_1760310510764710_7131826549724020736_o-copia-400x267\/\" data-orig-file=\"https:\/\/wp.ufpel.edu.br\/ppgbiotec\/files\/2019\/08\/47088758_1760310510764710_7131826549724020736_o-Copia-400x267.jpg\" data-orig-size=\"400,267\" data-comments-opened=\"0\" data-image-meta=\"{&quot;aperture&quot;:&quot;0&quot;,&quot;credit&quot;:&quot;&quot;,&quot;camera&quot;:&quot;&quot;,&quot;caption&quot;:&quot;&quot;,&quot;created_timestamp&quot;:&quot;0&quot;,&quot;copyright&quot;:&quot;&quot;,&quot;focal_length&quot;:&quot;0&quot;,&quot;iso&quot;:&quot;0&quot;,&quot;shutter_speed&quot;:&quot;0&quot;,&quot;title&quot;:&quot;&quot;,&quot;orientation&quot;:&quot;0&quot;}\" data-image-title=\"47088758_1760310510764710_7131826549724020736_o-Copia-400&amp;#215;267\" data-image-description=\"\" data-image-caption=\"\" data-medium-file=\"https:\/\/wp.ufpel.edu.br\/ppgbiotec\/files\/2019\/08\/47088758_1760310510764710_7131826549724020736_o-Copia-400x267-400x267.jpg\" data-large-file=\"https:\/\/wp.ufpel.edu.br\/ppgbiotec\/files\/2019\/08\/47088758_1760310510764710_7131826549724020736_o-Copia-400x267.jpg\" class=\"alignnone size-thumbnail wp-image-4053\" src=\"https:\/\/wp.ufpel.edu.br\/ppgbiotec\/files\/2019\/08\/47088758_1760310510764710_7131826549724020736_o-Copia-400x267-200x200.jpg\" alt=\"\" width=\"200\" height=\"200\" \/> <img data-attachment-id=\"4054\" data-permalink=\"https:\/\/wp.ufpel.edu.br\/ppgbiotec\/insercao-social\/ciclo-de-palestras-de-gestao-e-empreendedorismo\/ii-ciclo-de-palestras-de-gestao-e-empreendedorismo\/47092740_1760309094098185_6316562635055693824_o-copia-400x267\/\" data-orig-file=\"https:\/\/wp.ufpel.edu.br\/ppgbiotec\/files\/2019\/08\/47092740_1760309094098185_6316562635055693824_o-Copia-400x267.jpg\" data-orig-size=\"400,267\" data-comments-opened=\"0\" data-image-meta=\"{&quot;aperture&quot;:&quot;0&quot;,&quot;credit&quot;:&quot;&quot;,&quot;camera&quot;:&quot;&quot;,&quot;caption&quot;:&quot;&quot;,&quot;created_timestamp&quot;:&quot;0&quot;,&quot;copyright&quot;:&quot;&quot;,&quot;focal_length&quot;:&quot;0&quot;,&quot;iso&quot;:&quot;0&quot;,&quot;shutter_speed&quot;:&quot;0&quot;,&quot;title&quot;:&quot;&quot;,&quot;orientation&quot;:&quot;0&quot;}\" data-image-title=\"47092740_1760309094098185_6316562635055693824_o-Copia-400&amp;#215;267\" data-image-description=\"\" data-image-caption=\"\" data-medium-file=\"https:\/\/wp.ufpel.edu.br\/ppgbiotec\/files\/2019\/08\/47092740_1760309094098185_6316562635055693824_o-Copia-400x267-400x267.jpg\" data-large-file=\"https:\/\/wp.ufpel.edu.br\/ppgbiotec\/files\/2019\/08\/47092740_1760309094098185_6316562635055693824_o-Copia-400x267.jpg\" class=\"alignnone size-thumbnail wp-image-4054\" src=\"https:\/\/wp.ufpel.edu.br\/ppgbiotec\/files\/2019\/08\/47092740_1760309094098185_6316562635055693824_o-Copia-400x267-200x200.jpg\" alt=\"\" width=\"200\" height=\"200\" \/> <img data-attachment-id=\"4055\" data-permalink=\"https:\/\/wp.ufpel.edu.br\/ppgbiotec\/insercao-social\/ciclo-de-palestras-de-gestao-e-empreendedorismo\/ii-ciclo-de-palestras-de-gestao-e-empreendedorismo\/47222060_1760304754098619_2761389883695038464_o-copia-400x267\/\" data-orig-file=\"https:\/\/wp.ufpel.edu.br\/ppgbiotec\/files\/2019\/08\/47222060_1760304754098619_2761389883695038464_o-Copia-400x267.jpg\" data-orig-size=\"400,267\" data-comments-opened=\"0\" data-image-meta=\"{&quot;aperture&quot;:&quot;0&quot;,&quot;credit&quot;:&quot;&quot;,&quot;camera&quot;:&quot;&quot;,&quot;caption&quot;:&quot;&quot;,&quot;created_timestamp&quot;:&quot;0&quot;,&quot;copyright&quot;:&quot;&quot;,&quot;focal_length&quot;:&quot;0&quot;,&quot;iso&quot;:&quot;0&quot;,&quot;shutter_speed&quot;:&quot;0&quot;,&quot;title&quot;:&quot;&quot;,&quot;orientation&quot;:&quot;0&quot;}\" data-image-title=\"47222060_1760304754098619_2761389883695038464_o-Copia-400&amp;#215;267\" data-image-description=\"\" data-image-caption=\"\" data-medium-file=\"https:\/\/wp.ufpel.edu.br\/ppgbiotec\/files\/2019\/08\/47222060_1760304754098619_2761389883695038464_o-Copia-400x267-400x267.jpg\" data-large-file=\"https:\/\/wp.ufpel.edu.br\/ppgbiotec\/files\/2019\/08\/47222060_1760304754098619_2761389883695038464_o-Copia-400x267.jpg\" class=\"alignnone size-thumbnail wp-image-4055\" src=\"https:\/\/wp.ufpel.edu.br\/ppgbiotec\/files\/2019\/08\/47222060_1760304754098619_2761389883695038464_o-Copia-400x267-200x200.jpg\" alt=\"\" width=\"200\" height=\"200\" \/> <img data-attachment-id=\"4056\" data-permalink=\"https:\/\/wp.ufpel.edu.br\/ppgbiotec\/insercao-social\/ciclo-de-palestras-de-gestao-e-empreendedorismo\/ii-ciclo-de-palestras-de-gestao-e-empreendedorismo\/47267813_1760306764098418_5659676640154746880_o-400x267\/\" data-orig-file=\"https:\/\/wp.ufpel.edu.br\/ppgbiotec\/files\/2019\/08\/47267813_1760306764098418_5659676640154746880_o-400x267.jpg\" data-orig-size=\"400,267\" data-comments-opened=\"0\" data-image-meta=\"{&quot;aperture&quot;:&quot;0&quot;,&quot;credit&quot;:&quot;&quot;,&quot;camera&quot;:&quot;&quot;,&quot;caption&quot;:&quot;&quot;,&quot;created_timestamp&quot;:&quot;0&quot;,&quot;copyright&quot;:&quot;&quot;,&quot;focal_length&quot;:&quot;0&quot;,&quot;iso&quot;:&quot;0&quot;,&quot;shutter_speed&quot;:&quot;0&quot;,&quot;title&quot;:&quot;&quot;,&quot;orientation&quot;:&quot;0&quot;}\" data-image-title=\"47267813_1760306764098418_5659676640154746880_o-400&amp;#215;267\" data-image-description=\"\" data-image-caption=\"\" data-medium-file=\"https:\/\/wp.ufpel.edu.br\/ppgbiotec\/files\/2019\/08\/47267813_1760306764098418_5659676640154746880_o-400x267-400x267.jpg\" data-large-file=\"https:\/\/wp.ufpel.edu.br\/ppgbiotec\/files\/2019\/08\/47267813_1760306764098418_5659676640154746880_o-400x267.jpg\" class=\"alignnone size-thumbnail wp-image-4056\" src=\"https:\/\/wp.ufpel.edu.br\/ppgbiotec\/files\/2019\/08\/47267813_1760306764098418_5659676640154746880_o-400x267-200x200.jpg\" alt=\"\" width=\"200\" height=\"200\" \/> \u00a0<img data-attachment-id=\"4058\" data-permalink=\"https:\/\/wp.ufpel.edu.br\/ppgbiotec\/insercao-social\/ciclo-de-palestras-de-gestao-e-empreendedorismo\/ii-ciclo-de-palestras-de-gestao-e-empreendedorismo\/47319751_1760305710765190_4170202172543205376_o-400x267\/\" data-orig-file=\"https:\/\/wp.ufpel.edu.br\/ppgbiotec\/files\/2019\/08\/47319751_1760305710765190_4170202172543205376_o-400x267.jpg\" data-orig-size=\"400,267\" data-comments-opened=\"0\" data-image-meta=\"{&quot;aperture&quot;:&quot;0&quot;,&quot;credit&quot;:&quot;&quot;,&quot;camera&quot;:&quot;&quot;,&quot;caption&quot;:&quot;&quot;,&quot;created_timestamp&quot;:&quot;0&quot;,&quot;copyright&quot;:&quot;&quot;,&quot;focal_length&quot;:&quot;0&quot;,&quot;iso&quot;:&quot;0&quot;,&quot;shutter_speed&quot;:&quot;0&quot;,&quot;title&quot;:&quot;&quot;,&quot;orientation&quot;:&quot;0&quot;}\" data-image-title=\"47319751_1760305710765190_4170202172543205376_o-400&amp;#215;267\" data-image-description=\"\" data-image-caption=\"\" data-medium-file=\"https:\/\/wp.ufpel.edu.br\/ppgbiotec\/files\/2019\/08\/47319751_1760305710765190_4170202172543205376_o-400x267-400x267.jpg\" data-large-file=\"https:\/\/wp.ufpel.edu.br\/ppgbiotec\/files\/2019\/08\/47319751_1760305710765190_4170202172543205376_o-400x267.jpg\" class=\"alignnone size-thumbnail wp-image-4058\" src=\"https:\/\/wp.ufpel.edu.br\/ppgbiotec\/files\/2019\/08\/47319751_1760305710765190_4170202172543205376_o-400x267-200x200.jpg\" alt=\"\" width=\"200\" height=\"200\" \/> <img data-attachment-id=\"4059\" data-permalink=\"https:\/\/wp.ufpel.edu.br\/ppgbiotec\/insercao-social\/ciclo-de-palestras-de-gestao-e-empreendedorismo\/ii-ciclo-de-palestras-de-gestao-e-empreendedorismo\/47433512_1760306504098444_8502458868528316416_o-400x267\/\" data-orig-file=\"https:\/\/wp.ufpel.edu.br\/ppgbiotec\/files\/2019\/08\/47433512_1760306504098444_8502458868528316416_o-400x267.jpg\" data-orig-size=\"400,267\" data-comments-opened=\"0\" data-image-meta=\"{&quot;aperture&quot;:&quot;0&quot;,&quot;credit&quot;:&quot;&quot;,&quot;camera&quot;:&quot;&quot;,&quot;caption&quot;:&quot;&quot;,&quot;created_timestamp&quot;:&quot;0&quot;,&quot;copyright&quot;:&quot;&quot;,&quot;focal_length&quot;:&quot;0&quot;,&quot;iso&quot;:&quot;0&quot;,&quot;shutter_speed&quot;:&quot;0&quot;,&quot;title&quot;:&quot;&quot;,&quot;orientation&quot;:&quot;0&quot;}\" data-image-title=\"47433512_1760306504098444_8502458868528316416_o-400&amp;#215;267\" data-image-description=\"\" data-image-caption=\"\" data-medium-file=\"https:\/\/wp.ufpel.edu.br\/ppgbiotec\/files\/2019\/08\/47433512_1760306504098444_8502458868528316416_o-400x267-400x267.jpg\" data-large-file=\"https:\/\/wp.ufpel.edu.br\/ppgbiotec\/files\/2019\/08\/47433512_1760306504098444_8502458868528316416_o-400x267.jpg\" class=\"alignnone size-thumbnail wp-image-4059\" src=\"https:\/\/wp.ufpel.edu.br\/ppgbiotec\/files\/2019\/08\/47433512_1760306504098444_8502458868528316416_o-400x267-200x200.jpg\" alt=\"\" width=\"200\" height=\"200\" \/><\/p>\n","protected":false},"excerpt":{"rendered":"<p>II Ciclo de Palestras de Gest\u00e3o e Empreendedorismo Data: 30 de novembro de 2018 Local: Pelotas Parque Tecnol\u00f3gico PROGRAMA\u00c7\u00c3O 14h Credenciamento 14:30 Glauco Munsberg \u2013 Indeorum: Uma startup de data science que nasceu na UFPel 15h Marcio Corr\u00eaa \u2013 Empreendedorismo no setor p\u00fablico e privado: uma \u201cferramenta\u201d para alavancagem de carreira 15:30 Intervalo 16h Samuel [&hellip;]<\/p>\n","protected":false},"author":735,"featured_media":0,"parent":4036,"menu_order":0,"comment_status":"closed","ping_status":"closed","template":"","meta":{"jetpack_post_was_ever_published":false,"footnotes":""},"class_list":["post-4051","page","type-page","status-publish","hentry"],"jetpack_sharing_enabled":true,"_links":{"self":[{"href":"https:\/\/wp.ufpel.edu.br\/ppgbiotec\/wp-json\/wp\/v2\/pages\/4051","targetHints":{"allow":["GET"]}}],"collection":[{"href":"https:\/\/wp.ufpel.edu.br\/ppgbiotec\/wp-json\/wp\/v2\/pages"}],"about":[{"href":"https:\/\/wp.ufpel.edu.br\/ppgbiotec\/wp-json\/wp\/v2\/types\/page"}],"author":[{"embeddable":true,"href":"https:\/\/wp.ufpel.edu.br\/ppgbiotec\/wp-json\/wp\/v2\/users\/735"}],"replies":[{"embeddable":true,"href":"https:\/\/wp.ufpel.edu.br\/ppgbiotec\/wp-json\/wp\/v2\/comments?post=4051"}],"version-history":[{"count":6,"href":"https:\/\/wp.ufpel.edu.br\/ppgbiotec\/wp-json\/wp\/v2\/pages\/4051\/revisions"}],"predecessor-version":[{"id":8034,"href":"https:\/\/wp.ufpel.edu.br\/ppgbiotec\/wp-json\/wp\/v2\/pages\/4051\/revisions\/8034"}],"up":[{"embeddable":true,"href":"https:\/\/wp.ufpel.edu.br\/ppgbiotec\/wp-json\/wp\/v2\/pages\/4036"}],"wp:attachment":[{"href":"https:\/\/wp.ufpel.edu.br\/ppgbiotec\/wp-json\/wp\/v2\/media?parent=4051"}],"curies":[{"name":"wp","href":"https:\/\/api.w.org\/{rel}","templated":true}]}}