{"id":3956,"date":"2019-08-05T13:11:39","date_gmt":"2019-08-05T16:11:39","guid":{"rendered":"https:\/\/wp.ufpel.edu.br\/ppgbiotec\/?page_id=3956"},"modified":"2026-03-27T16:02:54","modified_gmt":"2026-03-27T19:02:54","slug":"area-aluno","status":"publish","type":"page","link":"https:\/\/wp.ufpel.edu.br\/ppgbiotec\/area-aluno\/","title":{"rendered":"\u00c1rea aluno"},"content":{"rendered":"<ul>\n<li><strong><span style=\"color: #000000;\">Formul\u00e1rios<\/span><\/strong><\/li>\n<\/ul>\n<p><span style=\"color: #000000;\"><a style=\"color: #000000;\" href=\"https:\/\/wp.ufpel.edu.br\/ppgbiotec\/documentos\/cancelamento-de-disciplina\/\" target=\"_blank\" rel=\"noopener noreferrer\">Cancelamento de disciplina<\/a><\/span><\/p>\n<p><span style=\"color: #000000;\"><a style=\"color: #000000;\" href=\"https:\/\/wp.ufpel.edu.br\/ppgbiotec\/aproveitamento-de-creditos\/\" target=\"_blank\" rel=\"noopener noreferrer\">Aproveitamento de cr\u00e9ditos<\/a><\/span><\/p>\n<p>&nbsp;<\/p>\n<ul>\n<li><strong><span style=\"color: #000000;\">Orienta\u00e7\u00f5es doc\u00eancia orientada<\/span><\/strong><\/li>\n<\/ul>\n<p><span style=\"color: #000000;\"><a style=\"color: #000000;\" href=\"https:\/\/wp.ufpel.edu.br\/ppgbiotec\/docencia-orientada\" target=\"_blank\" rel=\"noopener noreferrer\">Doc\u00eancia Orientada<\/a><\/span><\/p>\n<p>&nbsp;<\/p>\n<ul>\n<li><strong><span style=\"color: #000000;\">Orienta\u00e7\u00f5es\u00a0 e documenta\u00e7\u00e3o &#8211; 1\u00ba ano &#8211; Mestrado e Doutorado<\/span><\/strong><\/li>\n<\/ul>\n<p><span style=\"color: #000000;\"><a style=\"color: #000000;\" href=\"https:\/\/wp.ufpel.edu.br\/ppgbiotec\/1o-ano\/\" target=\"_blank\" rel=\"noopener noreferrer\">Documentos entregues no 1\u00ba ano &#8211; Mestrado e Doutorado<\/a><\/span><\/p>\n<p><span style=\"color: #000000;\"><a style=\"color: #000000;\" href=\"https:\/\/wp.ufpel.edu.br\/ppgbiotec\/proficiencia-em-lingua-estrangeira\/\" target=\"_blank\" rel=\"noopener noreferrer\">Profici\u00eancia em L\u00edngua Inglesa<\/a><\/span><\/p>\n<p>&nbsp;<\/p>\n<ul>\n<li><strong><span style=\"color: #000000;\">Orienta\u00e7\u00f5es\u00a0 e documenta\u00e7\u00e3o &#8211; 2\u00ba ano &#8211; Mestrado e Doutorado<\/span><\/strong><\/li>\n<\/ul>\n<p><span style=\"color: #000000;\"><a style=\"color: #000000;\" href=\"https:\/\/wp.ufpel.edu.br\/ppgbiotec\/2o-ano\/\" target=\"_blank\" rel=\"noopener noreferrer\">Documentos entregues no 2\u00ba ano &#8211; Mestrado e Doutorado<\/a><\/span><\/p>\n<p>&nbsp;<\/p>\n<ul>\n<li><strong><span style=\"color: #000000;\">Orienta\u00e7\u00f5es\u00a0 e documenta\u00e7\u00e3o &#8211; 3\u00ba ano &#8211; Doutorado<\/span><\/strong><\/li>\n<\/ul>\n<p><span style=\"color: #000000;\"><a style=\"color: #000000;\" href=\"https:\/\/wp.ufpel.edu.br\/ppgbiotec\/exame-de-qualificacao\/\" target=\"_blank\" rel=\"noopener noreferrer\">Exame de Qualifica\u00e7\u00e3o<\/a><\/span><\/p>\n<p>&nbsp;<\/p>\n<ul>\n<li><strong><span style=\"color: #000000;\">Orienta\u00e7\u00f5es\u00a0 e documenta\u00e7\u00e3o &#8211; Defesa\u00a0 &#8211; Mestrado e Doutorado<\/span><\/strong><\/li>\n<\/ul>\n<p><span style=\"color: #000000;\"><a style=\"color: #000000;\" href=\"https:\/\/wp.ufpel.edu.br\/ppgbiotec\/documentos\/mestrado\" target=\"_blank\" rel=\"noopener noreferrer\">Defesa de Mestrado<\/a><\/span><\/p>\n<p><span style=\"color: #000000;\"><a style=\"color: #000000;\" href=\"https:\/\/wp.ufpel.edu.br\/ppgbiotec\/documentos\/doutorado\" target=\"_blank\" rel=\"noopener noreferrer\">Defesa de Doutorado<\/a><\/span><\/p>\n<p>&nbsp;<\/p>\n<ul>\n<li><strong><span style=\"color: #000000;\">Orienta\u00e7\u00f5es\u00a0 e documenta\u00e7\u00e3o &#8211; Homologa\u00e7\u00e3o disserta\u00e7\u00e3o e tese\u00a0 &#8211; Mestrado e Doutorado<\/span><\/strong><\/li>\n<\/ul>\n<p><span style=\"color: #000000;\"><a style=\"color: #000000;\" href=\"https:\/\/wp.ufpel.edu.br\/ppgbiotec\/homologacao-de-defesas\/\" target=\"_blank\" rel=\"noopener noreferrer\">Homologa\u00e7\u00e3o da disserta\u00e7\u00e3o\/tese<\/a><\/span><\/p>\n<p>&nbsp;<\/p>\n<ul>\n<li><strong><span style=\"color: #000000;\">Orienta\u00e7\u00f5es\u00a0 e documenta\u00e7\u00e3o &#8211; Emiss\u00e3o de diploma &#8211; Mestrado e Doutorado<\/span><\/strong><\/li>\n<\/ul>\n<p><span style=\"color: #000000;\"><a style=\"color: #000000;\" href=\"https:\/\/wp.ufpel.edu.br\/ppgbiotec\/diploma\/\" target=\"_blank\" rel=\"noopener noreferrer\">Emiss\u00e3o do Diploma<\/a><\/span><\/p>\n<p>&nbsp;<\/p>\n<ul>\n<li><strong><span style=\"color: #000000;\">Documenta\u00e7\u00e3o &#8211; Bolsistas<\/span><\/strong><\/li>\n<\/ul>\n<p><span style=\"color: #000000;\"><a style=\"color: #000000;\" href=\"https:\/\/wp.ufpel.edu.br\/ppgbiotec\/files\/2019\/08\/Cadastramento-de-bolsista.xls\" target=\"_blank\" rel=\"noopener noreferrer\">Formul\u00e1rio de Cadastramento de bolsista<\/a><\/span><\/p>\n<p><span style=\"color: #000000;\"><a style=\"color: #000000;\" href=\"https:\/\/wp.ufpel.edu.br\/ppgbiotec\/files\/2019\/08\/01122017-Anexo-II-Termo-de-Compromisso-do-PROEX.pdf\" target=\"_blank\" rel=\"noopener noreferrer\">Anexo II-Termo de Compromisso do PROEX<\/a><\/span><\/p>\n<p><span style=\"color: #000000;\"><a style=\"color: #000000;\" href=\"https:\/\/wp.ufpel.edu.br\/ppgbiotec\/files\/2019\/08\/Regulamento-do-PROEX-2017.pdf\">Regulamento CAPES\/PROEX 2017<\/a><\/span><\/p>\n<p><span style=\"color: #000000;\"><a style=\"color: #000000;\" href=\"https:\/\/wp.ufpel.edu.br\/ppgbiotec\/files\/2019\/08\/Formul\u00e1rio-cancelamento.xls\" target=\"_blank\" rel=\"noopener noreferrer\">Formul\u00e1rio de Cancelamento de bolsa<\/a><\/span><\/p>\n<p><span style=\"color: #000000;\"><a style=\"color: #000000;\" href=\"https:\/\/wp.ufpel.edu.br\/ppgbiotec\/files\/2019\/08\/Formul\u00e1rio-para-reativa\u00e7\u00e3o-de-bolsa.xls\">Formul\u00e1rio para Reativa\u00e7\u00e3o de bolsa<\/a><\/span><\/p>\n<p><span style=\"color: #000000;\"><a style=\"color: #000000;\" href=\"https:\/\/wp.ufpel.edu.br\/ppgbiotec\/files\/2019\/08\/Solicita\u00e7\u00e3o-de-interrup\u00e7\u00e3o_-suspens\u00e3o-de-bolsa.xls\">Formul\u00e1rio de Solicita\u00e7\u00e3o de interrup\u00e7\u00e3o\/suspens\u00e3o de bolsa<\/a><\/span><\/p>\n<p><span style=\"color: #000000;\"><a style=\"color: #000000;\" href=\"https:\/\/wp.ufpel.edu.br\/ppgbiotec\/files\/2023\/11\/Resolucao-no-59-do-COCEPE-de-04-de-outubro-de-2023.pdf?customize_changeset_uuid=52077ad4-9075-454f-99b4-62d149d4e27e&amp;customize_messenger_channel=preview-0&amp;customize_autosaved=on\">Resolu\u00e7\u00e3o n\u00ba 59 do COCEPE, de 04 de outubro de 2023<\/a> &#8211;\u00a0Resolu\u00e7\u00e3o Institucional para a distribui\u00e7\u00e3o e para o ac\u00famulo de bolsas e atividades remuneradas ou outros rendimentos.<\/span><\/p>\n<p>&nbsp;<\/p>\n<p><strong><span style=\"color: #000000;\"><a style=\"color: #000000;\" href=\"https:\/\/wp.ufpel.edu.br\/ppgbiotec\/files\/2023\/11\/Criterios-de-acompanhamento.pdf?customize_changeset_uuid=52077ad4-9075-454f-99b4-62d149d4e27e&amp;customize_messenger_channel=preview-0&amp;customize_autosaved=on\">Crit\u00e9rios de acompanhamento<\/a><\/span><\/strong><\/p>\n<ul>\n<li><span style=\"color: #000000;\">C\u00e1lculo do coeficiente de rendimento &#8211; ingressantes at\u00e9 2025<\/span><\/li>\n<\/ul>\n<p><span style=\"color: #000000;\"><a style=\"color: #000000;\" href=\"https:\/\/docs.google.com\/spreadsheets\/d\/1_3w0GKOWpJlmdwbOlocAXVVCeuZMZsl7x2MyUPymHmU\/edit?usp=sharing\" target=\"_blank\" rel=\"noopener\">Planilha &#8211; coeficiente de rendimento<\/a><\/span><\/p>\n<p>&nbsp;<\/p>\n","protected":false},"excerpt":{"rendered":"<p>Formul\u00e1rios Cancelamento de disciplina Aproveitamento de cr\u00e9ditos &nbsp; Orienta\u00e7\u00f5es doc\u00eancia orientada Doc\u00eancia Orientada &nbsp; Orienta\u00e7\u00f5es\u00a0 e documenta\u00e7\u00e3o &#8211; 1\u00ba ano &#8211; Mestrado e Doutorado Documentos entregues no 1\u00ba ano &#8211; Mestrado e Doutorado Profici\u00eancia em L\u00edngua Inglesa &nbsp; Orienta\u00e7\u00f5es\u00a0 e documenta\u00e7\u00e3o &#8211; 2\u00ba ano &#8211; Mestrado e Doutorado Documentos entregues no 2\u00ba ano &#8211; Mestrado [&hellip;]<\/p>\n","protected":false},"author":735,"featured_media":0,"parent":0,"menu_order":1,"comment_status":"closed","ping_status":"closed","template":"","meta":{"jetpack_post_was_ever_published":false,"footnotes":""},"class_list":["post-3956","page","type-page","status-publish","hentry"],"jetpack_sharing_enabled":true,"_links":{"self":[{"href":"https:\/\/wp.ufpel.edu.br\/ppgbiotec\/wp-json\/wp\/v2\/pages\/3956","targetHints":{"allow":["GET"]}}],"collection":[{"href":"https:\/\/wp.ufpel.edu.br\/ppgbiotec\/wp-json\/wp\/v2\/pages"}],"about":[{"href":"https:\/\/wp.ufpel.edu.br\/ppgbiotec\/wp-json\/wp\/v2\/types\/page"}],"author":[{"embeddable":true,"href":"https:\/\/wp.ufpel.edu.br\/ppgbiotec\/wp-json\/wp\/v2\/users\/735"}],"replies":[{"embeddable":true,"href":"https:\/\/wp.ufpel.edu.br\/ppgbiotec\/wp-json\/wp\/v2\/comments?post=3956"}],"version-history":[{"count":4,"href":"https:\/\/wp.ufpel.edu.br\/ppgbiotec\/wp-json\/wp\/v2\/pages\/3956\/revisions"}],"predecessor-version":[{"id":11958,"href":"https:\/\/wp.ufpel.edu.br\/ppgbiotec\/wp-json\/wp\/v2\/pages\/3956\/revisions\/11958"}],"wp:attachment":[{"href":"https:\/\/wp.ufpel.edu.br\/ppgbiotec\/wp-json\/wp\/v2\/media?parent=3956"}],"curies":[{"name":"wp","href":"https:\/\/api.w.org\/{rel}","templated":true}]}}