{"id":3757,"date":"2019-08-02T13:19:05","date_gmt":"2019-08-02T16:19:05","guid":{"rendered":"https:\/\/wp.ufpel.edu.br\/ppgbiotec\/?page_id=3757"},"modified":"2024-07-22T09:03:06","modified_gmt":"2024-07-22T12:03:06","slug":"sala-de-esterilizacao-predio-19","status":"publish","type":"page","link":"https:\/\/wp.ufpel.edu.br\/ppgbiotec\/infraestrutura\/apoio-suporte\/sala-de-esterilizacao-predio-19\/","title":{"rendered":"Sala de esteriliza\u00e7\u00e3o, pr\u00e9dio 19"},"content":{"rendered":"<p><strong><span style=\"color: #000000;\">Sala de esteriliza\u00e7\u00e3o, pr\u00e9dio 19<\/span><\/strong><\/p>\n<p><span style=\"color: #000000;\"><strong>Unidade:<\/strong>\u00a0Centro de Desenvolvimento Tecnol\u00f3gico (CDTec)<\/span><\/p>\n<p><span style=\"color: #000000;\"><strong>Descri\u00e7\u00e3o:<\/strong><\/span><\/p>\n<p><span style=\"color: #000000;\">Setor destinado \u00e0 limpeza, acondicionamento, <b>esteriliza\u00e7\u00e3o<\/b> e distribui\u00e7\u00e3o de todos os materiais dos laborat\u00f3rios do pr\u00e9dio 19.<\/span><\/p>\n<p><span style=\"color: #000000;\"><strong>Localiza\u00e7\u00e3o<\/strong><\/span><br \/>\n<span style=\"color: #000000;\"><strong>Campus:<\/strong>\u00a0Cap\u00e3o do Le\u00e3o<\/span><br \/>\n<span style=\"color: #000000;\"><strong>Pr\u00e9dio\/Bloco:<\/strong>\u00a019<\/span><\/p>\n<p>&nbsp;<\/p>\n<p><img data-attachment-id=\"3768\" data-permalink=\"https:\/\/wp.ufpel.edu.br\/ppgbiotec\/infraestrutura\/apoio-suporte\/sala-de-esterilizacao-predio-19\/20190731_094431-1\/\" data-orig-file=\"https:\/\/wp.ufpel.edu.br\/ppgbiotec\/files\/2019\/08\/20190731_094431-1.jpg\" data-orig-size=\"2088,2530\" data-comments-opened=\"0\" data-image-meta=\"{&quot;aperture&quot;:&quot;1.9&quot;,&quot;credit&quot;:&quot;&quot;,&quot;camera&quot;:&quot;SM-J500M&quot;,&quot;caption&quot;:&quot;?&quot;,&quot;created_timestamp&quot;:&quot;1564566271&quot;,&quot;copyright&quot;:&quot;&quot;,&quot;focal_length&quot;:&quot;3.7&quot;,&quot;iso&quot;:&quot;125&quot;,&quot;shutter_speed&quot;:&quot;0.033333333333333&quot;,&quot;title&quot;:&quot;&quot;,&quot;orientation&quot;:&quot;1&quot;}\" data-image-title=\"20190731_094431 (1)\" data-image-description=\"\" data-image-caption=\"\" data-medium-file=\"https:\/\/wp.ufpel.edu.br\/ppgbiotec\/files\/2019\/08\/20190731_094431-1-330x400.jpg\" data-large-file=\"https:\/\/wp.ufpel.edu.br\/ppgbiotec\/files\/2019\/08\/20190731_094431-1-845x1024.jpg\" class=\"wp-image-3768 alignnone\" src=\"https:\/\/wp.ufpel.edu.br\/ppgbiotec\/files\/2019\/08\/20190731_094431-1-200x200.jpg\" alt=\"\" width=\"285\" height=\"285\" \/> <img data-attachment-id=\"81\" data-permalink=\"https:\/\/wp.ufpel.edu.br\/ppgbiotec\/infraestrutura\/apoio-suporte\/sala-de-esterilizacao-predio-19\/img_secretaria_3\/\" data-orig-file=\"https:\/\/wp.ufpel.edu.br\/ppgbiotec\/files\/2016\/12\/img_secretaria_3.jpg\" data-orig-size=\"587,442\" data-comments-opened=\"0\" data-image-meta=\"{&quot;aperture&quot;:&quot;0&quot;,&quot;credit&quot;:&quot;&quot;,&quot;camera&quot;:&quot;&quot;,&quot;caption&quot;:&quot;&quot;,&quot;created_timestamp&quot;:&quot;0&quot;,&quot;copyright&quot;:&quot;&quot;,&quot;focal_length&quot;:&quot;0&quot;,&quot;iso&quot;:&quot;0&quot;,&quot;shutter_speed&quot;:&quot;0&quot;,&quot;title&quot;:&quot;&quot;,&quot;orientation&quot;:&quot;0&quot;}\" data-image-title=\"img_secretaria_3\" data-image-description=\"\" data-image-caption=\"\" data-medium-file=\"https:\/\/wp.ufpel.edu.br\/ppgbiotec\/files\/2016\/12\/img_secretaria_3-422x318.jpg\" data-large-file=\"https:\/\/wp.ufpel.edu.br\/ppgbiotec\/files\/2016\/12\/img_secretaria_3-587x220.jpg\" class=\"wp-image-81 alignnone\" src=\"https:\/\/wp.ufpel.edu.br\/ppgbiotec\/files\/2016\/12\/img_secretaria_3-212x159.jpg\" alt=\"\" width=\"376\" height=\"282\" srcset=\"https:\/\/wp.ufpel.edu.br\/ppgbiotec\/files\/2016\/12\/img_secretaria_3-212x159.jpg 212w, https:\/\/wp.ufpel.edu.br\/ppgbiotec\/files\/2016\/12\/img_secretaria_3-422x318.jpg 422w, https:\/\/wp.ufpel.edu.br\/ppgbiotec\/files\/2016\/12\/img_secretaria_3.jpg 587w\" sizes=\"(max-width: 376px) 100vw, 376px\" \/><\/p>\n<p>&nbsp;<\/p>\n<p>&nbsp;<\/p>\n<p>&nbsp;<\/p>\n<p>&nbsp;<\/p>\n<p>&nbsp;<\/p>\n<p>&nbsp;<\/p>\n<p>&nbsp;<\/p>\n<p>&nbsp;<\/p>\n","protected":false},"excerpt":{"rendered":"<p>Sala de esteriliza\u00e7\u00e3o, pr\u00e9dio 19 Unidade:\u00a0Centro de Desenvolvimento Tecnol\u00f3gico (CDTec) Descri\u00e7\u00e3o: Setor destinado \u00e0 limpeza, acondicionamento, esteriliza\u00e7\u00e3o e distribui\u00e7\u00e3o de todos os materiais dos laborat\u00f3rios do pr\u00e9dio 19. Localiza\u00e7\u00e3o Campus:\u00a0Cap\u00e3o do Le\u00e3o Pr\u00e9dio\/Bloco:\u00a019 &nbsp; &nbsp; &nbsp; &nbsp; &nbsp; &nbsp; &nbsp; &nbsp; &nbsp;<\/p>\n","protected":false},"author":735,"featured_media":0,"parent":5709,"menu_order":3,"comment_status":"closed","ping_status":"closed","template":"","meta":{"jetpack_post_was_ever_published":false,"footnotes":""},"class_list":["post-3757","page","type-page","status-publish","hentry"],"jetpack_sharing_enabled":true,"_links":{"self":[{"href":"https:\/\/wp.ufpel.edu.br\/ppgbiotec\/wp-json\/wp\/v2\/pages\/3757","targetHints":{"allow":["GET"]}}],"collection":[{"href":"https:\/\/wp.ufpel.edu.br\/ppgbiotec\/wp-json\/wp\/v2\/pages"}],"about":[{"href":"https:\/\/wp.ufpel.edu.br\/ppgbiotec\/wp-json\/wp\/v2\/types\/page"}],"author":[{"embeddable":true,"href":"https:\/\/wp.ufpel.edu.br\/ppgbiotec\/wp-json\/wp\/v2\/users\/735"}],"replies":[{"embeddable":true,"href":"https:\/\/wp.ufpel.edu.br\/ppgbiotec\/wp-json\/wp\/v2\/comments?post=3757"}],"version-history":[{"count":8,"href":"https:\/\/wp.ufpel.edu.br\/ppgbiotec\/wp-json\/wp\/v2\/pages\/3757\/revisions"}],"predecessor-version":[{"id":10222,"href":"https:\/\/wp.ufpel.edu.br\/ppgbiotec\/wp-json\/wp\/v2\/pages\/3757\/revisions\/10222"}],"up":[{"embeddable":true,"href":"https:\/\/wp.ufpel.edu.br\/ppgbiotec\/wp-json\/wp\/v2\/pages\/5709"}],"wp:attachment":[{"href":"https:\/\/wp.ufpel.edu.br\/ppgbiotec\/wp-json\/wp\/v2\/media?parent=3757"}],"curies":[{"name":"wp","href":"https:\/\/api.w.org\/{rel}","templated":true}]}}