{"id":3693,"date":"2019-07-31T15:05:35","date_gmt":"2019-07-31T18:05:35","guid":{"rendered":"https:\/\/wp.ufpel.edu.br\/ppgbiotec\/?page_id=3693"},"modified":"2026-04-01T12:55:37","modified_gmt":"2026-04-01T15:55:37","slug":"cancelamento-de-disciplina","status":"publish","type":"page","link":"https:\/\/wp.ufpel.edu.br\/ppgbiotec\/cancelamento-de-disciplina\/","title":{"rendered":"Cancelamento de disciplina"},"content":{"rendered":"<p style=\"text-align: justify;\"><span style=\"color: #000000; font-family: georgia, palatino, serif; font-size: 12pt;\">O(A) aluno(a), com o parecer de seu(ua) orientador(a), poder\u00e1 solicitar o cancelamento, acr\u00e9scimo ou substitui\u00e7\u00e3o de matr\u00edculas nas disciplinas, cabendo \u00e0 delibera\u00e7\u00e3o ao colegiado, e observar os prazos estabelecidos pelo calend\u00e1rio acad\u00eamico e atendidas as ofertas de disciplinas no per\u00edodo.<\/span><\/p>\n<p><span style=\"font-family: georgia, palatino, serif; font-size: 12pt; color: #000000;\">De acordo com o regimento da UFPel, artigo 18, \u00a7 2\u00ba &#8211; O cancelamento de disciplina poder\u00e1 ser feito <strong>at\u00e9 cumprido 50% da disciplina<\/strong>, mediante aprova\u00e7\u00e3o do(a) orientador(a) e do Colegiado.<\/span><\/p>\n<p><span style=\"font-family: georgia, palatino, serif; color: #000000;\">Para solicita\u00e7\u00e3o do cancelamento de disciplina(s), dever\u00e1 ser enviado ao PPGBiotec, o formul\u00e1rio de cancelamento de disciplina a seguir: <span style=\"font-size: 12pt;\"><strong><a style=\"color: #000000;\" href=\"https:\/\/wp.ufpel.edu.br\/ppgbiotec\/files\/2017\/04\/Cancelamento-de-matr\u00edcula-em-disciplina-1.doc\">Cancelamento de matr\u00edcula em disciplina<\/a>, <\/strong>devidamente preenchido e assinado, preferencialmente pelo gov, pelo(a) discente, pelo(a) orientador(a) e pelo(a) docente respons\u00e1vel pela disciplina.<\/span><\/span><\/p>\n<p style=\"text-align: justify;\">\n","protected":false},"excerpt":{"rendered":"<p>O(A) aluno(a), com o parecer de seu(ua) orientador(a), poder\u00e1 solicitar o cancelamento, acr\u00e9scimo ou substitui\u00e7\u00e3o de matr\u00edculas nas disciplinas, cabendo \u00e0 delibera\u00e7\u00e3o ao colegiado, e observar os prazos estabelecidos pelo calend\u00e1rio acad\u00eamico e atendidas as ofertas de disciplinas no per\u00edodo. De acordo com o regimento da UFPel, artigo 18, \u00a7 2\u00ba &#8211; O cancelamento de [&hellip;]<\/p>\n","protected":false},"author":735,"featured_media":0,"parent":0,"menu_order":0,"comment_status":"closed","ping_status":"closed","template":"","meta":{"jetpack_post_was_ever_published":false,"footnotes":""},"class_list":["post-3693","page","type-page","status-publish","hentry"],"jetpack_sharing_enabled":true,"_links":{"self":[{"href":"https:\/\/wp.ufpel.edu.br\/ppgbiotec\/wp-json\/wp\/v2\/pages\/3693","targetHints":{"allow":["GET"]}}],"collection":[{"href":"https:\/\/wp.ufpel.edu.br\/ppgbiotec\/wp-json\/wp\/v2\/pages"}],"about":[{"href":"https:\/\/wp.ufpel.edu.br\/ppgbiotec\/wp-json\/wp\/v2\/types\/page"}],"author":[{"embeddable":true,"href":"https:\/\/wp.ufpel.edu.br\/ppgbiotec\/wp-json\/wp\/v2\/users\/735"}],"replies":[{"embeddable":true,"href":"https:\/\/wp.ufpel.edu.br\/ppgbiotec\/wp-json\/wp\/v2\/comments?post=3693"}],"version-history":[{"count":3,"href":"https:\/\/wp.ufpel.edu.br\/ppgbiotec\/wp-json\/wp\/v2\/pages\/3693\/revisions"}],"predecessor-version":[{"id":11995,"href":"https:\/\/wp.ufpel.edu.br\/ppgbiotec\/wp-json\/wp\/v2\/pages\/3693\/revisions\/11995"}],"wp:attachment":[{"href":"https:\/\/wp.ufpel.edu.br\/ppgbiotec\/wp-json\/wp\/v2\/media?parent=3693"}],"curies":[{"name":"wp","href":"https:\/\/api.w.org\/{rel}","templated":true}]}}