{"id":3587,"date":"2019-07-29T15:18:27","date_gmt":"2019-07-29T18:18:27","guid":{"rendered":"https:\/\/wp.ufpel.edu.br\/ppgbiotec\/?page_id=3587"},"modified":"2021-10-13T16:21:53","modified_gmt":"2021-10-13T19:21:53","slug":"laboratorio-de-pesquisa-em-doencas-infecciosas","status":"publish","type":"page","link":"https:\/\/wp.ufpel.edu.br\/ppgbiotec\/infraestrutura\/pesquisa\/laboratorio-de-pesquisa-em-doencas-infecciosas\/","title":{"rendered":"Laborat\u00f3rio de Pesquisa em Doen\u00e7as Infecciosas"},"content":{"rendered":"<p><strong><span style=\"color: #000000\">Laborat\u00f3rio de Pesquisa em Doen\u00e7as Infecciosas &#8211; LPDI<\/span><\/strong><\/p>\n<p><span style=\"color: #000000\"><strong><img class=\"alignleft\" src=\"https:\/\/wp.ufpel.edu.br\/nulab\/files\/2016\/12\/P1010887-212x159.jpg\" alt=\"p1010887\" \/>Unidade:<\/strong>\u00a0Centro de Desenvolvimento Tecnol\u00f3gico (CDTec)<\/span><br \/>\n<span style=\"color: #000000\"><strong>Curso:<\/strong>\u00a0Biotecnologia<\/span><br \/>\n<span style=\"color: #000000\"><strong>Website:<\/strong>\u00a0\u2013<\/span><br \/>\n<span style=\"color: #000000\"><strong>C\u00f3digo NULAB:<\/strong>\u00a090157<\/span><\/p>\n<p><span style=\"color: #000000\"><strong>Descri\u00e7\u00e3o \u2013<br \/>\n<\/strong><\/span><\/p>\n<p>&nbsp;<\/p>\n<p><span style=\"color: #000000\"><strong>Localiza\u00e7\u00e3o<\/strong><\/span><br \/>\n<span style=\"color: #000000\"><strong>Campus:<\/strong>\u00a0Cap\u00e3o do Le\u00e3o<\/span><br \/>\n<span style=\"color: #000000\"><strong>Pr\u00e9dio\/Bloco:<\/strong>\u00a020<\/span><br \/>\n<span style=\"color: #000000\"><strong>Sala:<\/strong>\u00a014<\/span><\/p>\n<p><span style=\"color: #000000\"><strong><img class=\"alignleft\" src=\"https:\/\/wp.ufpel.edu.br\/nulab\/files\/2016\/12\/P1010894-212x159.jpg\" alt=\"p1010894\" \/><\/strong><\/span><\/p>\n<p>&nbsp;<\/p>\n<p><span style=\"color: #000000\"><strong>Contato<\/strong><\/span><br \/>\n<span style=\"color: #000000\"><strong>Nome:<\/strong> Prof. Ph.D Alan John Alexander McBride<\/span><br \/>\n<span style=\"color: #000000\"><strong>E-mail<\/strong>: alanmcb@gmail.com<\/span><\/p>\n<p>&nbsp;<\/p>\n<p>&nbsp;<\/p>\n<p><span style=\"color: #000000\"><strong>Equipamentos<\/strong><\/span><\/p>\n<ul>\n<li><span style=\"color: #000000\">Centr\u00edfugas Refrigeradas<\/span><\/li>\n<li><span style=\"color: #000000\">AKTA Start \u2013 Purificador de Prote\u00ednas<\/span><\/li>\n<li><span style=\"color: #000000\">Shaker<\/span><\/li>\n<li><span style=\"color: #000000\">Microscopia<\/span><\/li>\n<li><span style=\"color: #000000\">Termociclador<\/span><\/li>\n<\/ul>\n","protected":false},"excerpt":{"rendered":"<p>Laborat\u00f3rio de Pesquisa em Doen\u00e7as Infecciosas &#8211; LPDI Unidade:\u00a0Centro de Desenvolvimento Tecnol\u00f3gico (CDTec) Curso:\u00a0Biotecnologia Website:\u00a0\u2013 C\u00f3digo NULAB:\u00a090157 Descri\u00e7\u00e3o \u2013 &nbsp; Localiza\u00e7\u00e3o Campus:\u00a0Cap\u00e3o do Le\u00e3o Pr\u00e9dio\/Bloco:\u00a020 Sala:\u00a014 &nbsp; Contato Nome: Prof. Ph.D Alan John Alexander McBride E-mail: alanmcb@gmail.com &nbsp; &nbsp; Equipamentos Centr\u00edfugas Refrigeradas AKTA Start \u2013 Purificador de Prote\u00ednas Shaker Microscopia Termociclador<\/p>\n","protected":false},"author":735,"featured_media":0,"parent":5706,"menu_order":8,"comment_status":"closed","ping_status":"closed","template":"","meta":{"jetpack_post_was_ever_published":false,"footnotes":""},"class_list":["post-3587","page","type-page","status-publish","hentry"],"jetpack_sharing_enabled":true,"_links":{"self":[{"href":"https:\/\/wp.ufpel.edu.br\/ppgbiotec\/wp-json\/wp\/v2\/pages\/3587","targetHints":{"allow":["GET"]}}],"collection":[{"href":"https:\/\/wp.ufpel.edu.br\/ppgbiotec\/wp-json\/wp\/v2\/pages"}],"about":[{"href":"https:\/\/wp.ufpel.edu.br\/ppgbiotec\/wp-json\/wp\/v2\/types\/page"}],"author":[{"embeddable":true,"href":"https:\/\/wp.ufpel.edu.br\/ppgbiotec\/wp-json\/wp\/v2\/users\/735"}],"replies":[{"embeddable":true,"href":"https:\/\/wp.ufpel.edu.br\/ppgbiotec\/wp-json\/wp\/v2\/comments?post=3587"}],"version-history":[{"count":6,"href":"https:\/\/wp.ufpel.edu.br\/ppgbiotec\/wp-json\/wp\/v2\/pages\/3587\/revisions"}],"predecessor-version":[{"id":7359,"href":"https:\/\/wp.ufpel.edu.br\/ppgbiotec\/wp-json\/wp\/v2\/pages\/3587\/revisions\/7359"}],"up":[{"embeddable":true,"href":"https:\/\/wp.ufpel.edu.br\/ppgbiotec\/wp-json\/wp\/v2\/pages\/5706"}],"wp:attachment":[{"href":"https:\/\/wp.ufpel.edu.br\/ppgbiotec\/wp-json\/wp\/v2\/media?parent=3587"}],"curies":[{"name":"wp","href":"https:\/\/api.w.org\/{rel}","templated":true}]}}