{"id":3154,"date":"2019-03-01T08:52:33","date_gmt":"2019-03-01T11:52:33","guid":{"rendered":"https:\/\/wp.ufpel.edu.br\/ppgbiotec\/?page_id=3154"},"modified":"2025-11-05T09:42:04","modified_gmt":"2025-11-05T12:42:04","slug":"aluno-regular","status":"publish","type":"page","link":"https:\/\/wp.ufpel.edu.br\/ppgbiotec\/processo-seletivo-2\/aluno-regular\/","title":{"rendered":"Aluno regular"},"content":{"rendered":"<p style=\"text-align: left;\"><span style=\"color: #000000;\">Editais de<strong> aluno regular\u00a0<\/strong><\/span><\/p>\n<ul>\n<li><span style=\"color: #000000;\"><a style=\"color: #000000;\" href=\"https:\/\/wp.ufpel.edu.br\/ppgbiotec\/processo-seletivo-2017-2018\/\" target=\"_blank\" rel=\"noopener noreferrer\">Processo seletivo 2018\/1<\/a><\/span><\/li>\n<li><span style=\"color: #000000;\"><a style=\"color: #000000;\" href=\"https:\/\/wp.ufpel.edu.br\/ppgbiotec\/processo-seletivo\/\" target=\"_blank\" rel=\"noopener noreferrer\">Processo seletivo 2019\/1<\/a><\/span><\/li>\n<li><span style=\"color: #000000;\"><a style=\"color: #000000;\" href=\"https:\/\/wp.ufpel.edu.br\/ppgbiotec\/processo-seletivo-2019-2020\" target=\"_blank\" rel=\"noopener noreferrer\">Processo seletivo 2020\/1<\/a><\/span><\/li>\n<li><span style=\"color: #000000;\"><a style=\"color: #000000;\" href=\"https:\/\/wp.ufpel.edu.br\/ppgbiotec\/2020\/07\/17\/ppgb-divulga-resultado-final-processo-seletivo-edital-no-57-2020-mestrado-e-doutorado-ingresso-2o-2020\">Processo seletivo 2020\/2<\/a> &#8211; <span style=\"font-size: 10pt;\">Projeto \u201cPrograma Estrat\u00e9gico Emergencial de Preven\u00e7\u00e3o e Combate a Surtos, Endemias, Epidemias e Pandemias\u201d<\/span><\/span><\/li>\n<li><span style=\"color: #000000;\"><a style=\"color: #000000;\" href=\"https:\/\/wp.ufpel.edu.br\/ppgbiotec\/processo-seletivo-2021-1\">Processo seletivo 2021\/1 <\/a><\/span><\/li>\n<li><span style=\"color: #000000;\"><a style=\"color: #000000;\" href=\"https:\/\/wp.ufpel.edu.br\/ppgbiotec\/2021\/04\/18\/ppgb-divulga-edital-de-selecao-no-42-2021-mestrado-projeto-desenvolvimento-de-uma-formulacao-de-liberacao-lenta-associada-a-um-analgesico-para-mitigacao-da-dor\">Processo seletivo 2021\/1<\/a> &#8211; <span style=\"font-size: 10pt;\">Projeto &#8220;Desenvolvimento de uma formula\u00e7\u00e3o de libera\u00e7\u00e3o lenta associada a um analg\u00e9sico para mitiga\u00e7\u00e3o da dor&#8221;\u00a0\u00a0<\/span><\/span><\/li>\n<li><span style=\"color: #000000;\"><a style=\"color: #000000;\" href=\"https:\/\/wp.ufpel.edu.br\/ppgbiotec\/2021\/04\/19\/ppgb-divulga-edital-de-selecao-no-56-2021-mestrado-e-doutorado-ingresso-2-2021\">Processo seletivo 2021\/2<\/a> \u00a0\u00a0<\/span><\/li>\n<li><span style=\"color: #000000;\"><a style=\"color: #000000;\" href=\"https:\/\/wp.ufpel.edu.br\/ppgbiotec\/2021\/09\/29\/inscricoes-abertas-processo-seletivo-ppgbiotec-mestrado-e-doutorado-ingresso-1o-2022\">Processo seletivo 2022\/1<\/a>\u00a0 \u00a0<\/span><\/li>\n<li><span style=\"color: #000000;\"><a style=\"color: #000000;\" href=\"https:\/\/wp.ufpel.edu.br\/ppgbiotec\/2022\/06\/07\/inscricoes-abertas-processo-seletivo-mestrado-e-doutorado-aluno-regular-ingresso-2022-2\">Processo seletivo 2022\/2<\/a><\/span><\/li>\n<li><span style=\"color: #000000;\"><a style=\"color: #000000;\" href=\"https:\/\/wp.ufpel.edu.br\/ppgbiotec\/processo-seletivo-mestrado-e-doutorado-2023-1-aluno-regular\/\">Processo seletivo 2023\/1\u00a0<\/a><\/span><\/li>\n<li><span style=\"color: #000000;\"><a style=\"color: #000000;\" href=\"https:\/\/wp.ufpel.edu.br\/ppgbiotec\/call-for-applications-for-regular-international-students-admission-to-masters-and-doctorate-degrees-2023-1\/\">Call for applications for regular international students 2023\/1<\/a><\/span><\/li>\n<li><span style=\"color: #000000;\"><a style=\"color: #000000;\" href=\"https:\/\/wp.ufpel.edu.br\/ppgbiotec\/edital-de-selecao-mestrado-chamada-edidatl-do-cnpq-no-12-2020-projeto-obtencao-de-bioadesivosdrug-delivery-com-anti-inflamatorios-e-antioxidantes-naturais\">Processo seletivo 2023\/1<\/a> &#8211; <span style=\"font-size: 10pt;\">Projeto &#8220;Obten\u00e7\u00e3o de bioadesivos drug delivery com anti-inflamat\u00f3rios e antioxidantes naturais&#8221;<\/span><\/span><\/li>\n<li><span style=\"color: #000000;\"><a style=\"color: #000000;\" href=\"https:\/\/wp.ufpel.edu.br\/ppgbiotec\/2023\/06\/07\/call-for-applications-for-regular-international-students-admission-to-doctorate-degrees-2023-2\/\" target=\"_blank\" rel=\"noopener\">Call for applications for regular international students 2023\/2<\/a><\/span><\/li>\n<li><span style=\"color: #000000;\"><a style=\"color: #000000;\" href=\"https:\/\/wp.ufpel.edu.br\/ppgbiotec\/2023\/06\/13\/processo-seletivo-aluno-regular-mestrado-e-doutorado-ingresso-em-2023-2\">Processo seletivo 2023\/2<\/a><\/span><\/li>\n<li><span style=\"color: #000000;\"><a style=\"color: #000000;\" href=\"https:\/\/wp.ufpel.edu.br\/ppgbiotec\/2023\/09\/18\/edital-no-192-2023-processo-seletivo-aluno-regular-mestrado-e-doutorado-ingresso-em-2024-1\/\">Processo seletivo 2024\/1<\/a><\/span><\/li>\n<li style=\"text-align: justify;\"><span style=\"color: #000000;\"><a style=\"color: #000000;\" href=\"https:\/\/wp.ufpel.edu.br\/ppgbiotec\/2024\/08\/23\/resultado-preliminar-homologacao-das-inscricoes-selecao-papin-doutorado-projeto-transformacao-sustentavel-inovacao-em-bioprodutos-a-partir-do-bagaco-de-uva\/\" target=\"_blank\" rel=\"noopener\">Processo seletivo 2024\/2 &#8211; Edital PAPin<\/a> (Doutorado) &#8211;<span style=\"font-size: 10pt;\"> Projeto \u201cTransforma\u00e7\u00e3o Sustent\u00e1vel: Inova\u00e7\u00e3o em Bioprodutos a partir do Baga\u00e7o de\u00a0Uva\u201d<\/span><\/span><\/li>\n<li><span style=\"color: #000000;\"><a style=\"color: #000000;\" href=\"https:\/\/wp.ufpel.edu.br\/ppgbiotec\/2025\/01\/06\/inscricoes-abertas-retificacao-edital-selecao-de-aluno-regular-mestrado-e-doutorado-1o-2025\/\" target=\"_blank\" rel=\"noopener\">Processo seletivo 2025\/1<\/a><\/span><\/li>\n<li><span style=\"color: #000000;\"><a style=\"color: #000000;\" href=\"https:\/\/wp.ufpel.edu.br\/ppgbiotec\/2025\/06\/09\/selecao-de-aluno-estrangeiro-doutorado-2025-2\/\">Call for applications for regular international students 2025\/2<\/a><\/span><\/li>\n<li><span style=\"color: #000000;\"><a style=\"color: #000000;\" href=\"https:\/\/wp.ufpel.edu.br\/ppgbiotec\/2025\/06\/17\/edital-de-selecao-aluno-regular-do-doutorado-2025-2\/\">Processo seletivo 2025\/2 &#8211; Doutorado<\/a><\/span><\/li>\n<li><span style=\"color: #000000;\"><a href=\"https:\/\/wp.ufpel.edu.br\/ppgbiotec\/2025\/08\/06\/edital-no-130-2025-selecao-doutorado-2o-2025-projeto-desenvolvimento-de-biopolimeros-hibridos-antioxidantes-biodegradaveis-atraves-de-quimica-verde-e-aplicacao-em-filmes-dissolviveis-ou-bioco\"><span style=\"color: #000000;\">Processo seletivo 2025\/2 &#8211; Doutorado<\/span><\/a> &#8211; <span style=\"font-size: 10pt;\">Projeto \u00a0&#8220;Desenvolvimento de biopol\u00edmeros h\u00edbridos antioxidantes biodegrad\u00e1veis atrav\u00e9s de qu\u00edmica verde, e aplica\u00e7\u00e3o em <\/span><\/span><span style=\"color: #000000; font-size: 10pt;\">filmes dissolv\u00edveis ou biocompost\u00e1veis para embalagens multiprop\u00f3sitos&#8221; &#8211; <strong>Sem candidatos inscritos<\/strong><\/span><\/li>\n<li><span style=\"color: #000000;\"><a href=\"https:\/\/wp.ufpel.edu.br\/ppgbiotec\/2025\/08\/22\/novo-edital-no-150-2025-selecao-doutorado-2o-2025-projeto-desenvolvimento-de-biopolimeros-hibridos-antioxidantes-biodegradaveis-atraves-de-quimica-verde-e-aplicacao-em\"><span style=\"color: #000000;\">Processo seletivo 2025\/2 &#8211; Doutorado<\/span><\/a> &#8211; <span style=\"font-size: 10pt;\">Projeto \u00a0&#8220;Desenvolvimento de biopol\u00edmeros h\u00edbridos antioxidantes biodegrad\u00e1veis atrav\u00e9s de qu\u00edmica verde, e aplica\u00e7\u00e3o em <\/span><\/span><span style=\"color: #000000; font-size: 10pt;\">filmes dissolv\u00edveis ou biocompost\u00e1veis para embalagens multiprop\u00f3sitos&#8221; &#8211; <strong>Sem candidatos inscritos<\/strong><\/span><\/li>\n<li><a href=\"https:\/\/wp.ufpel.edu.br\/ppgbiotec\/2025\/09\/19\/edital-no-194-2025-selecao-doutorado-2o-2025-projeto-desenvolvimento-de-biopolimeros-hibridos-antioxidantes-biodegradaveis-atraves-de-quimica-verde-e-aplicacao-em-filme\/\">Processo seletivo 2025\/2<\/a> \u2013 Doutorado\u00a0\u2013\u00a0<span style=\"font-size: 10pt; color: #000000;\">Projeto \u00a0\u201cDesenvolvimento de biopol\u00edmeros h\u00edbridos antioxidantes biodegrad\u00e1veis atrav\u00e9s de qu\u00edmica verde, e aplica\u00e7\u00e3o em filmes dissolv\u00edveis ou biocompost\u00e1veis para embalagens multiprop\u00f3sitos\u201d &#8211; <strong>Sem candidatos inscritos<\/strong><\/span><\/li>\n<li><span style=\"color: #000000;\"><a style=\"color: #000000;\" href=\"https:\/\/wp.ufpel.edu.br\/ppgbiotec\/2025\/11\/05\/inscricoes-abertas-processo-seletivo-edital-de-selecao-de-aluno-regular-mestrado-e-doutorado-ingresso-em-2026-1\/\">Processo seletivo 2026\/1<\/a><\/span><\/li>\n<\/ul>\n","protected":false},"excerpt":{"rendered":"<p>Editais de aluno regular\u00a0 Processo seletivo 2018\/1 Processo seletivo 2019\/1 Processo seletivo 2020\/1 Processo seletivo 2020\/2 &#8211; Projeto \u201cPrograma Estrat\u00e9gico Emergencial de Preven\u00e7\u00e3o e Combate a Surtos, Endemias, Epidemias e Pandemias\u201d Processo seletivo 2021\/1 Processo seletivo 2021\/1 &#8211; Projeto &#8220;Desenvolvimento de uma formula\u00e7\u00e3o de libera\u00e7\u00e3o lenta associada a um analg\u00e9sico para mitiga\u00e7\u00e3o da dor&#8221;\u00a0\u00a0 Processo [&hellip;]<\/p>\n","protected":false},"author":735,"featured_media":0,"parent":3150,"menu_order":1,"comment_status":"closed","ping_status":"closed","template":"","meta":{"jetpack_post_was_ever_published":false,"footnotes":""},"class_list":["post-3154","page","type-page","status-publish","hentry"],"jetpack_sharing_enabled":true,"_links":{"self":[{"href":"https:\/\/wp.ufpel.edu.br\/ppgbiotec\/wp-json\/wp\/v2\/pages\/3154","targetHints":{"allow":["GET"]}}],"collection":[{"href":"https:\/\/wp.ufpel.edu.br\/ppgbiotec\/wp-json\/wp\/v2\/pages"}],"about":[{"href":"https:\/\/wp.ufpel.edu.br\/ppgbiotec\/wp-json\/wp\/v2\/types\/page"}],"author":[{"embeddable":true,"href":"https:\/\/wp.ufpel.edu.br\/ppgbiotec\/wp-json\/wp\/v2\/users\/735"}],"replies":[{"embeddable":true,"href":"https:\/\/wp.ufpel.edu.br\/ppgbiotec\/wp-json\/wp\/v2\/comments?post=3154"}],"version-history":[{"count":4,"href":"https:\/\/wp.ufpel.edu.br\/ppgbiotec\/wp-json\/wp\/v2\/pages\/3154\/revisions"}],"predecessor-version":[{"id":11686,"href":"https:\/\/wp.ufpel.edu.br\/ppgbiotec\/wp-json\/wp\/v2\/pages\/3154\/revisions\/11686"}],"up":[{"embeddable":true,"href":"https:\/\/wp.ufpel.edu.br\/ppgbiotec\/wp-json\/wp\/v2\/pages\/3150"}],"wp:attachment":[{"href":"https:\/\/wp.ufpel.edu.br\/ppgbiotec\/wp-json\/wp\/v2\/media?parent=3154"}],"curies":[{"name":"wp","href":"https:\/\/api.w.org\/{rel}","templated":true}]}}