{"id":3150,"date":"2019-03-01T08:49:46","date_gmt":"2019-03-01T11:49:46","guid":{"rendered":"https:\/\/wp.ufpel.edu.br\/ppgbiotec\/?page_id=3150"},"modified":"2024-07-22T10:11:45","modified_gmt":"2024-07-22T13:11:45","slug":"processo-seletivo-2","status":"publish","type":"page","link":"https:\/\/wp.ufpel.edu.br\/ppgbiotec\/processo-seletivo-2\/","title":{"rendered":"Processo seletivo"},"content":{"rendered":"<p style=\"text-align: center;\"><span style=\"color: #000000;\"><strong>Prepare-se e venha fazer parte dessa fam\u00edlia Biotecnologia!<\/strong><\/span><\/p>\n<p>&nbsp;<\/p>\n<p><span style=\"color: #000000;\"><strong>Maiores Informa\u00e7\u00f5es:<\/strong><\/span><br \/>\n<span style=\"color: #000000;\">Secretaria do PPG Biotecnologia<\/span><br \/>\n<span style=\"color: #000000;\">Universidade Federal de Pelotas<\/span><br \/>\n<span style=\"color: #000000;\">Centro de Desenvolvimento Tecnol\u00f3gico \u2013 CDTec<\/span><br \/>\n<span style=\"color: #000000;\">Programa de P\u00f3s-Gradua\u00e7\u00e3o em Biotecnologia \u2013 PPGBiotec<\/span><br \/>\n<span style=\"color: #000000;\">Campus Universit\u00e1rio, s\/n\u00ba \u2013 Pr\u00e9dio 19<\/span><br \/>\n<span style=\"color: #000000;\">96010-900, Pelotas, RS, Brasil<\/span><br \/>\n<span style=\"color: #000000;\">Fone: +55 (53) 3275 7350<\/span><\/p>\n<p><span style=\"color: #000000;\">E-mail:\u00a0<span style=\"color: #0000ff;\"><a style=\"color: #0000ff;\" href=\"mailto:biotecnologiaufpel@gmail.com\" target=\"_blank\" rel=\"noopener noreferrer\" data-tooltip=\"Do Contatos do Google\" data-tooltip-position=\"top\">biotecnologiaufpel@gmail.com<\/a><\/span><\/span><\/p>\n<p><span style=\"color: #000000;\">Instagram:\u00a0<span style=\"color: #0000ff;\"><a style=\"color: #0000ff;\" href=\"https:\/\/www.instagram.com\/ppgbiotec.ufpel\/\">https:\/\/www.instagram.com\/ppgbiotec.ufpel\/<\/a><\/span><\/span><\/p>\n<p>&nbsp;<\/p>\n","protected":false},"excerpt":{"rendered":"<p>Prepare-se e venha fazer parte dessa fam\u00edlia Biotecnologia! &nbsp; Maiores Informa\u00e7\u00f5es: Secretaria do PPG Biotecnologia Universidade Federal de Pelotas Centro de Desenvolvimento Tecnol\u00f3gico \u2013 CDTec Programa de P\u00f3s-Gradua\u00e7\u00e3o em Biotecnologia \u2013 PPGBiotec Campus Universit\u00e1rio, s\/n\u00ba \u2013 Pr\u00e9dio 19 96010-900, Pelotas, RS, Brasil Fone: +55 (53) 3275 7350 E-mail:\u00a0biotecnologiaufpel@gmail.com Instagram:\u00a0https:\/\/www.instagram.com\/ppgbiotec.ufpel\/ &nbsp;<\/p>\n","protected":false},"author":735,"featured_media":0,"parent":0,"menu_order":1,"comment_status":"closed","ping_status":"closed","template":"","meta":{"jetpack_post_was_ever_published":false,"footnotes":""},"class_list":["post-3150","page","type-page","status-publish","hentry"],"jetpack_sharing_enabled":true,"_links":{"self":[{"href":"https:\/\/wp.ufpel.edu.br\/ppgbiotec\/wp-json\/wp\/v2\/pages\/3150","targetHints":{"allow":["GET"]}}],"collection":[{"href":"https:\/\/wp.ufpel.edu.br\/ppgbiotec\/wp-json\/wp\/v2\/pages"}],"about":[{"href":"https:\/\/wp.ufpel.edu.br\/ppgbiotec\/wp-json\/wp\/v2\/types\/page"}],"author":[{"embeddable":true,"href":"https:\/\/wp.ufpel.edu.br\/ppgbiotec\/wp-json\/wp\/v2\/users\/735"}],"replies":[{"embeddable":true,"href":"https:\/\/wp.ufpel.edu.br\/ppgbiotec\/wp-json\/wp\/v2\/comments?post=3150"}],"version-history":[{"count":8,"href":"https:\/\/wp.ufpel.edu.br\/ppgbiotec\/wp-json\/wp\/v2\/pages\/3150\/revisions"}],"predecessor-version":[{"id":10238,"href":"https:\/\/wp.ufpel.edu.br\/ppgbiotec\/wp-json\/wp\/v2\/pages\/3150\/revisions\/10238"}],"wp:attachment":[{"href":"https:\/\/wp.ufpel.edu.br\/ppgbiotec\/wp-json\/wp\/v2\/media?parent=3150"}],"curies":[{"name":"wp","href":"https:\/\/api.w.org\/{rel}","templated":true}]}}