{"id":25,"date":"2016-12-28T12:20:37","date_gmt":"2016-12-28T14:20:37","guid":{"rendered":"https:\/\/wp.ufpel.edu.br\/ppgbiotec\/?page_id=25"},"modified":"2023-11-27T15:21:26","modified_gmt":"2023-11-27T18:21:26","slug":"linhas-de-pesquisa","status":"publish","type":"page","link":"https:\/\/wp.ufpel.edu.br\/ppgbiotec\/programa\/linhas-de-pesquisa\/","title":{"rendered":"Linhas de Pesquisa"},"content":{"rendered":"<p><span style=\"color: #000000;\">O Programa de P\u00f3s-gradua\u00e7\u00e3o em Biotecnologia apresenta 5 (cinco) linhas de pesquisa de forma\u00e7\u00e3o de recursos humanos:<\/span><\/p>\n<ul>\n<li><span style=\"color: #000000;\">BIOTECNOLOGIA AGROINDUSTRIAL: SEGURAN\u00c7A ALIMENTAR E IMPACTO AMBIENTAL<\/span><\/li>\n<li><span style=\"color: #000000;\">BIOTECNOLOGIA APLICADA \u00c0 PRODU\u00c7\u00c3O ANIMAL<\/span><\/li>\n<li><span style=\"color: #000000;\">BIOTECNOLOGIA APLICADA \u00c0 PRODU\u00c7\u00c3O VEGETAL\u00a0\u00a0\u00a0\u00a0<\/span><\/li>\n<li><span style=\"color: #000000;\">BIOTECNOLOGIA APLICADA \u00c0 SA\u00daDE HUMANA \u00a0\u00a0\u00a0\u00a0\u00a0\u00a0\u00a0\u00a0\u00a0\u00a0\u00a0\u00a0<\/span><\/li>\n<li><span style=\"color: #000000;\">BIOT\u00c9CNICAS DE REPRODU\u00c7\u00c3O E ANIMAIS TRANSG\u00caNICOS<\/span><\/li>\n<\/ul>\n<p class=\"txt12 mb30\" style=\"text-align: justify;\"><span style=\"color: #000000; font-family: georgia, palatino, serif; font-size: 12pt;\">\u00a0<\/span><\/p>\n","protected":false},"excerpt":{"rendered":"<p>O Programa de P\u00f3s-gradua\u00e7\u00e3o em Biotecnologia apresenta 5 (cinco) linhas de pesquisa de forma\u00e7\u00e3o de recursos humanos: BIOTECNOLOGIA AGROINDUSTRIAL: SEGURAN\u00c7A ALIMENTAR E IMPACTO AMBIENTAL BIOTECNOLOGIA APLICADA \u00c0 PRODU\u00c7\u00c3O ANIMAL BIOTECNOLOGIA APLICADA \u00c0 PRODU\u00c7\u00c3O VEGETAL\u00a0\u00a0\u00a0\u00a0 BIOTECNOLOGIA APLICADA \u00c0 SA\u00daDE HUMANA \u00a0\u00a0\u00a0\u00a0\u00a0\u00a0\u00a0\u00a0\u00a0\u00a0\u00a0\u00a0 BIOT\u00c9CNICAS DE REPRODU\u00c7\u00c3O E ANIMAIS TRANSG\u00caNICOS \u00a0<\/p>\n","protected":false},"author":296,"featured_media":0,"parent":955,"menu_order":0,"comment_status":"closed","ping_status":"closed","template":"","meta":{"jetpack_post_was_ever_published":false,"footnotes":""},"class_list":["post-25","page","type-page","status-publish","hentry"],"jetpack_sharing_enabled":true,"_links":{"self":[{"href":"https:\/\/wp.ufpel.edu.br\/ppgbiotec\/wp-json\/wp\/v2\/pages\/25","targetHints":{"allow":["GET"]}}],"collection":[{"href":"https:\/\/wp.ufpel.edu.br\/ppgbiotec\/wp-json\/wp\/v2\/pages"}],"about":[{"href":"https:\/\/wp.ufpel.edu.br\/ppgbiotec\/wp-json\/wp\/v2\/types\/page"}],"author":[{"embeddable":true,"href":"https:\/\/wp.ufpel.edu.br\/ppgbiotec\/wp-json\/wp\/v2\/users\/296"}],"replies":[{"embeddable":true,"href":"https:\/\/wp.ufpel.edu.br\/ppgbiotec\/wp-json\/wp\/v2\/comments?post=25"}],"version-history":[{"count":20,"href":"https:\/\/wp.ufpel.edu.br\/ppgbiotec\/wp-json\/wp\/v2\/pages\/25\/revisions"}],"predecessor-version":[{"id":9602,"href":"https:\/\/wp.ufpel.edu.br\/ppgbiotec\/wp-json\/wp\/v2\/pages\/25\/revisions\/9602"}],"up":[{"embeddable":true,"href":"https:\/\/wp.ufpel.edu.br\/ppgbiotec\/wp-json\/wp\/v2\/pages\/955"}],"wp:attachment":[{"href":"https:\/\/wp.ufpel.edu.br\/ppgbiotec\/wp-json\/wp\/v2\/media?parent=25"}],"curies":[{"name":"wp","href":"https:\/\/api.w.org\/{rel}","templated":true}]}}