{"id":10973,"date":"2025-03-21T16:14:31","date_gmt":"2025-03-21T19:14:31","guid":{"rendered":"https:\/\/wp.ufpel.edu.br\/ppgbiotec\/?page_id=10973"},"modified":"2025-03-21T16:15:29","modified_gmt":"2025-03-21T19:15:29","slug":"planejamento-estrategico-e-autoavaliacao","status":"publish","type":"page","link":"https:\/\/wp.ufpel.edu.br\/ppgbiotec\/programa\/planejamento-estrategico-e-autoavaliacao\/","title":{"rendered":"Planejamento estrat\u00e9gico e autoavalia\u00e7\u00e3o"},"content":{"rendered":"<p><span style=\"font-family: georgia, palatino, serif; color: #000000;\">Planejamento estrat\u00e9gico e autoavalia\u00e7\u00e3o do Programa de P\u00f3s-gradua\u00e7\u00e3o em Biotecnologia para o per\u00edodo 2021-2024.<\/span><\/p>\n<p>&nbsp;<\/p>\n<p>&nbsp;<\/p>\n","protected":false},"excerpt":{"rendered":"<p>Planejamento estrat\u00e9gico e autoavalia\u00e7\u00e3o do Programa de P\u00f3s-gradua\u00e7\u00e3o em Biotecnologia para o per\u00edodo 2021-2024. &nbsp; &nbsp;<\/p>\n","protected":false},"author":735,"featured_media":0,"parent":955,"menu_order":0,"comment_status":"closed","ping_status":"closed","template":"","meta":{"jetpack_post_was_ever_published":false,"footnotes":""},"class_list":["post-10973","page","type-page","status-publish","hentry"],"jetpack_sharing_enabled":true,"_links":{"self":[{"href":"https:\/\/wp.ufpel.edu.br\/ppgbiotec\/wp-json\/wp\/v2\/pages\/10973","targetHints":{"allow":["GET"]}}],"collection":[{"href":"https:\/\/wp.ufpel.edu.br\/ppgbiotec\/wp-json\/wp\/v2\/pages"}],"about":[{"href":"https:\/\/wp.ufpel.edu.br\/ppgbiotec\/wp-json\/wp\/v2\/types\/page"}],"author":[{"embeddable":true,"href":"https:\/\/wp.ufpel.edu.br\/ppgbiotec\/wp-json\/wp\/v2\/users\/735"}],"replies":[{"embeddable":true,"href":"https:\/\/wp.ufpel.edu.br\/ppgbiotec\/wp-json\/wp\/v2\/comments?post=10973"}],"version-history":[{"count":2,"href":"https:\/\/wp.ufpel.edu.br\/ppgbiotec\/wp-json\/wp\/v2\/pages\/10973\/revisions"}],"predecessor-version":[{"id":10976,"href":"https:\/\/wp.ufpel.edu.br\/ppgbiotec\/wp-json\/wp\/v2\/pages\/10973\/revisions\/10976"}],"up":[{"embeddable":true,"href":"https:\/\/wp.ufpel.edu.br\/ppgbiotec\/wp-json\/wp\/v2\/pages\/955"}],"wp:attachment":[{"href":"https:\/\/wp.ufpel.edu.br\/ppgbiotec\/wp-json\/wp\/v2\/media?parent=10973"}],"curies":[{"name":"wp","href":"https:\/\/api.w.org\/{rel}","templated":true}]}}

Planejamento estratégico e autoavaliação

<p><span style="font-family: georgia, palatino, serif; color: #000000;">Planejamento estratégico e autoavaliação do Programa de Pós-graduação em Biotecnologia para o período 2021-2024.</span></p>
<p>&nbsp;</p>
<p>&nbsp;</p>

<p>Planejamento estratégico e autoavaliação do Programa de Pós-graduação em Biotecnologia para o período 2021-2024. &nbsp; &nbsp;</p>
